INSERT INTO `router` (`name`, `path`, `pattern_outline`, `fit`, `route`, `number_parts`) VALUES
('view.watchdog.page', '/admin/reports/dblog', '/admin/reports/dblog', 7, 0x433a33313a2253796d666f6e795c436f6d706f6e656e745c526f7574696e675c526f757465223a313332373a7b613a393a7b733a343a2270617468223b733a32303a222f61646d696e2f7265706f7274732f64626c6f67223b733a343a22686f7374223b733a303a22223b733a383a2264656661756c7473223b613a353a7b733a31313a225f636f6e74726f6c6c6572223b733a34373a2244727570616c5c76696577735c526f7574696e675c5669657750616765436f6e74726f6c6c65723a3a68616e646c65223b733a363a225f7469746c65223b733a33313a224d656e73616a65732072656369656e7465732064656c20726567697374726f223b733a373a22766965775f6964223b733a383a227761746368646f67223b733a31303a22646973706c61795f6964223b733a343a2270616765223b733a33303a225f766965775f646973706c61795f73686f775f61646d696e5f6c696e6b73223b623a313b7d733a31323a22726571756972656d656e7473223b613a323a7b733a31313a225f7065726d697373696f6e223b733a31393a226163636573732073697465207265706f727473223b733a373a225f666f726d6174223b733a343a2268746d6c223b7d733a373a226f7074696f6e73223b613a393a7b733a31343a22636f6d70696c65725f636c617373223b733a33333a2244727570616c5c436f72655c526f7574696e675c526f757465436f6d70696c6572223b733a31383a225f766965775f617267756d656e745f6d6170223b613a303a7b7d733a32333a225f766965775f646973706c61795f706c7567696e5f6964223b733a343a2270616765223b733a32363a225f766965775f646973706c61795f706c7567696e5f636c617373223b733a33383a2244727570616c5c76696577735c506c7567696e5c76696577735c646973706c61795c50616765223b733a33303a225f766965775f646973706c61795f73686f775f61646d696e5f6c696e6b73223b623a313b733a31363a2272657475726e735f726573706f6e7365223b623a303b733a31323a225f61646d696e5f726f757465223b623a313b733a31343a225f6163636573735f636865636b73223b613a313a7b693a303b733a32333a226163636573735f636865636b2e7065726d697373696f6e223b7d733a343a2275746638223b623a313b7d733a373a22736368656d6573223b613a303a7b7d733a373a226d6574686f6473223b613a323a7b693a303b733a333a22474554223b693a313b733a343a22504f5354223b7d733a393a22636f6e646974696f6e223b733a303a22223b733a383a22636f6d70696c6564223b433a33333a2244727570616c5c436f72655c526f7574696e675c436f6d70696c6564526f757465223a3335373a7b613a31313a7b733a343a2276617273223b613a303a7b7d733a31313a22706174685f707265666978223b733a303a22223b733a31303a22706174685f7265676578223b733a32373a22235e2f61646d696e2f7265706f7274732f64626c6f672423734475223b733a31313a22706174685f746f6b656e73223b613a313a7b693a303b613a323a7b693a303b733a343a2274657874223b693a313b733a32303a222f61646d696e2f7265706f7274732f64626c6f67223b7d7d733a393a22706174685f76617273223b613a303a7b7d733a31303a22686f73745f7265676578223b4e3b733a31313a22686f73745f746f6b656e73223b613a303a7b7d733a393a22686f73745f76617273223b613a303a7b7d733a333a22666974223b693a373b733a31343a227061747465726e4f75746c696e65223b733a32303a222f61646d696e2f7265706f7274732f64626c6f67223b733a383a226e756d5061727473223b693a333b7d7d7d7d, 3),
('views.ajax', '/views/ajax', '/views/ajax', 3, 0x433a33313a2253796d666f6e795c436f6d706f6e656e745c526f7574696e675c526f757465223a3834383a7b613a393a7b733a343a2270617468223b733a31313a222f76696577732f616a6178223b733a343a22686f7374223b733a303a22223b733a383a2264656661756c7473223b613a313a7b733a31313a225f636f6e74726f6c6c6572223b733a35333a225c44727570616c5c76696577735c436f6e74726f6c6c65725c56696577416a6178436f6e74726f6c6c65723a3a616a617856696577223b7d733a31323a22726571756972656d656e7473223b613a313a7b733a373a225f616363657373223b733a343a2254525545223b7d733a373a226f7074696f6e73223b613a333a7b733a31343a22636f6d70696c65725f636c617373223b733a33333a2244727570616c5c436f72655c526f7574696e675c526f757465436f6d70696c6572223b733a343a2275746638223b623a313b733a31343a225f6163636573735f636865636b73223b613a313a7b693a303b733a32303a226163636573735f636865636b2e64656661756c74223b7d7d733a373a22736368656d6573223b613a303a7b7d733a373a226d6574686f6473223b613a323a7b693a303b733a333a22474554223b693a313b733a343a22504f5354223b7d733a393a22636f6e646974696f6e223b733a303a22223b733a383a22636f6d70696c6564223b433a33333a2244727570616c5c436f72655c526f7574696e675c436f6d70696c6564526f757465223a3333303a7b613a31313a7b733a343a2276617273223b613a303a7b7d733a31313a22706174685f707265666978223b733a303a22223b733a31303a22706174685f7265676578223b733a31383a22235e2f76696577732f616a61782423734475223b733a31313a22706174685f746f6b656e73223b613a313a7b693a303b613a323a7b693a303b733a343a2274657874223b693a313b733a31313a222f76696577732f616a6178223b7d7d733a393a22706174685f76617273223b613a303a7b7d733a31303a22686f73745f7265676578223b4e3b733a31313a22686f73745f746f6b656e73223b613a303a7b7d733a393a22686f73745f76617273223b613a303a7b7d733a333a22666974223b693a333b733a31343a227061747465726e4f75746c696e65223b733a31313a222f76696577732f616a6178223b733a383a226e756d5061727473223b693a323b7d7d7d7d, 2),
('views_ui.add', '/admin/structure/views/add', '/admin/structure/views/add', 15, 0x433a33313a2253796d666f6e795c436f6d706f6e656e745c526f7574696e675c526f757465223a3933373a7b613a393a7b733a343a2270617468223b733a32363a222f61646d696e2f7374727563747572652f76696577732f616464223b733a343a22686f7374223b733a303a22223b733a383a2264656661756c7473223b613a323a7b733a31323a225f656e746974795f666f726d223b733a383a22766965772e616464223b733a363a225f7469746c65223b733a383a224164642076696577223b7d733a31323a22726571756972656d656e7473223b613a313a7b733a32313a225f656e746974795f6372656174655f616363657373223b733a343a2276696577223b7d733a373a226f7074696f6e73223b613a343a7b733a31343a22636f6d70696c65725f636c617373223b733a33333a2244727570616c5c436f72655c526f7574696e675c526f757465436f6d70696c6572223b733a343a2275746638223b623a313b733a31323a225f61646d696e5f726f757465223b623a313b733a31343a225f6163636573735f636865636b73223b613a313a7b693a303b733a32363a226163636573735f636865636b2e656e746974795f637265617465223b7d7d733a373a22736368656d6573223b613a303a7b7d733a373a226d6574686f6473223b613a323a7b693a303b733a333a22474554223b693a313b733a343a22504f5354223b7d733a393a22636f6e646974696f6e223b733a303a22223b733a383a22636f6d70696c6564223b433a33333a2244727570616c5c436f72655c526f7574696e675c436f6d70696c6564526f757465223a3337363a7b613a31313a7b733a343a2276617273223b613a303a7b7d733a31313a22706174685f707265666978223b733a303a22223b733a31303a22706174685f7265676578223b733a33333a22235e2f61646d696e2f7374727563747572652f76696577732f6164642423734475223b733a31313a22706174685f746f6b656e73223b613a313a7b693a303b613a323a7b693a303b733a343a2274657874223b693a313b733a32363a222f61646d696e2f7374727563747572652f76696577732f616464223b7d7d733a393a22706174685f76617273223b613a303a7b7d733a31303a22686f73745f7265676578223b4e3b733a31313a22686f73745f746f6b656e73223b613a303a7b7d733a393a22686f73745f76617273223b613a303a7b7d733a333a22666974223b693a31353b733a31343a227061747465726e4f75746c696e65223b733a32363a222f61646d696e2f7374727563747572652f76696577732f616464223b733a383a226e756d5061727473223b693a343b7d7d7d7d, 4),
('views_ui.autocomplete', '/admin/views/ajax/autocomplete/tag', '/admin/views/ajax/autocomplete/tag', 31, 0x433a33313a2253796d666f6e795c436f6d706f6e656e745c526f7574696e675c526f757465223a3939353a7b613a393a7b733a343a2270617468223b733a33343a222f61646d696e2f76696577732f616a61782f6175746f636f6d706c6574652f746167223b733a343a22686f7374223b733a303a22223b733a383a2264656661756c7473223b613a313a7b733a31313a225f636f6e74726f6c6c6572223b733a36323a225c44727570616c5c76696577735f75695c436f6e74726f6c6c65725c56696577735549436f6e74726f6c6c65723a3a6175746f636f6d706c657465546167223b7d733a31323a22726571756972656d656e7473223b613a313a7b733a31313a225f7065726d697373696f6e223b733a31363a2261646d696e6973746572207669657773223b7d733a373a226f7074696f6e73223b613a343a7b733a31343a22636f6d70696c65725f636c617373223b733a33333a2244727570616c5c436f72655c526f7574696e675c526f757465436f6d70696c6572223b733a343a2275746638223b623a313b733a31323a225f61646d696e5f726f757465223b623a313b733a31343a225f6163636573735f636865636b73223b613a313a7b693a303b733a32333a226163636573735f636865636b2e7065726d697373696f6e223b7d7d733a373a22736368656d6573223b613a303a7b7d733a373a226d6574686f6473223b613a323a7b693a303b733a333a22474554223b693a313b733a343a22504f5354223b7d733a393a22636f6e646974696f6e223b733a303a22223b733a383a22636f6d70696c6564223b433a33333a2244727570616c5c436f72655c526f7574696e675c436f6d70696c6564526f757465223a3430303a7b613a31313a7b733a343a2276617273223b613a303a7b7d733a31313a22706174685f707265666978223b733a303a22223b733a31303a22706174685f7265676578223b733a34313a22235e2f61646d696e2f76696577732f616a61782f6175746f636f6d706c6574652f7461672423734475223b733a31313a22706174685f746f6b656e73223b613a313a7b693a303b613a323a7b693a303b733a343a2274657874223b693a313b733a33343a222f61646d696e2f76696577732f616a61782f6175746f636f6d706c6574652f746167223b7d7d733a393a22706174685f76617273223b613a303a7b7d733a31303a22686f73745f7265676578223b4e3b733a31313a22686f73745f746f6b656e73223b613a303a7b7d733a393a22686f73745f76617273223b613a303a7b7d733a333a22666974223b693a33313b733a31343a227061747465726e4f75746c696e65223b733a33343a222f61646d696e2f76696577732f616a61782f6175746f636f6d706c6574652f746167223b733a383a226e756d5061727473223b693a353b7d7d7d7d, 5),
('views_ui.form_add_handler', '/admin/structure/views/{js}/add-handler/{view}/{display_id}/{type}', '/admin/structure/views/%/add-handler/%/%/%', 232, 0x433a33313a2253796d666f6e795c436f6d706f6e656e745c526f7574696e675c526f757465223a313738333a7b613a393a7b733a343a2270617468223b733a36363a222f61646d696e2f7374727563747572652f76696577732f7b6a737d2f6164642d68616e646c65722f7b766965777d2f7b646973706c61795f69647d2f7b747970657d223b733a343a22686f7374223b733a303a22223b733a383a2264656661756c7473223b613a313a7b733a31313a225f636f6e74726f6c6c6572223b733a34363a225c44727570616c5c76696577735f75695c466f726d5c416a61785c41646448616e646c65723a3a676574466f726d223b7d733a31323a22726571756972656d656e7473223b613a323a7b733a31343a225f656e746974795f616363657373223b733a31313a22766965772e757064617465223b733a323a226a73223b733a393a226e6f6a737c616a6178223b7d733a373a226f7074696f6e73223b613a353a7b733a31343a22636f6d70696c65725f636c617373223b733a33333a2244727570616c5c436f72655c526f7574696e675c526f757465436f6d70696c6572223b733a31303a22706172616d6574657273223b613a313a7b733a343a2276696577223b613a333a7b733a393a2274656d7073746f7265223b623a313b733a343a2274797065223b733a31313a22656e746974793a76696577223b733a393a22636f6e766572746572223b733a35333a2264727570616c2e70726f78795f6f726967696e616c5f736572766963652e706172616d636f6e7665727465722e76696577735f7569223b7d7d733a343a2275746638223b623a313b733a31323a225f61646d696e5f726f757465223b623a313b733a31343a225f6163636573735f636865636b73223b613a313a7b693a303b733a31393a226163636573735f636865636b2e656e74697479223b7d7d733a373a22736368656d6573223b613a303a7b7d733a373a226d6574686f6473223b613a323a7b693a303b733a333a22474554223b693a313b733a343a22504f5354223b7d733a393a22636f6e646974696f6e223b733a303a22223b733a383a22636f6d70696c6564223b433a33333a2244727570616c5c436f72655c526f7574696e675c436f6d70696c6564526f757465223a3938353a7b613a31313a7b733a343a2276617273223b613a343a7b693a303b733a323a226a73223b693a313b733a343a2276696577223b693a323b733a31303a22646973706c61795f6964223b693a333b733a343a2274797065223b7d733a31313a22706174685f707265666978223b733a303a22223b733a31303a22706174685f7265676578223b733a3131373a22235e2f61646d696e2f7374727563747572652f76696577732f283f503c6a733e6e6f6a737c616a6178292f6164645c2d68616e646c65722f283f503c766965773e5b5e2f5d2b2b292f283f503c646973706c61795f69643e5b5e2f5d2b2b292f283f503c747970653e5b5e2f5d2b2b292423734475223b733a31313a22706174685f746f6b656e73223b613a363a7b693a303b613a353a7b693a303b733a383a227661726961626c65223b693a313b733a313a222f223b693a323b733a363a225b5e2f5d2b2b223b693a333b733a343a2274797065223b693a343b623a313b7d693a313b613a353a7b693a303b733a383a227661726961626c65223b693a313b733a313a222f223b693a323b733a363a225b5e2f5d2b2b223b693a333b733a31303a22646973706c61795f6964223b693a343b623a313b7d693a323b613a353a7b693a303b733a383a227661726961626c65223b693a313b733a313a222f223b693a323b733a363a225b5e2f5d2b2b223b693a333b733a343a2276696577223b693a343b623a313b7d693a333b613a323a7b693a303b733a343a2274657874223b693a313b733a31323a222f6164642d68616e646c6572223b7d693a343b613a353a7b693a303b733a383a227661726961626c65223b693a313b733a313a222f223b693a323b733a393a226e6f6a737c616a6178223b693a333b733a323a226a73223b693a343b623a313b7d693a353b613a323a7b693a303b733a343a2274657874223b693a313b733a32323a222f61646d696e2f7374727563747572652f7669657773223b7d7d733a393a22706174685f76617273223b613a343a7b693a303b733a323a226a73223b693a313b733a343a2276696577223b693a323b733a31303a22646973706c61795f6964223b693a333b733a343a2274797065223b7d733a31303a22686f73745f7265676578223b4e3b733a31313a22686f73745f746f6b656e73223b613a303a7b7d733a393a22686f73745f76617273223b613a303a7b7d733a333a22666974223b693a3233323b733a31343a227061747465726e4f75746c696e65223b733a34323a222f61646d696e2f7374727563747572652f76696577732f252f6164642d68616e646c65722f252f252f25223b733a383a226e756d5061727473223b693a383b7d7d7d7d, 8),
('views_ui.form_analyze', '/admin/structure/views/{js}/analyze/{view}/{display_id}', '/admin/structure/views/%/analyze/%/%', 116, 0x433a33313a2253796d666f6e795c436f6d706f6e656e745c526f7574696e675c526f757465223a313632343a7b613a393a7b733a343a2270617468223b733a35353a222f61646d696e2f7374727563747572652f76696577732f7b6a737d2f616e616c797a652f7b766965777d2f7b646973706c61795f69647d223b733a343a22686f7374223b733a303a22223b733a383a2264656661756c7473223b613a313a7b733a31313a225f636f6e74726f6c6c6572223b733a34333a225c44727570616c5c76696577735f75695c466f726d5c416a61785c416e616c797a653a3a676574466f726d223b7d733a31323a22726571756972656d656e7473223b613a323a7b733a31343a225f656e746974795f616363657373223b733a31313a22766965772e757064617465223b733a323a226a73223b733a393a226e6f6a737c616a6178223b7d733a373a226f7074696f6e73223b613a353a7b733a31343a22636f6d70696c65725f636c617373223b733a33333a2244727570616c5c436f72655c526f7574696e675c526f757465436f6d70696c6572223b733a31303a22706172616d6574657273223b613a313a7b733a343a2276696577223b613a333a7b733a393a2274656d7073746f7265223b623a313b733a343a2274797065223b733a31313a22656e746974793a76696577223b733a393a22636f6e766572746572223b733a35333a2264727570616c2e70726f78795f6f726967696e616c5f736572766963652e706172616d636f6e7665727465722e76696577735f7569223b7d7d733a343a2275746638223b623a313b733a31323a225f61646d696e5f726f757465223b623a313b733a31343a225f6163636573735f636865636b73223b613a313a7b693a303b733a31393a226163636573735f636865636b2e656e74697479223b7d7d733a373a22736368656d6573223b613a303a7b7d733a373a226d6574686f6473223b613a323a7b693a303b733a333a22474554223b693a313b733a343a22504f5354223b7d733a393a22636f6e646974696f6e223b733a303a22223b733a383a22636f6d70696c6564223b433a33333a2244727570616c5c436f72655c526f7574696e675c436f6d70696c6564526f757465223a3834303a7b613a31313a7b733a343a2276617273223b613a333a7b693a303b733a323a226a73223b693a313b733a343a2276696577223b693a323b733a31303a22646973706c61795f6964223b7d733a31313a22706174685f707265666978223b733a303a22223b733a31303a22706174685f7265676578223b733a39353a22235e2f61646d696e2f7374727563747572652f76696577732f283f503c6a733e6e6f6a737c616a6178292f616e616c797a652f283f503c766965773e5b5e2f5d2b2b292f283f503c646973706c61795f69643e5b5e2f5d2b2b292423734475223b733a31313a22706174685f746f6b656e73223b613a353a7b693a303b613a353a7b693a303b733a383a227661726961626c65223b693a313b733a313a222f223b693a323b733a363a225b5e2f5d2b2b223b693a333b733a31303a22646973706c61795f6964223b693a343b623a313b7d693a313b613a353a7b693a303b733a383a227661726961626c65223b693a313b733a313a222f223b693a323b733a363a225b5e2f5d2b2b223b693a333b733a343a2276696577223b693a343b623a313b7d693a323b613a323a7b693a303b733a343a2274657874223b693a313b733a383a222f616e616c797a65223b7d693a333b613a353a7b693a303b733a383a227661726961626c65223b693a313b733a313a222f223b693a323b733a393a226e6f6a737c616a6178223b693a333b733a323a226a73223b693a343b623a313b7d693a343b613a323a7b693a303b733a343a2274657874223b693a313b733a32323a222f61646d696e2f7374727563747572652f7669657773223b7d7d733a393a22706174685f76617273223b613a333a7b693a303b733a323a226a73223b693a313b733a343a2276696577223b693a323b733a31303a22646973706c61795f6964223b7d733a31303a22686f73745f7265676578223b4e3b733a31313a22686f73745f746f6b656e73223b613a303a7b7d733a393a22686f73745f76617273223b613a303a7b7d733a333a22666974223b693a3131363b733a31343a227061747465726e4f75746c696e65223b733a33363a222f61646d696e2f7374727563747572652f76696577732f252f616e616c797a652f252f25223b733a383a226e756d5061727473223b693a373b7d7d7d7d, 7),
('views_ui.form_display', '/admin/structure/views/{js}/display/{view}/{display_id}/{type}', '/admin/structure/views/%/display/%/%/%', 232, 0x433a33313a2253796d666f6e795c436f6d706f6e656e745c526f7574696e675c526f757465223a313736323a7b613a393a7b733a343a2270617468223b733a36323a222f61646d696e2f7374727563747572652f76696577732f7b6a737d2f646973706c61792f7b766965777d2f7b646973706c61795f69647d2f7b747970657d223b733a343a22686f7374223b733a303a22223b733a383a2264656661756c7473223b613a313a7b733a31313a225f636f6e74726f6c6c6572223b733a34333a225c44727570616c5c76696577735f75695c466f726d5c416a61785c446973706c61793a3a676574466f726d223b7d733a31323a22726571756972656d656e7473223b613a323a7b733a31343a225f656e746974795f616363657373223b733a31313a22766965772e757064617465223b733a323a226a73223b733a393a226e6f6a737c616a6178223b7d733a373a226f7074696f6e73223b613a353a7b733a31343a22636f6d70696c65725f636c617373223b733a33333a2244727570616c5c436f72655c526f7574696e675c526f757465436f6d70696c6572223b733a31303a22706172616d6574657273223b613a313a7b733a343a2276696577223b613a333a7b733a393a2274656d7073746f7265223b623a313b733a343a2274797065223b733a31313a22656e746974793a76696577223b733a393a22636f6e766572746572223b733a35333a2264727570616c2e70726f78795f6f726967696e616c5f736572766963652e706172616d636f6e7665727465722e76696577735f7569223b7d7d733a343a2275746638223b623a313b733a31323a225f61646d696e5f726f757465223b623a313b733a31343a225f6163636573735f636865636b73223b613a313a7b693a303b733a31393a226163636573735f636865636b2e656e74697479223b7d7d733a373a22736368656d6573223b613a303a7b7d733a373a226d6574686f6473223b613a323a7b693a303b733a333a22474554223b693a313b733a343a22504f5354223b7d733a393a22636f6e646974696f6e223b733a303a22223b733a383a22636f6d70696c6564223b433a33333a2244727570616c5c436f72655c526f7574696e675c436f6d70696c6564526f757465223a3937313a7b613a31313a7b733a343a2276617273223b613a343a7b693a303b733a323a226a73223b693a313b733a343a2276696577223b693a323b733a31303a22646973706c61795f6964223b693a333b733a343a2274797065223b7d733a31313a22706174685f707265666978223b733a303a22223b733a31303a22706174685f7265676578223b733a3131323a22235e2f61646d696e2f7374727563747572652f76696577732f283f503c6a733e6e6f6a737c616a6178292f646973706c61792f283f503c766965773e5b5e2f5d2b2b292f283f503c646973706c61795f69643e5b5e2f5d2b2b292f283f503c747970653e5b5e2f5d2b2b292423734475223b733a31313a22706174685f746f6b656e73223b613a363a7b693a303b613a353a7b693a303b733a383a227661726961626c65223b693a313b733a313a222f223b693a323b733a363a225b5e2f5d2b2b223b693a333b733a343a2274797065223b693a343b623a313b7d693a313b613a353a7b693a303b733a383a227661726961626c65223b693a313b733a313a222f223b693a323b733a363a225b5e2f5d2b2b223b693a333b733a31303a22646973706c61795f6964223b693a343b623a313b7d693a323b613a353a7b693a303b733a383a227661726961626c65223b693a313b733a313a222f223b693a323b733a363a225b5e2f5d2b2b223b693a333b733a343a2276696577223b693a343b623a313b7d693a333b613a323a7b693a303b733a343a2274657874223b693a313b733a383a222f646973706c6179223b7d693a343b613a353a7b693a303b733a383a227661726961626c65223b693a313b733a313a222f223b693a323b733a393a226e6f6a737c616a6178223b693a333b733a323a226a73223b693a343b623a313b7d693a353b613a323a7b693a303b733a343a2274657874223b693a313b733a32323a222f61646d696e2f7374727563747572652f7669657773223b7d7d733a393a22706174685f76617273223b613a343a7b693a303b733a323a226a73223b693a313b733a343a2276696577223b693a323b733a31303a22646973706c61795f6964223b693a333b733a343a2274797065223b7d733a31303a22686f73745f7265676578223b4e3b733a31313a22686f73745f746f6b656e73223b613a303a7b7d733a393a22686f73745f76617273223b613a303a7b7d733a333a22666974223b693a3233323b733a31343a227061747465726e4f75746c696e65223b733a33383a222f61646d696e2f7374727563747572652f76696577732f252f646973706c61792f252f252f25223b733a383a226e756d5061727473223b693a383b7d7d7d7d, 8),
('views_ui.form_edit_details', '/admin/structure/views/{js}/edit-details/{view}/{display_id}', '/admin/structure/views/%/edit-details/%/%', 116, 0x433a33313a2253796d666f6e795c436f6d706f6e656e745c526f7574696e675c526f757465223a313635313a7b613a393a7b733a343a2270617468223b733a36303a222f61646d696e2f7374727563747572652f76696577732f7b6a737d2f656469742d64657461696c732f7b766965777d2f7b646973706c61795f69647d223b733a343a22686f7374223b733a303a22223b733a383a2264656661756c7473223b613a313a7b733a31313a225f636f6e74726f6c6c6572223b733a34373a225c44727570616c5c76696577735f75695c466f726d5c416a61785c4564697444657461696c733a3a676574466f726d223b7d733a31323a22726571756972656d656e7473223b613a323a7b733a31343a225f656e746974795f616363657373223b733a31313a22766965772e757064617465223b733a323a226a73223b733a393a226e6f6a737c616a6178223b7d733a373a226f7074696f6e73223b613a353a7b733a31343a22636f6d70696c65725f636c617373223b733a33333a2244727570616c5c436f72655c526f7574696e675c526f757465436f6d70696c6572223b733a31303a22706172616d6574657273223b613a313a7b733a343a2276696577223b613a333a7b733a393a2274656d7073746f7265223b623a313b733a343a2274797065223b733a31313a22656e746974793a76696577223b733a393a22636f6e766572746572223b733a35333a2264727570616c2e70726f78795f6f726967696e616c5f736572766963652e706172616d636f6e7665727465722e76696577735f7569223b7d7d733a343a2275746638223b623a313b733a31323a225f61646d696e5f726f757465223b623a313b733a31343a225f6163636573735f636865636b73223b613a313a7b693a303b733a31393a226163636573735f636865636b2e656e74697479223b7d7d733a373a22736368656d6573223b613a303a7b7d733a373a226d6574686f6473223b613a323a7b693a303b733a333a22474554223b693a313b733a343a22504f5354223b7d733a393a22636f6e646974696f6e223b733a303a22223b733a383a22636f6d70696c6564223b433a33333a2244727570616c5c436f72655c526f7574696e675c436f6d70696c6564526f757465223a3835383a7b613a31313a7b733a343a2276617273223b613a333a7b693a303b733a323a226a73223b693a313b733a343a2276696577223b693a323b733a31303a22646973706c61795f6964223b7d733a31313a22706174685f707265666978223b733a303a22223b733a31303a22706174685f7265676578223b733a3130313a22235e2f61646d696e2f7374727563747572652f76696577732f283f503c6a733e6e6f6a737c616a6178292f656469745c2d64657461696c732f283f503c766965773e5b5e2f5d2b2b292f283f503c646973706c61795f69643e5b5e2f5d2b2b292423734475223b733a31313a22706174685f746f6b656e73223b613a353a7b693a303b613a353a7b693a303b733a383a227661726961626c65223b693a313b733a313a222f223b693a323b733a363a225b5e2f5d2b2b223b693a333b733a31303a22646973706c61795f6964223b693a343b623a313b7d693a313b613a353a7b693a303b733a383a227661726961626c65223b693a313b733a313a222f223b693a323b733a363a225b5e2f5d2b2b223b693a333b733a343a2276696577223b693a343b623a313b7d693a323b613a323a7b693a303b733a343a2274657874223b693a313b733a31333a222f656469742d64657461696c73223b7d693a333b613a353a7b693a303b733a383a227661726961626c65223b693a313b733a313a222f223b693a323b733a393a226e6f6a737c616a6178223b693a333b733a323a226a73223b693a343b623a313b7d693a343b613a323a7b693a303b733a343a2274657874223b693a313b733a32323a222f61646d696e2f7374727563747572652f7669657773223b7d7d733a393a22706174685f76617273223b613a333a7b693a303b733a323a226a73223b693a313b733a343a2276696577223b693a323b733a31303a22646973706c61795f6964223b7d733a31303a22686f73745f7265676578223b4e3b733a31313a22686f73745f746f6b656e73223b613a303a7b7d733a393a22686f73745f76617273223b613a303a7b7d733a333a22666974223b693a3131363b733a31343a227061747465726e4f75746c696e65223b733a34313a222f61646d696e2f7374727563747572652f76696577732f252f656469742d64657461696c732f252f25223b733a383a226e756d5061727473223b693a373b7d7d7d7d, 7),
('views_ui.form_handler', '/admin/structure/views/{js}/handler/{view}/{display_id}/{type}/{id}', '/admin/structure/views/%/handler/%/%/%/%', 464, 0x433a33313a2253796d666f6e795c436f6d706f6e656e745c526f7574696e675c526f757465223a313839363a7b613a393a7b733a343a2270617468223b733a36373a222f61646d696e2f7374727563747572652f76696577732f7b6a737d2f68616e646c65722f7b766965777d2f7b646973706c61795f69647d2f7b747970657d2f7b69647d223b733a343a22686f7374223b733a303a22223b733a383a2264656661756c7473223b613a313a7b733a31313a225f636f6e74726f6c6c6572223b733a34393a225c44727570616c5c76696577735f75695c466f726d5c416a61785c436f6e66696748616e646c65723a3a676574466f726d223b7d733a31323a22726571756972656d656e7473223b613a323a7b733a31343a225f656e746974795f616363657373223b733a31313a22766965772e757064617465223b733a323a226a73223b733a393a226e6f6a737c616a6178223b7d733a373a226f7074696f6e73223b613a353a7b733a31343a22636f6d70696c65725f636c617373223b733a33333a2244727570616c5c436f72655c526f7574696e675c526f757465436f6d70696c6572223b733a31303a22706172616d6574657273223b613a313a7b733a343a2276696577223b613a333a7b733a393a2274656d7073746f7265223b623a313b733a343a2274797065223b733a31313a22656e746974793a76696577223b733a393a22636f6e766572746572223b733a35333a2264727570616c2e70726f78795f6f726967696e616c5f736572766963652e706172616d636f6e7665727465722e76696577735f7569223b7d7d733a343a2275746638223b623a313b733a31323a225f61646d696e5f726f757465223b623a313b733a31343a225f6163636573735f636865636b73223b613a313a7b693a303b733a31393a226163636573735f636865636b2e656e74697479223b7d7d733a373a22736368656d6573223b613a303a7b7d733a373a226d6574686f6473223b613a323a7b693a303b733a333a22474554223b693a313b733a343a22504f5354223b7d733a393a22636f6e646974696f6e223b733a303a22223b733a383a22636f6d70696c6564223b433a33333a2244727570616c5c436f72655c526f7574696e675c436f6d70696c6564526f757465223a313039333a7b613a31313a7b733a343a2276617273223b613a353a7b693a303b733a323a226a73223b693a313b733a343a2276696577223b693a323b733a31303a22646973706c61795f6964223b693a333b733a343a2274797065223b693a343b733a323a226964223b7d733a31313a22706174685f707265666978223b733a303a22223b733a31303a22706174685f7265676578223b733a3132373a22235e2f61646d696e2f7374727563747572652f76696577732f283f503c6a733e6e6f6a737c616a6178292f68616e646c65722f283f503c766965773e5b5e2f5d2b2b292f283f503c646973706c61795f69643e5b5e2f5d2b2b292f283f503c747970653e5b5e2f5d2b2b292f283f503c69643e5b5e2f5d2b2b292423734475223b733a31313a22706174685f746f6b656e73223b613a373a7b693a303b613a353a7b693a303b733a383a227661726961626c65223b693a313b733a313a222f223b693a323b733a363a225b5e2f5d2b2b223b693a333b733a323a226964223b693a343b623a313b7d693a313b613a353a7b693a303b733a383a227661726961626c65223b693a313b733a313a222f223b693a323b733a363a225b5e2f5d2b2b223b693a333b733a343a2274797065223b693a343b623a313b7d693a323b613a353a7b693a303b733a383a227661726961626c65223b693a313b733a313a222f223b693a323b733a363a225b5e2f5d2b2b223b693a333b733a31303a22646973706c61795f6964223b693a343b623a313b7d693a333b613a353a7b693a303b733a383a227661726961626c65223b693a313b733a313a222f223b693a323b733a363a225b5e2f5d2b2b223b693a333b733a343a2276696577223b693a343b623a313b7d693a343b613a323a7b693a303b733a343a2274657874223b693a313b733a383a222f68616e646c6572223b7d693a353b613a353a7b693a303b733a383a227661726961626c65223b693a313b733a313a222f223b693a323b733a393a226e6f6a737c616a6178223b693a333b733a323a226a73223b693a343b623a313b7d693a363b613a323a7b693a303b733a343a2274657874223b693a313b733a32323a222f61646d696e2f7374727563747572652f7669657773223b7d7d733a393a22706174685f76617273223b613a353a7b693a303b733a323a226a73223b693a313b733a343a2276696577223b693a323b733a31303a22646973706c61795f6964223b693a333b733a343a2274797065223b693a343b733a323a226964223b7d733a31303a22686f73745f7265676578223b4e3b733a31313a22686f73745f746f6b656e73223b613a303a7b7d733a393a22686f73745f76617273223b613a303a7b7d733a333a22666974223b693a3436343b733a31343a227061747465726e4f75746c696e65223b733a34303a222f61646d696e2f7374727563747572652f76696577732f252f68616e646c65722f252f252f252f25223b733a383a226e756d5061727473223b693a393b7d7d7d7d, 9),
('views_ui.form_handler_extra', '/admin/structure/views/{js}/handler-extra/{view}/{display_id}/{type}/{id}', '/admin/structure/views/%/handler-extra/%/%/%/%', 464, 0x433a33313a2253796d666f6e795c436f6d706f6e656e745c526f7574696e675c526f757465223a313932373a7b613a393a7b733a343a2270617468223b733a37333a222f61646d696e2f7374727563747572652f76696577732f7b6a737d2f68616e646c65722d65787472612f7b766965777d2f7b646973706c61795f69647d2f7b747970657d2f7b69647d223b733a343a22686f7374223b733a303a22223b733a383a2264656661756c7473223b613a313a7b733a31313a225f636f6e74726f6c6c6572223b733a35343a225c44727570616c5c76696577735f75695c466f726d5c416a61785c436f6e66696748616e646c657245787472613a3a676574466f726d223b7d733a31323a22726571756972656d656e7473223b613a323a7b733a31343a225f656e746974795f616363657373223b733a31313a22766965772e757064617465223b733a323a226a73223b733a393a226e6f6a737c616a6178223b7d733a373a226f7074696f6e73223b613a353a7b733a31343a22636f6d70696c65725f636c617373223b733a33333a2244727570616c5c436f72655c526f7574696e675c526f757465436f6d70696c6572223b733a31303a22706172616d6574657273223b613a313a7b733a343a2276696577223b613a333a7b733a393a2274656d7073746f7265223b623a313b733a343a2274797065223b733a31313a22656e746974793a76696577223b733a393a22636f6e766572746572223b733a35333a2264727570616c2e70726f78795f6f726967696e616c5f736572766963652e706172616d636f6e7665727465722e76696577735f7569223b7d7d733a343a2275746638223b623a313b733a31323a225f61646d696e5f726f757465223b623a313b733a31343a225f6163636573735f636865636b73223b613a313a7b693a303b733a31393a226163636573735f636865636b2e656e74697479223b7d7d733a373a22736368656d6573223b613a303a7b7d733a373a226d6574686f6473223b613a323a7b693a303b733a333a22474554223b693a313b733a343a22504f5354223b7d733a393a22636f6e646974696f6e223b733a303a22223b733a383a22636f6d70696c6564223b433a33333a2244727570616c5c436f72655c526f7574696e675c436f6d70696c6564526f757465223a313131333a7b613a31313a7b733a343a2276617273223b613a353a7b693a303b733a323a226a73223b693a313b733a343a2276696577223b693a323b733a31303a22646973706c61795f6964223b693a333b733a343a2274797065223b693a343b733a323a226964223b7d733a31313a22706174685f707265666978223b733a303a22223b733a31303a22706174685f7265676578223b733a3133343a22235e2f61646d696e2f7374727563747572652f76696577732f283f503c6a733e6e6f6a737c616a6178292f68616e646c65725c2d65787472612f283f503c766965773e5b5e2f5d2b2b292f283f503c646973706c61795f69643e5b5e2f5d2b2b292f283f503c747970653e5b5e2f5d2b2b292f283f503c69643e5b5e2f5d2b2b292423734475223b733a31313a22706174685f746f6b656e73223b613a373a7b693a303b613a353a7b693a303b733a383a227661726961626c65223b693a313b733a313a222f223b693a323b733a363a225b5e2f5d2b2b223b693a333b733a323a226964223b693a343b623a313b7d693a313b613a353a7b693a303b733a383a227661726961626c65223b693a313b733a313a222f223b693a323b733a363a225b5e2f5d2b2b223b693a333b733a343a2274797065223b693a343b623a313b7d693a323b613a353a7b693a303b733a383a227661726961626c65223b693a313b733a313a222f223b693a323b733a363a225b5e2f5d2b2b223b693a333b733a31303a22646973706c61795f6964223b693a343b623a313b7d693a333b613a353a7b693a303b733a383a227661726961626c65223b693a313b733a313a222f223b693a323b733a363a225b5e2f5d2b2b223b693a333b733a343a2276696577223b693a343b623a313b7d693a343b613a323a7b693a303b733a343a2274657874223b693a313b733a31343a222f68616e646c65722d6578747261223b7d693a353b613a353a7b693a303b733a383a227661726961626c65223b693a313b733a313a222f223b693a323b733a393a226e6f6a737c616a6178223b693a333b733a323a226a73223b693a343b623a313b7d693a363b613a323a7b693a303b733a343a2274657874223b693a313b733a32323a222f61646d696e2f7374727563747572652f7669657773223b7d7d733a393a22706174685f76617273223b613a353a7b693a303b733a323a226a73223b693a313b733a343a2276696577223b693a323b733a31303a22646973706c61795f6964223b693a333b733a343a2274797065223b693a343b733a323a226964223b7d733a31303a22686f73745f7265676578223b4e3b733a31313a22686f73745f746f6b656e73223b613a303a7b7d733a393a22686f73745f76617273223b613a303a7b7d733a333a22666974223b693a3436343b733a31343a227061747465726e4f75746c696e65223b733a34363a222f61646d696e2f7374727563747572652f76696577732f252f68616e646c65722d65787472612f252f252f252f25223b733a383a226e756d5061727473223b693a393b7d7d7d7d, 9),
('views_ui.form_handler_group', '/admin/structure/views/{js}/handler-group/{view}/{display_id}/{type}/{id}', '/admin/structure/views/%/handler-group/%/%/%/%', 464, 0x433a33313a2253796d666f6e795c436f6d706f6e656e745c526f7574696e675c526f757465223a313934373a7b613a393a7b733a343a2270617468223b733a37333a222f61646d696e2f7374727563747572652f76696577732f7b6a737d2f68616e646c65722d67726f75702f7b766965777d2f7b646973706c61795f69647d2f7b747970657d2f7b69647d223b733a343a22686f7374223b733a303a22223b733a383a2264656661756c7473223b613a323a7b733a31313a225f636f6e74726f6c6c6572223b733a35343a225c44727570616c5c76696577735f75695c466f726d5c416a61785c436f6e66696748616e646c657247726f75703a3a676574466f726d223b733a31303a22666f726d5f7374617465223b4e3b7d733a31323a22726571756972656d656e7473223b613a323a7b733a31343a225f656e746974795f616363657373223b733a31313a22766965772e757064617465223b733a323a226a73223b733a393a226e6f6a737c616a6178223b7d733a373a226f7074696f6e73223b613a353a7b733a31343a22636f6d70696c65725f636c617373223b733a33333a2244727570616c5c436f72655c526f7574696e675c526f757465436f6d70696c6572223b733a31303a22706172616d6574657273223b613a313a7b733a343a2276696577223b613a333a7b733a393a2274656d7073746f7265223b623a313b733a343a2274797065223b733a31313a22656e746974793a76696577223b733a393a22636f6e766572746572223b733a35333a2264727570616c2e70726f78795f6f726967696e616c5f736572766963652e706172616d636f6e7665727465722e76696577735f7569223b7d7d733a343a2275746638223b623a313b733a31323a225f61646d696e5f726f757465223b623a313b733a31343a225f6163636573735f636865636b73223b613a313a7b693a303b733a31393a226163636573735f636865636b2e656e74697479223b7d7d733a373a22736368656d6573223b613a303a7b7d733a373a226d6574686f6473223b613a323a7b693a303b733a333a22474554223b693a313b733a343a22504f5354223b7d733a393a22636f6e646974696f6e223b733a303a22223b733a383a22636f6d70696c6564223b433a33333a2244727570616c5c436f72655c526f7574696e675c436f6d70696c6564526f757465223a313131333a7b613a31313a7b733a343a2276617273223b613a353a7b693a303b733a323a226a73223b693a313b733a343a2276696577223b693a323b733a31303a22646973706c61795f6964223b693a333b733a343a2274797065223b693a343b733a323a226964223b7d733a31313a22706174685f707265666978223b733a303a22223b733a31303a22706174685f7265676578223b733a3133343a22235e2f61646d696e2f7374727563747572652f76696577732f283f503c6a733e6e6f6a737c616a6178292f68616e646c65725c2d67726f75702f283f503c766965773e5b5e2f5d2b2b292f283f503c646973706c61795f69643e5b5e2f5d2b2b292f283f503c747970653e5b5e2f5d2b2b292f283f503c69643e5b5e2f5d2b2b292423734475223b733a31313a22706174685f746f6b656e73223b613a373a7b693a303b613a353a7b693a303b733a383a227661726961626c65223b693a313b733a313a222f223b693a323b733a363a225b5e2f5d2b2b223b693a333b733a323a226964223b693a343b623a313b7d693a313b613a353a7b693a303b733a383a227661726961626c65223b693a313b733a313a222f223b693a323b733a363a225b5e2f5d2b2b223b693a333b733a343a2274797065223b693a343b623a313b7d693a323b613a353a7b693a303b733a383a227661726961626c65223b693a313b733a313a222f223b693a323b733a363a225b5e2f5d2b2b223b693a333b733a31303a22646973706c61795f6964223b693a343b623a313b7d693a333b613a353a7b693a303b733a383a227661726961626c65223b693a313b733a313a222f223b693a323b733a363a225b5e2f5d2b2b223b693a333b733a343a2276696577223b693a343b623a313b7d693a343b613a323a7b693a303b733a343a2274657874223b693a313b733a31343a222f68616e646c65722d67726f7570223b7d693a353b613a353a7b693a303b733a383a227661726961626c65223b693a313b733a313a222f223b693a323b733a393a226e6f6a737c616a6178223b693a333b733a323a226a73223b693a343b623a313b7d693a363b613a323a7b693a303b733a343a2274657874223b693a313b733a32323a222f61646d696e2f7374727563747572652f7669657773223b7d7d733a393a22706174685f76617273223b613a353a7b693a303b733a323a226a73223b693a313b733a343a2276696577223b693a323b733a31303a22646973706c61795f6964223b693a333b733a343a2274797065223b693a343b733a323a226964223b7d733a31303a22686f73745f7265676578223b4e3b733a31313a22686f73745f746f6b656e73223b613a303a7b7d733a393a22686f73745f76617273223b613a303a7b7d733a333a22666974223b693a3436343b733a31343a227061747465726e4f75746c696e65223b733a34363a222f61646d696e2f7374727563747572652f76696577732f252f68616e646c65722d67726f75702f252f252f252f25223b733a383a226e756d5061727473223b693a393b7d7d7d7d, 9),
('views_ui.form_rearrange', '/admin/structure/views/{js}/rearrange/{view}/{display_id}/{type}', '/admin/structure/views/%/rearrange/%/%/%', 232, 0x433a33313a2253796d666f6e795c436f6d706f6e656e745c526f7574696e675c526f757465223a313737333a7b613a393a7b733a343a2270617468223b733a36343a222f61646d696e2f7374727563747572652f76696577732f7b6a737d2f7265617272616e67652f7b766965777d2f7b646973706c61795f69647d2f7b747970657d223b733a343a22686f7374223b733a303a22223b733a383a2264656661756c7473223b613a313a7b733a31313a225f636f6e74726f6c6c6572223b733a34353a225c44727570616c5c76696577735f75695c466f726d5c416a61785c5265617272616e67653a3a676574466f726d223b7d733a31323a22726571756972656d656e7473223b613a323a7b733a31343a225f656e746974795f616363657373223b733a31313a22766965772e757064617465223b733a323a226a73223b733a393a226e6f6a737c616a6178223b7d733a373a226f7074696f6e73223b613a353a7b733a31343a22636f6d70696c65725f636c617373223b733a33333a2244727570616c5c436f72655c526f7574696e675c526f757465436f6d70696c6572223b733a31303a22706172616d6574657273223b613a313a7b733a343a2276696577223b613a333a7b733a393a2274656d7073746f7265223b623a313b733a343a2274797065223b733a31313a22656e746974793a76696577223b733a393a22636f6e766572746572223b733a35333a2264727570616c2e70726f78795f6f726967696e616c5f736572766963652e706172616d636f6e7665727465722e76696577735f7569223b7d7d733a343a2275746638223b623a313b733a31323a225f61646d696e5f726f757465223b623a313b733a31343a225f6163636573735f636865636b73223b613a313a7b693a303b733a31393a226163636573735f636865636b2e656e74697479223b7d7d733a373a22736368656d6573223b613a303a7b7d733a373a226d6574686f6473223b613a323a7b693a303b733a333a22474554223b693a313b733a343a22504f5354223b7d733a393a22636f6e646974696f6e223b733a303a22223b733a383a22636f6d70696c6564223b433a33333a2244727570616c5c436f72655c526f7574696e675c436f6d70696c6564526f757465223a3937383a7b613a31313a7b733a343a2276617273223b613a343a7b693a303b733a323a226a73223b693a313b733a343a2276696577223b693a323b733a31303a22646973706c61795f6964223b693a333b733a343a2274797065223b7d733a31313a22706174685f707265666978223b733a303a22223b733a31303a22706174685f7265676578223b733a3131343a22235e2f61646d696e2f7374727563747572652f76696577732f283f503c6a733e6e6f6a737c616a6178292f7265617272616e67652f283f503c766965773e5b5e2f5d2b2b292f283f503c646973706c61795f69643e5b5e2f5d2b2b292f283f503c747970653e5b5e2f5d2b2b292423734475223b733a31313a22706174685f746f6b656e73223b613a363a7b693a303b613a353a7b693a303b733a383a227661726961626c65223b693a313b733a313a222f223b693a323b733a363a225b5e2f5d2b2b223b693a333b733a343a2274797065223b693a343b623a313b7d693a313b613a353a7b693a303b733a383a227661726961626c65223b693a313b733a313a222f223b693a323b733a363a225b5e2f5d2b2b223b693a333b733a31303a22646973706c61795f6964223b693a343b623a313b7d693a323b613a353a7b693a303b733a383a227661726961626c65223b693a313b733a313a222f223b693a323b733a363a225b5e2f5d2b2b223b693a333b733a343a2276696577223b693a343b623a313b7d693a333b613a323a7b693a303b733a343a2274657874223b693a313b733a31303a222f7265617272616e6765223b7d693a343b613a353a7b693a303b733a383a227661726961626c65223b693a313b733a313a222f223b693a323b733a393a226e6f6a737c616a6178223b693a333b733a323a226a73223b693a343b623a313b7d693a353b613a323a7b693a303b733a343a2274657874223b693a313b733a32323a222f61646d696e2f7374727563747572652f7669657773223b7d7d733a393a22706174685f76617273223b613a343a7b693a303b733a323a226a73223b693a313b733a343a2276696577223b693a323b733a31303a22646973706c61795f6964223b693a333b733a343a2274797065223b7d733a31303a22686f73745f7265676578223b4e3b733a31313a22686f73745f746f6b656e73223b613a303a7b7d733a393a22686f73745f76617273223b613a303a7b7d733a333a22666974223b693a3233323b733a31343a227061747465726e4f75746c696e65223b733a34303a222f61646d696e2f7374727563747572652f76696577732f252f7265617272616e67652f252f252f25223b733a383a226e756d5061727473223b693a383b7d7d7d7d, 8),
('views_ui.form_rearrange_filter', '/admin/structure/views/{js}/rearrange-filter/{view}/{display_id}', '/admin/structure/views/%/rearrange-filter/%/%', 116, 0x433a33313a2253796d666f6e795c436f6d706f6e656e745c526f7574696e675c526f757465223a313637313a7b613a393a7b733a343a2270617468223b733a36343a222f61646d696e2f7374727563747572652f76696577732f7b6a737d2f7265617272616e67652d66696c7465722f7b766965777d2f7b646973706c61795f69647d223b733a343a22686f7374223b733a303a22223b733a383a2264656661756c7473223b613a313a7b733a31313a225f636f6e74726f6c6c6572223b733a35313a225c44727570616c5c76696577735f75695c466f726d5c416a61785c5265617272616e676546696c7465723a3a676574466f726d223b7d733a31323a22726571756972656d656e7473223b613a323a7b733a31343a225f656e746974795f616363657373223b733a31313a22766965772e757064617465223b733a323a226a73223b733a393a226e6f6a737c616a6178223b7d733a373a226f7074696f6e73223b613a353a7b733a31343a22636f6d70696c65725f636c617373223b733a33333a2244727570616c5c436f72655c526f7574696e675c526f757465436f6d70696c6572223b733a31303a22706172616d6574657273223b613a313a7b733a343a2276696577223b613a333a7b733a393a2274656d7073746f7265223b623a313b733a343a2274797065223b733a31313a22656e746974793a76696577223b733a393a22636f6e766572746572223b733a35333a2264727570616c2e70726f78795f6f726967696e616c5f736572766963652e706172616d636f6e7665727465722e76696577735f7569223b7d7d733a343a2275746638223b623a313b733a31323a225f61646d696e5f726f757465223b623a313b733a31343a225f6163636573735f636865636b73223b613a313a7b693a303b733a31393a226163636573735f636865636b2e656e74697479223b7d7d733a373a22736368656d6573223b613a303a7b7d733a373a226d6574686f6473223b613a323a7b693a303b733a333a22474554223b693a313b733a343a22504f5354223b7d733a393a22636f6e646974696f6e223b733a303a22223b733a383a22636f6d70696c6564223b433a33333a2244727570616c5c436f72655c526f7574696e675c436f6d70696c6564526f757465223a3837303a7b613a31313a7b733a343a2276617273223b613a333a7b693a303b733a323a226a73223b693a313b733a343a2276696577223b693a323b733a31303a22646973706c61795f6964223b7d733a31313a22706174685f707265666978223b733a303a22223b733a31303a22706174685f7265676578223b733a3130353a22235e2f61646d696e2f7374727563747572652f76696577732f283f503c6a733e6e6f6a737c616a6178292f7265617272616e67655c2d66696c7465722f283f503c766965773e5b5e2f5d2b2b292f283f503c646973706c61795f69643e5b5e2f5d2b2b292423734475223b733a31313a22706174685f746f6b656e73223b613a353a7b693a303b613a353a7b693a303b733a383a227661726961626c65223b693a313b733a313a222f223b693a323b733a363a225b5e2f5d2b2b223b693a333b733a31303a22646973706c61795f6964223b693a343b623a313b7d693a313b613a353a7b693a303b733a383a227661726961626c65223b693a313b733a313a222f223b693a323b733a363a225b5e2f5d2b2b223b693a333b733a343a2276696577223b693a343b623a313b7d693a323b613a323a7b693a303b733a343a2274657874223b693a313b733a31373a222f7265617272616e67652d66696c746572223b7d693a333b613a353a7b693a303b733a383a227661726961626c65223b693a313b733a313a222f223b693a323b733a393a226e6f6a737c616a6178223b693a333b733a323a226a73223b693a343b623a313b7d693a343b613a323a7b693a303b733a343a2274657874223b693a313b733a32323a222f61646d696e2f7374727563747572652f7669657773223b7d7d733a393a22706174685f76617273223b613a333a7b693a303b733a323a226a73223b693a313b733a343a2276696577223b693a323b733a31303a22646973706c61795f6964223b7d733a31303a22686f73745f7265676578223b4e3b733a31313a22686f73745f746f6b656e73223b613a303a7b7d733a393a22686f73745f76617273223b613a303a7b7d733a333a22666974223b693a3131363b733a31343a227061747465726e4f75746c696e65223b733a34353a222f61646d696e2f7374727563747572652f76696577732f252f7265617272616e67652d66696c7465722f252f25223b733a383a226e756d5061727473223b693a373b7d7d7d7d, 7),
('views_ui.form_reorder_displays', '/admin/structure/views/{js}/reorder-displays/{view}/{display_id}', '/admin/structure/views/%/reorder-displays/%/%', 116, 0x433a33313a2253796d666f6e795c436f6d706f6e656e745c526f7574696e675c526f757465223a313637313a7b613a393a7b733a343a2270617468223b733a36343a222f61646d696e2f7374727563747572652f76696577732f7b6a737d2f72656f726465722d646973706c6179732f7b766965777d2f7b646973706c61795f69647d223b733a343a22686f7374223b733a303a22223b733a383a2264656661756c7473223b613a313a7b733a31313a225f636f6e74726f6c6c6572223b733a35313a225c44727570616c5c76696577735f75695c466f726d5c416a61785c52656f72646572446973706c6179733a3a676574466f726d223b7d733a31323a22726571756972656d656e7473223b613a323a7b733a31343a225f656e746974795f616363657373223b733a31313a22766965772e757064617465223b733a323a226a73223b733a393a226e6f6a737c616a6178223b7d733a373a226f7074696f6e73223b613a353a7b733a31343a22636f6d70696c65725f636c617373223b733a33333a2244727570616c5c436f72655c526f7574696e675c526f757465436f6d70696c6572223b733a31303a22706172616d6574657273223b613a313a7b733a343a2276696577223b613a333a7b733a393a2274656d7073746f7265223b623a313b733a343a2274797065223b733a31313a22656e746974793a76696577223b733a393a22636f6e766572746572223b733a35333a2264727570616c2e70726f78795f6f726967696e616c5f736572766963652e706172616d636f6e7665727465722e76696577735f7569223b7d7d733a343a2275746638223b623a313b733a31323a225f61646d696e5f726f757465223b623a313b733a31343a225f6163636573735f636865636b73223b613a313a7b693a303b733a31393a226163636573735f636865636b2e656e74697479223b7d7d733a373a22736368656d6573223b613a303a7b7d733a373a226d6574686f6473223b613a323a7b693a303b733a333a22474554223b693a313b733a343a22504f5354223b7d733a393a22636f6e646974696f6e223b733a303a22223b733a383a22636f6d70696c6564223b433a33333a2244727570616c5c436f72655c526f7574696e675c436f6d70696c6564526f757465223a3837303a7b613a31313a7b733a343a2276617273223b613a333a7b693a303b733a323a226a73223b693a313b733a343a2276696577223b693a323b733a31303a22646973706c61795f6964223b7d733a31313a22706174685f707265666978223b733a303a22223b733a31303a22706174685f7265676578223b733a3130353a22235e2f61646d696e2f7374727563747572652f76696577732f283f503c6a733e6e6f6a737c616a6178292f72656f726465725c2d646973706c6179732f283f503c766965773e5b5e2f5d2b2b292f283f503c646973706c61795f69643e5b5e2f5d2b2b292423734475223b733a31313a22706174685f746f6b656e73223b613a353a7b693a303b613a353a7b693a303b733a383a227661726961626c65223b693a313b733a313a222f223b693a323b733a363a225b5e2f5d2b2b223b693a333b733a31303a22646973706c61795f6964223b693a343b623a313b7d693a313b613a353a7b693a303b733a383a227661726961626c65223b693a313b733a313a222f223b693a323b733a363a225b5e2f5d2b2b223b693a333b733a343a2276696577223b693a343b623a313b7d693a323b613a323a7b693a303b733a343a2274657874223b693a313b733a31373a222f72656f726465722d646973706c617973223b7d693a333b613a353a7b693a303b733a383a227661726961626c65223b693a313b733a313a222f223b693a323b733a393a226e6f6a737c616a6178223b693a333b733a323a226a73223b693a343b623a313b7d693a343b613a323a7b693a303b733a343a2274657874223b693a313b733a32323a222f61646d696e2f7374727563747572652f7669657773223b7d7d733a393a22706174685f76617273223b613a333a7b693a303b733a323a226a73223b693a313b733a343a2276696577223b693a323b733a31303a22646973706c61795f6964223b7d733a31303a22686f73745f7265676578223b4e3b733a31313a22686f73745f746f6b656e73223b613a303a7b7d733a393a22686f73745f76617273223b613a303a7b7d733a333a22666974223b693a3131363b733a31343a227061747465726e4f75746c696e65223b733a34353a222f61646d696e2f7374727563747572652f76696577732f252f72656f726465722d646973706c6179732f252f25223b733a383a226e756d5061727473223b693a373b7d7d7d7d, 7),
('views_ui.reports_fields', '/admin/reports/fields/views-fields', '/admin/reports/fields/views-fields', 15, 0x433a33313a2253796d666f6e795c436f6d706f6e656e745c526f7574696e675c526f757465223a313032373a7b613a393a7b733a343a2270617468223b733a33343a222f61646d696e2f7265706f7274732f6669656c64732f76696577732d6669656c6473223b733a343a22686f7374223b733a303a22223b733a383a2264656661756c7473223b613a323a7b733a31313a225f636f6e74726f6c6c6572223b733a35393a225c44727570616c5c76696577735f75695c436f6e74726f6c6c65725c56696577735549436f6e74726f6c6c65723a3a7265706f72744669656c6473223b733a363a225f7469746c65223b733a31333a225573656420696e207669657773223b7d733a31323a22726571756972656d656e7473223b613a313a7b733a31313a225f7065726d697373696f6e223b733a31363a2261646d696e6973746572207669657773223b7d733a373a226f7074696f6e73223b613a343a7b733a31343a22636f6d70696c65725f636c617373223b733a33333a2244727570616c5c436f72655c526f7574696e675c526f757465436f6d70696c6572223b733a343a2275746638223b623a313b733a31323a225f61646d696e5f726f757465223b623a313b733a31343a225f6163636573735f636865636b73223b613a313a7b693a303b733a32333a226163636573735f636865636b2e7065726d697373696f6e223b7d7d733a373a22736368656d6573223b613a303a7b7d733a373a226d6574686f6473223b613a323a7b693a303b733a333a22474554223b693a313b733a343a22504f5354223b7d733a393a22636f6e646974696f6e223b733a303a22223b733a383a22636f6d70696c6564223b433a33333a2244727570616c5c436f72655c526f7574696e675c436f6d70696c6564526f757465223a3430313a7b613a31313a7b733a343a2276617273223b613a303a7b7d733a31313a22706174685f707265666978223b733a303a22223b733a31303a22706174685f7265676578223b733a34323a22235e2f61646d696e2f7265706f7274732f6669656c64732f76696577735c2d6669656c64732423734475223b733a31313a22706174685f746f6b656e73223b613a313a7b693a303b613a323a7b693a303b733a343a2274657874223b693a313b733a33343a222f61646d696e2f7265706f7274732f6669656c64732f76696577732d6669656c6473223b7d7d733a393a22706174685f76617273223b613a303a7b7d733a31303a22686f73745f7265676578223b4e3b733a31313a22686f73745f746f6b656e73223b613a303a7b7d733a393a22686f73745f76617273223b613a303a7b7d733a333a22666974223b693a31353b733a31343a227061747465726e4f75746c696e65223b733a33343a222f61646d696e2f7265706f7274732f6669656c64732f76696577732d6669656c6473223b733a383a226e756d5061727473223b693a343b7d7d7d7d, 4);
INSERT INTO `router` (`name`, `path`, `pattern_outline`, `fit`, `route`, `number_parts`) VALUES
('views_ui.reports_plugins', '/admin/reports/views-plugins', '/admin/reports/views-plugins', 7, 0x433a33313a2253796d666f6e795c436f6d706f6e656e745c526f7574696e675c526f757465223a313030333a7b613a393a7b733a343a2270617468223b733a32383a222f61646d696e2f7265706f7274732f76696577732d706c7567696e73223b733a343a22686f7374223b733a303a22223b733a383a2264656661756c7473223b613a323a7b733a31313a225f636f6e74726f6c6c6572223b733a36303a225c44727570616c5c76696577735f75695c436f6e74726f6c6c65725c56696577735549436f6e74726f6c6c65723a3a7265706f7274506c7567696e73223b733a363a225f7469746c65223b733a31333a22566965777320706c7567696e73223b7d733a31323a22726571756972656d656e7473223b613a313a7b733a31313a225f7065726d697373696f6e223b733a31363a2261646d696e6973746572207669657773223b7d733a373a226f7074696f6e73223b613a343a7b733a31343a22636f6d70696c65725f636c617373223b733a33333a2244727570616c5c436f72655c526f7574696e675c526f757465436f6d70696c6572223b733a343a2275746638223b623a313b733a31323a225f61646d696e5f726f757465223b623a313b733a31343a225f6163636573735f636865636b73223b613a313a7b693a303b733a32333a226163636573735f636865636b2e7065726d697373696f6e223b7d7d733a373a22736368656d6573223b613a303a7b7d733a373a226d6574686f6473223b613a323a7b693a303b733a333a22474554223b693a313b733a343a22504f5354223b7d733a393a22636f6e646974696f6e223b733a303a22223b733a383a22636f6d70696c6564223b433a33333a2244727570616c5c436f72655c526f7574696e675c436f6d70696c6564526f757465223a3338323a7b613a31313a7b733a343a2276617273223b613a303a7b7d733a31313a22706174685f707265666978223b733a303a22223b733a31303a22706174685f7265676578223b733a33363a22235e2f61646d696e2f7265706f7274732f76696577735c2d706c7567696e732423734475223b733a31313a22706174685f746f6b656e73223b613a313a7b693a303b613a323a7b693a303b733a343a2274657874223b693a313b733a32383a222f61646d696e2f7265706f7274732f76696577732d706c7567696e73223b7d7d733a393a22706174685f76617273223b613a303a7b7d733a31303a22686f73745f7265676578223b4e3b733a31313a22686f73745f746f6b656e73223b613a303a7b7d733a393a22686f73745f76617273223b613a303a7b7d733a333a22666974223b693a373b733a31343a227061747465726e4f75746c696e65223b733a32383a222f61646d696e2f7265706f7274732f76696577732d706c7567696e73223b733a383a226e756d5061727473223b693a333b7d7d7d7d, 3),
('views_ui.settings_advanced', '/admin/structure/views/settings/advanced', '/admin/structure/views/settings/advanced', 31, 0x433a33313a2253796d666f6e795c436f6d706f6e656e745c526f7574696e675c526f757465223a313033363a7b613a393a7b733a343a2270617468223b733a34303a222f61646d696e2f7374727563747572652f76696577732f73657474696e67732f616476616e636564223b733a343a22686f7374223b733a303a22223b733a383a2264656661756c7473223b613a323a7b733a353a225f666f726d223b733a34323a225c44727570616c5c76696577735f75695c466f726d5c416476616e63656453657474696e6773466f726d223b733a363a225f7469746c65223b733a32333a22416476616e6365642056696577732073657474696e6773223b7d733a31323a22726571756972656d656e7473223b613a313a7b733a31313a225f7065726d697373696f6e223b733a31363a2261646d696e6973746572207669657773223b7d733a373a226f7074696f6e73223b613a343a7b733a31343a22636f6d70696c65725f636c617373223b733a33333a2244727570616c5c436f72655c526f7574696e675c526f757465436f6d70696c6572223b733a343a2275746638223b623a313b733a31323a225f61646d696e5f726f757465223b623a313b733a31343a225f6163636573735f636865636b73223b613a313a7b693a303b733a32333a226163636573735f636865636b2e7065726d697373696f6e223b7d7d733a373a22736368656d6573223b613a303a7b7d733a373a226d6574686f6473223b613a323a7b693a303b733a333a22474554223b693a313b733a343a22504f5354223b7d733a393a22636f6e646974696f6e223b733a303a22223b733a383a22636f6d70696c6564223b433a33333a2244727570616c5c436f72655c526f7574696e675c436f6d70696c6564526f757465223a3431383a7b613a31313a7b733a343a2276617273223b613a303a7b7d733a31313a22706174685f707265666978223b733a303a22223b733a31303a22706174685f7265676578223b733a34373a22235e2f61646d696e2f7374727563747572652f76696577732f73657474696e67732f616476616e6365642423734475223b733a31313a22706174685f746f6b656e73223b613a313a7b693a303b613a323a7b693a303b733a343a2274657874223b693a313b733a34303a222f61646d696e2f7374727563747572652f76696577732f73657474696e67732f616476616e636564223b7d7d733a393a22706174685f76617273223b613a303a7b7d733a31303a22686f73745f7265676578223b4e3b733a31313a22686f73745f746f6b656e73223b613a303a7b7d733a393a22686f73745f76617273223b613a303a7b7d733a333a22666974223b693a33313b733a31343a227061747465726e4f75746c696e65223b733a34303a222f61646d696e2f7374727563747572652f76696577732f73657474696e67732f616476616e636564223b733a383a226e756d5061727473223b693a353b7d7d7d7d, 5),
('views_ui.settings_basic', '/admin/structure/views/settings', '/admin/structure/views/settings', 15, 0x433a33313a2253796d666f6e795c436f6d706f6e656e745c526f7574696e675c526f757465223a3938383a7b613a393a7b733a343a2270617468223b733a33313a222f61646d696e2f7374727563747572652f76696577732f73657474696e6773223b733a343a22686f7374223b733a303a22223b733a383a2264656661756c7473223b613a323a7b733a353a225f666f726d223b733a33393a225c44727570616c5c76696577735f75695c466f726d5c426173696353657474696e6773466f726d223b733a363a225f7469746c65223b733a31343a2256696577732073657474696e6773223b7d733a31323a22726571756972656d656e7473223b613a313a7b733a31313a225f7065726d697373696f6e223b733a31363a2261646d696e6973746572207669657773223b7d733a373a226f7074696f6e73223b613a343a7b733a31343a22636f6d70696c65725f636c617373223b733a33333a2244727570616c5c436f72655c526f7574696e675c526f757465436f6d70696c6572223b733a343a2275746638223b623a313b733a31323a225f61646d696e5f726f757465223b623a313b733a31343a225f6163636573735f636865636b73223b613a313a7b693a303b733a32333a226163636573735f636865636b2e7065726d697373696f6e223b7d7d733a373a22736368656d6573223b613a303a7b7d733a373a226d6574686f6473223b613a323a7b693a303b733a333a22474554223b693a313b733a343a22504f5354223b7d733a393a22636f6e646974696f6e223b733a303a22223b733a383a22636f6d70696c6564223b433a33333a2244727570616c5c436f72655c526f7574696e675c436f6d70696c6564526f757465223a3339313a7b613a31313a7b733a343a2276617273223b613a303a7b7d733a31313a22706174685f707265666978223b733a303a22223b733a31303a22706174685f7265676578223b733a33383a22235e2f61646d696e2f7374727563747572652f76696577732f73657474696e67732423734475223b733a31313a22706174685f746f6b656e73223b613a313a7b693a303b613a323a7b693a303b733a343a2274657874223b693a313b733a33313a222f61646d696e2f7374727563747572652f76696577732f73657474696e6773223b7d7d733a393a22706174685f76617273223b613a303a7b7d733a31303a22686f73745f7265676578223b4e3b733a31313a22686f73745f746f6b656e73223b613a303a7b7d733a393a22686f73745f76617273223b613a303a7b7d733a333a22666974223b693a31353b733a31343a227061747465726e4f75746c696e65223b733a33313a222f61646d696e2f7374727563747572652f76696577732f73657474696e6773223b733a383a226e756d5061727473223b693a343b7d7d7d7d, 4),
('webform.addons', '/admin/structure/webform/addons', '/admin/structure/webform/addons', 15, 0x433a33313a2253796d666f6e795c436f6d706f6e656e745c526f7574696e675c526f757465223a313031383a7b613a393a7b733a343a2270617468223b733a33313a222f61646d696e2f7374727563747572652f776562666f726d2f6164646f6e73223b733a343a22686f7374223b733a303a22223b733a383a2264656661756c7473223b613a323a7b733a31313a225f636f6e74726f6c6c6572223b733a35373a225c44727570616c5c776562666f726d5c436f6e74726f6c6c65725c576562666f726d4164646f6e73436f6e74726f6c6c65723a3a696e646578223b733a363a225f7469746c65223b733a31373a22576562666f726d733a204164642d6f6e73223b7d733a31323a22726571756972656d656e7473223b613a313a7b733a31313a225f7065726d697373696f6e223b733a31383a2261646d696e697374657220776562666f726d223b7d733a373a226f7074696f6e73223b613a343a7b733a31343a22636f6d70696c65725f636c617373223b733a33333a2244727570616c5c436f72655c526f7574696e675c526f757465436f6d70696c6572223b733a343a2275746638223b623a313b733a31323a225f61646d696e5f726f757465223b623a313b733a31343a225f6163636573735f636865636b73223b613a313a7b693a303b733a32333a226163636573735f636865636b2e7065726d697373696f6e223b7d7d733a373a22736368656d6573223b613a303a7b7d733a373a226d6574686f6473223b613a323a7b693a303b733a333a22474554223b693a313b733a343a22504f5354223b7d733a393a22636f6e646974696f6e223b733a303a22223b733a383a22636f6d70696c6564223b433a33333a2244727570616c5c436f72655c526f7574696e675c436f6d70696c6564526f757465223a3339313a7b613a31313a7b733a343a2276617273223b613a303a7b7d733a31313a22706174685f707265666978223b733a303a22223b733a31303a22706174685f7265676578223b733a33383a22235e2f61646d696e2f7374727563747572652f776562666f726d2f6164646f6e732423734475223b733a31313a22706174685f746f6b656e73223b613a313a7b693a303b613a323a7b693a303b733a343a2274657874223b693a313b733a33313a222f61646d696e2f7374727563747572652f776562666f726d2f6164646f6e73223b7d7d733a393a22706174685f76617273223b613a303a7b7d733a31303a22686f73745f7265676578223b4e3b733a31313a22686f73745f746f6b656e73223b613a303a7b7d733a393a22686f73745f76617273223b613a303a7b7d733a333a22666974223b693a31353b733a31343a227061747465726e4f75746c696e65223b733a33313a222f61646d696e2f7374727563747572652f776562666f726d2f6164646f6e73223b733a383a226e756d5061727473223b693a343b7d7d7d7d, 4),
('webform.config', '/admin/structure/webform/config', '/admin/structure/webform/config', 15, 0x433a33313a2253796d666f6e795c436f6d706f6e656e745c526f7574696e675c526f757465223a313032363a7b613a393a7b733a343a2270617468223b733a33313a222f61646d696e2f7374727563747572652f776562666f726d2f636f6e666967223b733a343a22686f7374223b733a303a22223b733a383a2264656661756c7473223b613a323a7b733a353a225f666f726d223b733a36303a225c44727570616c5c776562666f726d5c466f726d5c41646d696e436f6e6669675c576562666f726d41646d696e436f6e666967466f726d73466f726d223b733a363a225f7469746c65223b733a32393a22576562666f726d733a20466f726d7320636f6e66696775726174696f6e223b7d733a31323a22726571756972656d656e7473223b613a313a7b733a31313a225f7065726d697373696f6e223b733a31383a2261646d696e697374657220776562666f726d223b7d733a373a226f7074696f6e73223b613a343a7b733a31343a22636f6d70696c65725f636c617373223b733a33333a2244727570616c5c436f72655c526f7574696e675c526f757465436f6d70696c6572223b733a343a2275746638223b623a313b733a31323a225f61646d696e5f726f757465223b623a313b733a31343a225f6163636573735f636865636b73223b613a313a7b693a303b733a32333a226163636573735f636865636b2e7065726d697373696f6e223b7d7d733a373a22736368656d6573223b613a303a7b7d733a373a226d6574686f6473223b613a323a7b693a303b733a333a22474554223b693a313b733a343a22504f5354223b7d733a393a22636f6e646974696f6e223b733a303a22223b733a383a22636f6d70696c6564223b433a33333a2244727570616c5c436f72655c526f7574696e675c436f6d70696c6564526f757465223a3339313a7b613a31313a7b733a343a2276617273223b613a303a7b7d733a31313a22706174685f707265666978223b733a303a22223b733a31303a22706174685f7265676578223b733a33383a22235e2f61646d696e2f7374727563747572652f776562666f726d2f636f6e6669672423734475223b733a31313a22706174685f746f6b656e73223b613a313a7b693a303b613a323a7b693a303b733a343a2274657874223b693a313b733a33313a222f61646d696e2f7374727563747572652f776562666f726d2f636f6e666967223b7d7d733a393a22706174685f76617273223b613a303a7b7d733a31303a22686f73745f7265676578223b4e3b733a31313a22686f73745f746f6b656e73223b613a303a7b7d733a393a22686f73745f76617273223b613a303a7b7d733a333a22666974223b693a31353b733a31343a227061747465726e4f75746c696e65223b733a33313a222f61646d696e2f7374727563747572652f776562666f726d2f636f6e666967223b733a383a226e756d5061727473223b693a343b7d7d7d7d, 4),
('webform.config.advanced', '/admin/structure/webform/config/advanced', '/admin/structure/webform/config/advanced', 31, 0x433a33313a2253796d666f6e795c436f6d706f6e656e745c526f7574696e675c526f757465223a313036383a7b613a393a7b733a343a2270617468223b733a34303a222f61646d696e2f7374727563747572652f776562666f726d2f636f6e6669672f616476616e636564223b733a343a22686f7374223b733a303a22223b733a383a2264656661756c7473223b613a323a7b733a353a225f666f726d223b733a36333a225c44727570616c5c776562666f726d5c466f726d5c41646d696e436f6e6669675c576562666f726d41646d696e436f6e666967416476616e636564466f726d223b733a363a225f7469746c65223b733a33323a22576562666f726d733a20416476616e63656420636f6e66696775726174696f6e223b7d733a31323a22726571756972656d656e7473223b613a313a7b733a31313a225f7065726d697373696f6e223b733a31383a2261646d696e697374657220776562666f726d223b7d733a373a226f7074696f6e73223b613a343a7b733a31343a22636f6d70696c65725f636c617373223b733a33333a2244727570616c5c436f72655c526f7574696e675c526f757465436f6d70696c6572223b733a343a2275746638223b623a313b733a31323a225f61646d696e5f726f757465223b623a313b733a31343a225f6163636573735f636865636b73223b613a313a7b693a303b733a32333a226163636573735f636865636b2e7065726d697373696f6e223b7d7d733a373a22736368656d6573223b613a303a7b7d733a373a226d6574686f6473223b613a323a7b693a303b733a333a22474554223b693a313b733a343a22504f5354223b7d733a393a22636f6e646974696f6e223b733a303a22223b733a383a22636f6d70696c6564223b433a33333a2244727570616c5c436f72655c526f7574696e675c436f6d70696c6564526f757465223a3431383a7b613a31313a7b733a343a2276617273223b613a303a7b7d733a31313a22706174685f707265666978223b733a303a22223b733a31303a22706174685f7265676578223b733a34373a22235e2f61646d696e2f7374727563747572652f776562666f726d2f636f6e6669672f616476616e6365642423734475223b733a31313a22706174685f746f6b656e73223b613a313a7b693a303b613a323a7b693a303b733a343a2274657874223b693a313b733a34303a222f61646d696e2f7374727563747572652f776562666f726d2f636f6e6669672f616476616e636564223b7d7d733a393a22706174685f76617273223b613a303a7b7d733a31303a22686f73745f7265676578223b4e3b733a31313a22686f73745f746f6b656e73223b613a303a7b7d733a393a22686f73745f76617273223b613a303a7b7d733a333a22666974223b693a33313b733a31343a227061747465726e4f75746c696e65223b733a34303a222f61646d696e2f7374727563747572652f776562666f726d2f636f6e6669672f616476616e636564223b733a383a226e756d5061727473223b693a353b7d7d7d7d, 5),
('webform.config.elements', '/admin/structure/webform/config/elements', '/admin/structure/webform/config/elements', 31, 0x433a33313a2253796d666f6e795c436f6d706f6e656e745c526f7574696e675c526f757465223a313036383a7b613a393a7b733a343a2270617468223b733a34303a222f61646d696e2f7374727563747572652f776562666f726d2f636f6e6669672f656c656d656e7473223b733a343a22686f7374223b733a303a22223b733a383a2264656661756c7473223b613a323a7b733a353a225f666f726d223b733a36333a225c44727570616c5c776562666f726d5c466f726d5c41646d696e436f6e6669675c576562666f726d41646d696e436f6e666967456c656d656e7473466f726d223b733a363a225f7469746c65223b733a33323a22576562666f726d733a20456c656d656e747320636f6e66696775726174696f6e223b7d733a31323a22726571756972656d656e7473223b613a313a7b733a31313a225f7065726d697373696f6e223b733a31383a2261646d696e697374657220776562666f726d223b7d733a373a226f7074696f6e73223b613a343a7b733a31343a22636f6d70696c65725f636c617373223b733a33333a2244727570616c5c436f72655c526f7574696e675c526f757465436f6d70696c6572223b733a343a2275746638223b623a313b733a31323a225f61646d696e5f726f757465223b623a313b733a31343a225f6163636573735f636865636b73223b613a313a7b693a303b733a32333a226163636573735f636865636b2e7065726d697373696f6e223b7d7d733a373a22736368656d6573223b613a303a7b7d733a373a226d6574686f6473223b613a323a7b693a303b733a333a22474554223b693a313b733a343a22504f5354223b7d733a393a22636f6e646974696f6e223b733a303a22223b733a383a22636f6d70696c6564223b433a33333a2244727570616c5c436f72655c526f7574696e675c436f6d70696c6564526f757465223a3431383a7b613a31313a7b733a343a2276617273223b613a303a7b7d733a31313a22706174685f707265666978223b733a303a22223b733a31303a22706174685f7265676578223b733a34373a22235e2f61646d696e2f7374727563747572652f776562666f726d2f636f6e6669672f656c656d656e74732423734475223b733a31313a22706174685f746f6b656e73223b613a313a7b693a303b613a323a7b693a303b733a343a2274657874223b693a313b733a34303a222f61646d696e2f7374727563747572652f776562666f726d2f636f6e6669672f656c656d656e7473223b7d7d733a393a22706174685f76617273223b613a303a7b7d733a31303a22686f73745f7265676578223b4e3b733a31313a22686f73745f746f6b656e73223b613a303a7b7d733a393a22686f73745f76617273223b613a303a7b7d733a333a22666974223b693a33313b733a31343a227061747465726e4f75746c696e65223b733a34303a222f61646d696e2f7374727563747572652f776562666f726d2f636f6e6669672f656c656d656e7473223b733a383a226e756d5061727473223b693a353b7d7d7d7d, 5),
('webform.config.exporters', '/admin/structure/webform/config/exporters', '/admin/structure/webform/config/exporters', 31, 0x433a33313a2253796d666f6e795c436f6d706f6e656e745c526f7574696e675c526f757465223a313037343a7b613a393a7b733a343a2270617468223b733a34313a222f61646d696e2f7374727563747572652f776562666f726d2f636f6e6669672f6578706f7274657273223b733a343a22686f7374223b733a303a22223b733a383a2264656661756c7473223b613a323a7b733a353a225f666f726d223b733a36343a225c44727570616c5c776562666f726d5c466f726d5c41646d696e436f6e6669675c576562666f726d41646d696e436f6e6669674578706f7274657273466f726d223b733a363a225f7469746c65223b733a33333a22576562666f726d733a204578706f727465727320636f6e66696775726174696f6e223b7d733a31323a22726571756972656d656e7473223b613a313a7b733a31313a225f7065726d697373696f6e223b733a31383a2261646d696e697374657220776562666f726d223b7d733a373a226f7074696f6e73223b613a343a7b733a31343a22636f6d70696c65725f636c617373223b733a33333a2244727570616c5c436f72655c526f7574696e675c526f757465436f6d70696c6572223b733a343a2275746638223b623a313b733a31323a225f61646d696e5f726f757465223b623a313b733a31343a225f6163636573735f636865636b73223b613a313a7b693a303b733a32333a226163636573735f636865636b2e7065726d697373696f6e223b7d7d733a373a22736368656d6573223b613a303a7b7d733a373a226d6574686f6473223b613a323a7b693a303b733a333a22474554223b693a313b733a343a22504f5354223b7d733a393a22636f6e646974696f6e223b733a303a22223b733a383a22636f6d70696c6564223b433a33333a2244727570616c5c436f72655c526f7574696e675c436f6d70696c6564526f757465223a3432313a7b613a31313a7b733a343a2276617273223b613a303a7b7d733a31313a22706174685f707265666978223b733a303a22223b733a31303a22706174685f7265676578223b733a34383a22235e2f61646d696e2f7374727563747572652f776562666f726d2f636f6e6669672f6578706f72746572732423734475223b733a31313a22706174685f746f6b656e73223b613a313a7b693a303b613a323a7b693a303b733a343a2274657874223b693a313b733a34313a222f61646d696e2f7374727563747572652f776562666f726d2f636f6e6669672f6578706f7274657273223b7d7d733a393a22706174685f76617273223b613a303a7b7d733a31303a22686f73745f7265676578223b4e3b733a31313a22686f73745f746f6b656e73223b613a303a7b7d733a393a22686f73745f76617273223b613a303a7b7d733a333a22666974223b693a33313b733a31343a227061747465726e4f75746c696e65223b733a34313a222f61646d696e2f7374727563747572652f776562666f726d2f636f6e6669672f6578706f7274657273223b733a383a226e756d5061727473223b693a353b7d7d7d7d, 5),
('webform.config.handlers', '/admin/structure/webform/config/handlers', '/admin/structure/webform/config/handlers', 31, 0x433a33313a2253796d666f6e795c436f6d706f6e656e745c526f7574696e675c526f757465223a313036383a7b613a393a7b733a343a2270617468223b733a34303a222f61646d696e2f7374727563747572652f776562666f726d2f636f6e6669672f68616e646c657273223b733a343a22686f7374223b733a303a22223b733a383a2264656661756c7473223b613a323a7b733a353a225f666f726d223b733a36333a225c44727570616c5c776562666f726d5c466f726d5c41646d696e436f6e6669675c576562666f726d41646d696e436f6e66696748616e646c657273466f726d223b733a363a225f7469746c65223b733a33323a22576562666f726d733a2048616e646c65727320636f6e66696775726174696f6e223b7d733a31323a22726571756972656d656e7473223b613a313a7b733a31313a225f7065726d697373696f6e223b733a31383a2261646d696e697374657220776562666f726d223b7d733a373a226f7074696f6e73223b613a343a7b733a31343a22636f6d70696c65725f636c617373223b733a33333a2244727570616c5c436f72655c526f7574696e675c526f757465436f6d70696c6572223b733a343a2275746638223b623a313b733a31323a225f61646d696e5f726f757465223b623a313b733a31343a225f6163636573735f636865636b73223b613a313a7b693a303b733a32333a226163636573735f636865636b2e7065726d697373696f6e223b7d7d733a373a22736368656d6573223b613a303a7b7d733a373a226d6574686f6473223b613a323a7b693a303b733a333a22474554223b693a313b733a343a22504f5354223b7d733a393a22636f6e646974696f6e223b733a303a22223b733a383a22636f6d70696c6564223b433a33333a2244727570616c5c436f72655c526f7574696e675c436f6d70696c6564526f757465223a3431383a7b613a31313a7b733a343a2276617273223b613a303a7b7d733a31313a22706174685f707265666978223b733a303a22223b733a31303a22706174685f7265676578223b733a34373a22235e2f61646d696e2f7374727563747572652f776562666f726d2f636f6e6669672f68616e646c6572732423734475223b733a31313a22706174685f746f6b656e73223b613a313a7b693a303b613a323a7b693a303b733a343a2274657874223b693a313b733a34303a222f61646d696e2f7374727563747572652f776562666f726d2f636f6e6669672f68616e646c657273223b7d7d733a393a22706174685f76617273223b613a303a7b7d733a31303a22686f73745f7265676578223b4e3b733a31313a22686f73745f746f6b656e73223b613a303a7b7d733a393a22686f73745f76617273223b613a303a7b7d733a333a22666974223b693a33313b733a31343a227061747465726e4f75746c696e65223b733a34303a222f61646d696e2f7374727563747572652f776562666f726d2f636f6e6669672f68616e646c657273223b733a383a226e756d5061727473223b693a353b7d7d7d7d, 5),
('webform.config.libraries', '/admin/structure/webform/config/libraries', '/admin/structure/webform/config/libraries', 31, 0x433a33313a2253796d666f6e795c436f6d706f6e656e745c526f7574696e675c526f757465223a313037343a7b613a393a7b733a343a2270617468223b733a34313a222f61646d696e2f7374727563747572652f776562666f726d2f636f6e6669672f6c6962726172696573223b733a343a22686f7374223b733a303a22223b733a383a2264656661756c7473223b613a323a7b733a353a225f666f726d223b733a36343a225c44727570616c5c776562666f726d5c466f726d5c41646d696e436f6e6669675c576562666f726d41646d696e436f6e6669674c6962726172696573466f726d223b733a363a225f7469746c65223b733a33333a22576562666f726d733a204c696272617269657320636f6e66696775726174696f6e223b7d733a31323a22726571756972656d656e7473223b613a313a7b733a31313a225f7065726d697373696f6e223b733a31383a2261646d696e697374657220776562666f726d223b7d733a373a226f7074696f6e73223b613a343a7b733a31343a22636f6d70696c65725f636c617373223b733a33333a2244727570616c5c436f72655c526f7574696e675c526f757465436f6d70696c6572223b733a343a2275746638223b623a313b733a31323a225f61646d696e5f726f757465223b623a313b733a31343a225f6163636573735f636865636b73223b613a313a7b693a303b733a32333a226163636573735f636865636b2e7065726d697373696f6e223b7d7d733a373a22736368656d6573223b613a303a7b7d733a373a226d6574686f6473223b613a323a7b693a303b733a333a22474554223b693a313b733a343a22504f5354223b7d733a393a22636f6e646974696f6e223b733a303a22223b733a383a22636f6d70696c6564223b433a33333a2244727570616c5c436f72655c526f7574696e675c436f6d70696c6564526f757465223a3432313a7b613a31313a7b733a343a2276617273223b613a303a7b7d733a31313a22706174685f707265666978223b733a303a22223b733a31303a22706174685f7265676578223b733a34383a22235e2f61646d696e2f7374727563747572652f776562666f726d2f636f6e6669672f6c69627261726965732423734475223b733a31313a22706174685f746f6b656e73223b613a313a7b693a303b613a323a7b693a303b733a343a2274657874223b693a313b733a34313a222f61646d696e2f7374727563747572652f776562666f726d2f636f6e6669672f6c6962726172696573223b7d7d733a393a22706174685f76617273223b613a303a7b7d733a31303a22686f73745f7265676578223b4e3b733a31313a22686f73745f746f6b656e73223b613a303a7b7d733a393a22686f73745f76617273223b613a303a7b7d733a333a22666974223b693a33313b733a31343a227061747465726e4f75746c696e65223b733a34313a222f61646d696e2f7374727563747572652f776562666f726d2f636f6e6669672f6c6962726172696573223b733a383a226e756d5061727473223b693a353b7d7d7d7d, 5),
('webform.config.submissions', '/admin/structure/webform/config/submissions', '/admin/structure/webform/config/submissions', 31, 0x433a33313a2253796d666f6e795c436f6d706f6e656e745c526f7574696e675c526f757465223a313038363a7b613a393a7b733a343a2270617468223b733a34333a222f61646d696e2f7374727563747572652f776562666f726d2f636f6e6669672f7375626d697373696f6e73223b733a343a22686f7374223b733a303a22223b733a383a2264656661756c7473223b613a323a7b733a353a225f666f726d223b733a36363a225c44727570616c5c776562666f726d5c466f726d5c41646d696e436f6e6669675c576562666f726d41646d696e436f6e6669675375626d697373696f6e73466f726d223b733a363a225f7469746c65223b733a33353a22576562666f726d733a205375626d697373696f6e7320636f6e66696775726174696f6e223b7d733a31323a22726571756972656d656e7473223b613a313a7b733a31313a225f7065726d697373696f6e223b733a31383a2261646d696e697374657220776562666f726d223b7d733a373a226f7074696f6e73223b613a343a7b733a31343a22636f6d70696c65725f636c617373223b733a33333a2244727570616c5c436f72655c526f7574696e675c526f757465436f6d70696c6572223b733a343a2275746638223b623a313b733a31323a225f61646d696e5f726f757465223b623a313b733a31343a225f6163636573735f636865636b73223b613a313a7b693a303b733a32333a226163636573735f636865636b2e7065726d697373696f6e223b7d7d733a373a22736368656d6573223b613a303a7b7d733a373a226d6574686f6473223b613a323a7b693a303b733a333a22474554223b693a313b733a343a22504f5354223b7d733a393a22636f6e646974696f6e223b733a303a22223b733a383a22636f6d70696c6564223b433a33333a2244727570616c5c436f72655c526f7574696e675c436f6d70696c6564526f757465223a3432373a7b613a31313a7b733a343a2276617273223b613a303a7b7d733a31313a22706174685f707265666978223b733a303a22223b733a31303a22706174685f7265676578223b733a35303a22235e2f61646d696e2f7374727563747572652f776562666f726d2f636f6e6669672f7375626d697373696f6e732423734475223b733a31313a22706174685f746f6b656e73223b613a313a7b693a303b613a323a7b693a303b733a343a2274657874223b693a313b733a34333a222f61646d696e2f7374727563747572652f776562666f726d2f636f6e6669672f7375626d697373696f6e73223b7d7d733a393a22706174685f76617273223b613a303a7b7d733a31303a22686f73745f7265676578223b4e3b733a31313a22686f73745f746f6b656e73223b613a303a7b7d733a393a22686f73745f76617273223b613a303a7b7d733a333a22666974223b693a33313b733a31343a227061747465726e4f75746c696e65223b733a34333a222f61646d696e2f7374727563747572652f776562666f726d2f636f6e6669672f7375626d697373696f6e73223b733a383a226e756d5061727473223b693a353b7d7d7d7d, 5),
('webform.config.variants', '/admin/structure/webform/config/variants', '/admin/structure/webform/config/variants', 31, 0x433a33313a2253796d666f6e795c436f6d706f6e656e745c526f7574696e675c526f757465223a313036383a7b613a393a7b733a343a2270617468223b733a34303a222f61646d696e2f7374727563747572652f776562666f726d2f636f6e6669672f76617269616e7473223b733a343a22686f7374223b733a303a22223b733a383a2264656661756c7473223b613a323a7b733a353a225f666f726d223b733a36333a225c44727570616c5c776562666f726d5c466f726d5c41646d696e436f6e6669675c576562666f726d41646d696e436f6e66696756617269616e7473466f726d223b733a363a225f7469746c65223b733a33323a22576562666f726d733a2056617269616e747320636f6e66696775726174696f6e223b7d733a31323a22726571756972656d656e7473223b613a313a7b733a31313a225f7065726d697373696f6e223b733a31383a2261646d696e697374657220776562666f726d223b7d733a373a226f7074696f6e73223b613a343a7b733a31343a22636f6d70696c65725f636c617373223b733a33333a2244727570616c5c436f72655c526f7574696e675c526f757465436f6d70696c6572223b733a343a2275746638223b623a313b733a31323a225f61646d696e5f726f757465223b623a313b733a31343a225f6163636573735f636865636b73223b613a313a7b693a303b733a32333a226163636573735f636865636b2e7065726d697373696f6e223b7d7d733a373a22736368656d6573223b613a303a7b7d733a373a226d6574686f6473223b613a323a7b693a303b733a333a22474554223b693a313b733a343a22504f5354223b7d733a393a22636f6e646974696f6e223b733a303a22223b733a383a22636f6d70696c6564223b433a33333a2244727570616c5c436f72655c526f7574696e675c436f6d70696c6564526f757465223a3431383a7b613a31313a7b733a343a2276617273223b613a303a7b7d733a31313a22706174685f707265666978223b733a303a22223b733a31303a22706174685f7265676578223b733a34373a22235e2f61646d696e2f7374727563747572652f776562666f726d2f636f6e6669672f76617269616e74732423734475223b733a31313a22706174685f746f6b656e73223b613a313a7b693a303b613a323a7b693a303b733a343a2274657874223b693a313b733a34303a222f61646d696e2f7374727563747572652f776562666f726d2f636f6e6669672f76617269616e7473223b7d7d733a393a22706174685f76617273223b613a303a7b7d733a31303a22686f73745f7265676578223b4e3b733a31313a22686f73745f746f6b656e73223b613a303a7b7d733a393a22686f73745f76617273223b613a303a7b7d733a333a22666974223b693a33313b733a31343a227061747465726e4f75746c696e65223b733a34303a222f61646d696e2f7374727563747572652f776562666f726d2f636f6e6669672f76617269616e7473223b733a383a226e756d5061727473223b693a353b7d7d7d7d, 5),
('webform.element.autocomplete', '/webform/{webform}/autocomplete/{key}', '/webform/%/autocomplete/%', 10, 0x433a33313a2253796d666f6e795c436f6d706f6e656e745c526f7574696e675c526f757465223a313337303a7b613a393a7b733a343a2270617468223b733a33373a222f776562666f726d2f7b776562666f726d7d2f6175746f636f6d706c6574652f7b6b65797d223b733a343a22686f7374223b733a303a22223b733a383a2264656661756c7473223b613a313a7b733a31313a225f636f6e74726f6c6c6572223b733a36353a225c44727570616c5c776562666f726d5c436f6e74726f6c6c65725c576562666f726d456c656d656e74436f6e74726f6c6c65723a3a6175746f636f6d706c657465223b7d733a31323a22726571756972656d656e7473223b613a313a7b733a31343a225f656e746974795f616363657373223b733a32333a22776562666f726d2e7375626d697373696f6e5f70616765223b7d733a373a226f7074696f6e73223b613a343a7b733a31343a22636f6d70696c65725f636c617373223b733a33333a2244727570616c5c436f72655c526f7574696e675c526f757465436f6d70696c6572223b733a31303a22706172616d6574657273223b613a313a7b733a373a22776562666f726d223b613a323a7b733a343a2274797065223b733a31343a22656e746974793a776562666f726d223b733a393a22636f6e766572746572223b733a32313a22706172616d636f6e7665727465722e656e74697479223b7d7d733a343a2275746638223b623a313b733a31343a225f6163636573735f636865636b73223b613a313a7b693a303b733a31393a226163636573735f636865636b2e656e74697479223b7d7d733a373a22736368656d6573223b613a303a7b7d733a373a226d6574686f6473223b613a323a7b693a303b733a333a22474554223b693a313b733a343a22504f5354223b7d733a393a22636f6e646974696f6e223b733a303a22223b733a383a22636f6d70696c6564223b433a33333a2244727570616c5c436f72655c526f7574696e675c436f6d70696c6564526f757465223a3636353a7b613a31313a7b733a343a2276617273223b613a323a7b693a303b733a373a22776562666f726d223b693a313b733a333a226b6579223b7d733a31313a22706174685f707265666978223b733a303a22223b733a31303a22706174685f7265676578223b733a36343a22235e2f776562666f726d2f283f503c776562666f726d3e5b5e2f5d2b2b292f6175746f636f6d706c6574652f283f503c6b65793e5b5e2f5d2b2b292423734475223b733a31313a22706174685f746f6b656e73223b613a343a7b693a303b613a353a7b693a303b733a383a227661726961626c65223b693a313b733a313a222f223b693a323b733a363a225b5e2f5d2b2b223b693a333b733a333a226b6579223b693a343b623a313b7d693a313b613a323a7b693a303b733a343a2274657874223b693a313b733a31333a222f6175746f636f6d706c657465223b7d693a323b613a353a7b693a303b733a383a227661726961626c65223b693a313b733a313a222f223b693a323b733a363a225b5e2f5d2b2b223b693a333b733a373a22776562666f726d223b693a343b623a313b7d693a333b613a323a7b693a303b733a343a2274657874223b693a313b733a383a222f776562666f726d223b7d7d733a393a22706174685f76617273223b613a323a7b693a303b733a373a22776562666f726d223b693a313b733a333a226b6579223b7d733a31303a22686f73745f7265676578223b4e3b733a31313a22686f73745f746f6b656e73223b613a303a7b7d733a393a22686f73745f76617273223b613a303a7b7d733a333a22666974223b693a31303b733a31343a227061747465726e4f75746c696e65223b733a32353a222f776562666f726d2f252f6175746f636f6d706c6574652f25223b733a383a226e756d5061727473223b693a343b7d7d7d7d, 4),
('webform.element.message.close', '/webform/message/close/{storage}/{id}', '/webform/message/close/%/%', 28, 0x433a33313a2253796d666f6e795c436f6d706f6e656e745c526f7574696e675c526f757465223a313238343a7b613a393a7b733a343a2270617468223b733a33373a222f776562666f726d2f6d6573736167652f636c6f73652f7b73746f726167657d2f7b69647d223b733a343a22686f7374223b733a303a22223b733a383a2264656661756c7473223b613a323a7b733a31313a225f636f6e74726f6c6c6572223b733a35383a225c44727570616c5c776562666f726d5c436f6e74726f6c6c65725c576562666f726d456c656d656e74436f6e74726f6c6c65723a3a636c6f7365223b733a383a225f73746f72616765223b733a343a2275736572223b7d733a31323a22726571756972656d656e7473223b613a323a7b733a31383a225f757365725f69735f6c6f676765645f696e223b733a343a2254525545223b733a31313a225f637372665f746f6b656e223b733a343a2254525545223b7d733a373a226f7074696f6e73223b613a333a7b733a31343a22636f6d70696c65725f636c617373223b733a33333a2244727570616c5c436f72655c526f7574696e675c526f757465436f6d70696c6572223b733a343a2275746638223b623a313b733a31343a225f6163636573735f636865636b73223b613a323a7b693a303b733a33303a226163636573735f636865636b2e757365722e6c6f67696e5f737461747573223b693a313b733a31373a226163636573735f636865636b2e63737266223b7d7d733a373a22736368656d6573223b613a303a7b7d733a373a226d6574686f6473223b613a323a7b693a303b733a333a22474554223b693a313b733a343a22504f5354223b7d733a393a22636f6e646974696f6e223b733a303a22223b733a383a22636f6d70696c6564223b433a33333a2244727570616c5c436f72655c526f7574696e675c436f6d70696c6564526f757465223a3632383a7b613a31313a7b733a343a2276617273223b613a323a7b693a303b733a373a2273746f72616765223b693a313b733a323a226964223b7d733a31313a22706174685f707265666978223b733a303a22223b733a31303a22706174685f7265676578223b733a36343a22235e2f776562666f726d2f6d6573736167652f636c6f73652f283f503c73746f726167653e5b5e2f5d2b2b292f283f503c69643e5b5e2f5d2b2b292423734475223b733a31313a22706174685f746f6b656e73223b613a333a7b693a303b613a353a7b693a303b733a383a227661726961626c65223b693a313b733a313a222f223b693a323b733a363a225b5e2f5d2b2b223b693a333b733a323a226964223b693a343b623a313b7d693a313b613a353a7b693a303b733a383a227661726961626c65223b693a313b733a313a222f223b693a323b733a363a225b5e2f5d2b2b223b693a333b733a373a2273746f72616765223b693a343b623a313b7d693a323b613a323a7b693a303b733a343a2274657874223b693a313b733a32323a222f776562666f726d2f6d6573736167652f636c6f7365223b7d7d733a393a22706174685f76617273223b613a323a7b693a303b733a373a2273746f72616765223b693a313b733a323a226964223b7d733a31303a22686f73745f7265676578223b4e3b733a31313a22686f73745f746f6b656e73223b613a303a7b7d733a393a22686f73745f76617273223b613a303a7b7d733a333a22666974223b693a32383b733a31343a227061747465726e4f75746c696e65223b733a32363a222f776562666f726d2f6d6573736167652f636c6f73652f252f25223b733a383a226e756d5061727473223b693a353b7d7d7d7d, 5),
('webform.help', '/admin/structure/webform/help', '/admin/structure/webform/help', 15, 0x433a33313a2253796d666f6e795c436f6d706f6e656e745c526f7574696e675c526f757465223a313030363a7b613a393a7b733a343a2270617468223b733a32393a222f61646d696e2f7374727563747572652f776562666f726d2f68656c70223b733a343a22686f7374223b733a303a22223b733a383a2264656661756c7473223b613a323a7b733a31313a225f636f6e74726f6c6c6572223b733a35353a225c44727570616c5c776562666f726d5c436f6e74726f6c6c65725c576562666f726d48656c70436f6e74726f6c6c65723a3a696e646578223b733a363a225f7469746c65223b733a31343a22576562666f726d733a2048656c70223b7d733a31323a22726571756972656d656e7473223b613a313a7b733a31313a225f7065726d697373696f6e223b733a31393a2261636365737320776562666f726d2068656c70223b7d733a373a226f7074696f6e73223b613a343a7b733a31343a22636f6d70696c65725f636c617373223b733a33333a2244727570616c5c436f72655c526f7574696e675c526f757465436f6d70696c6572223b733a343a2275746638223b623a313b733a31323a225f61646d696e5f726f757465223b623a313b733a31343a225f6163636573735f636865636b73223b613a313a7b693a303b733a32333a226163636573735f636865636b2e7065726d697373696f6e223b7d7d733a373a22736368656d6573223b613a303a7b7d733a373a226d6574686f6473223b613a323a7b693a303b733a333a22474554223b693a313b733a343a22504f5354223b7d733a393a22636f6e646974696f6e223b733a303a22223b733a383a22636f6d70696c6564223b433a33333a2244727570616c5c436f72655c526f7574696e675c436f6d70696c6564526f757465223a3338353a7b613a31313a7b733a343a2276617273223b613a303a7b7d733a31313a22706174685f707265666978223b733a303a22223b733a31303a22706174685f7265676578223b733a33363a22235e2f61646d696e2f7374727563747572652f776562666f726d2f68656c702423734475223b733a31313a22706174685f746f6b656e73223b613a313a7b693a303b613a323a7b693a303b733a343a2274657874223b693a313b733a32393a222f61646d696e2f7374727563747572652f776562666f726d2f68656c70223b7d7d733a393a22706174685f76617273223b613a303a7b7d733a31303a22686f73745f7265676578223b4e3b733a31313a22686f73745f746f6b656e73223b613a303a7b7d733a393a22686f73745f76617273223b613a303a7b7d733a333a22666974223b693a31353b733a31343a227061747465726e4f75746c696e65223b733a32393a222f61646d696e2f7374727563747572652f776562666f726d2f68656c70223b733a383a226e756d5061727473223b693a343b7d7d7d7d, 4),
('webform.help.video', '/admin/help/webform/video/{id}', '/admin/help/webform/video/%', 30, 0x433a33313a2253796d666f6e795c436f6d706f6e656e745c526f7574696e675c526f757465223a313035363a7b613a393a7b733a343a2270617468223b733a33303a222f61646d696e2f68656c702f776562666f726d2f766964656f2f7b69647d223b733a343a22686f7374223b733a303a22223b733a383a2264656661756c7473223b613a313a7b733a353a225f666f726d223b733a34313a225c44727570616c5c776562666f726d5c466f726d5c576562666f726d48656c70566964656f466f726d223b7d733a31323a22726571756972656d656e7473223b613a313a7b733a31313a225f7065726d697373696f6e223b733a31343a2261636365737320636f6e74656e74223b7d733a373a226f7074696f6e73223b613a343a7b733a31343a22636f6d70696c65725f636c617373223b733a33333a2244727570616c5c436f72655c526f7574696e675c526f757465436f6d70696c6572223b733a343a2275746638223b623a313b733a31323a225f61646d696e5f726f757465223b623a313b733a31343a225f6163636573735f636865636b73223b613a313a7b693a303b733a32333a226163636573735f636865636b2e7065726d697373696f6e223b7d7d733a373a22736368656d6573223b613a303a7b7d733a373a226d6574686f6473223b613a323a7b693a303b733a333a22474554223b693a313b733a343a22504f5354223b7d733a393a22636f6e646974696f6e223b733a303a22223b733a383a22636f6d70696c6564223b433a33333a2244727570616c5c436f72655c526f7574696e675c436f6d70696c6564526f757465223a3439353a7b613a31313a7b733a343a2276617273223b613a313a7b693a303b733a323a226964223b7d733a31313a22706174685f707265666978223b733a303a22223b733a31303a22706174685f7265676578223b733a34373a22235e2f61646d696e2f68656c702f776562666f726d2f766964656f2f283f503c69643e5b5e2f5d2b2b292423734475223b733a31313a22706174685f746f6b656e73223b613a323a7b693a303b613a353a7b693a303b733a383a227661726961626c65223b693a313b733a313a222f223b693a323b733a363a225b5e2f5d2b2b223b693a333b733a323a226964223b693a343b623a313b7d693a313b613a323a7b693a303b733a343a2274657874223b693a313b733a32353a222f61646d696e2f68656c702f776562666f726d2f766964656f223b7d7d733a393a22706174685f76617273223b613a313a7b693a303b733a323a226964223b7d733a31303a22686f73745f7265676578223b4e3b733a31313a22686f73745f746f6b656e73223b613a303a7b7d733a393a22686f73745f76617273223b613a303a7b7d733a333a22666974223b693a33303b733a31343a227061747465726e4f75746c696e65223b733a32373a222f61646d696e2f68656c702f776562666f726d2f766964656f2f25223b733a383a226e756d5061727473223b693a353b7d7d7d7d, 5),
('webform.reports_plugins.elements', '/admin/reports/webform-plugins/elements', '/admin/reports/webform-plugins/elements', 15, 0x433a33313a2253796d666f6e795c436f6d706f6e656e745c526f7574696e675c526f757465223a313036363a7b613a393a7b733a343a2270617468223b733a33393a222f61646d696e2f7265706f7274732f776562666f726d2d706c7567696e732f656c656d656e7473223b733a343a22686f7374223b733a303a22223b733a383a2264656661756c7473223b613a323a7b733a31313a225f636f6e74726f6c6c6572223b733a36343a225c44727570616c5c776562666f726d5c436f6e74726f6c6c65725c576562666f726d506c7567696e456c656d656e74436f6e74726f6c6c65723a3a696e646578223b733a363a225f7469746c65223b733a32353a22576562666f726d20706c7567696e733a20456c656d656e7473223b7d733a31323a22726571756972656d656e7473223b613a313a7b733a31313a225f7065726d697373696f6e223b733a31383a2261646d696e697374657220776562666f726d223b7d733a373a226f7074696f6e73223b613a343a7b733a31343a22636f6d70696c65725f636c617373223b733a33333a2244727570616c5c436f72655c526f7574696e675c526f757465436f6d70696c6572223b733a343a2275746638223b623a313b733a31323a225f61646d696e5f726f757465223b623a313b733a31343a225f6163636573735f636865636b73223b613a313a7b693a303b733a32333a226163636573735f636865636b2e7065726d697373696f6e223b7d7d733a373a22736368656d6573223b613a303a7b7d733a373a226d6574686f6473223b613a323a7b693a303b733a333a22474554223b693a313b733a343a22504f5354223b7d733a393a22636f6e646974696f6e223b733a303a22223b733a383a22636f6d70696c6564223b433a33333a2244727570616c5c436f72655c526f7574696e675c436f6d70696c6564526f757465223a3431363a7b613a31313a7b733a343a2276617273223b613a303a7b7d733a31313a22706174685f707265666978223b733a303a22223b733a31303a22706174685f7265676578223b733a34373a22235e2f61646d696e2f7265706f7274732f776562666f726d5c2d706c7567696e732f656c656d656e74732423734475223b733a31313a22706174685f746f6b656e73223b613a313a7b693a303b613a323a7b693a303b733a343a2274657874223b693a313b733a33393a222f61646d696e2f7265706f7274732f776562666f726d2d706c7567696e732f656c656d656e7473223b7d7d733a393a22706174685f76617273223b613a303a7b7d733a31303a22686f73745f7265676578223b4e3b733a31313a22686f73745f746f6b656e73223b613a303a7b7d733a393a22686f73745f76617273223b613a303a7b7d733a333a22666974223b693a31353b733a31343a227061747465726e4f75746c696e65223b733a33393a222f61646d696e2f7265706f7274732f776562666f726d2d706c7567696e732f656c656d656e7473223b733a383a226e756d5061727473223b693a343b7d7d7d7d, 4),
('webform.reports_plugins.elements.test', '/admin/reports/webform-plugins/elements/{type}/test', '/admin/reports/webform-plugins/elements/%/test', 61, 0x433a33313a2253796d666f6e795c436f6d706f6e656e745c526f7574696e675c526f757465223a313338373a7b613a393a7b733a343a2270617468223b733a35313a222f61646d696e2f7265706f7274732f776562666f726d2d706c7567696e732f656c656d656e74732f7b747970657d2f74657374223b733a343a22686f7374223b733a303a22223b733a383a2264656661756c7473223b613a323a7b733a353a225f666f726d223b733a34383a225c44727570616c5c776562666f726d5f75695c466f726d5c576562666f726d5569456c656d656e7454657374466f726d223b733a363a225f7469746c65223b733a31323a225465737420656c656d656e74223b7d733a31323a22726571756972656d656e7473223b613a313a7b733a31313a225f7065726d697373696f6e223b733a31383a2261646d696e697374657220776562666f726d223b7d733a373a226f7074696f6e73223b613a353a7b733a31343a22636f6d70696c65725f636c617373223b733a33333a2244727570616c5c436f72655c526f7574696e675c526f757465436f6d70696c6572223b733a343a2275746638223b623a313b733a31303a22706172616d6574657273223b613a313a7b733a373a22776562666f726d223b613a323a7b733a343a2274797065223b733a31343a22656e746974793a776562666f726d223b733a393a22636f6e766572746572223b733a36333a2264727570616c2e70726f78795f6f726967696e616c5f736572766963652e706172616d636f6e7665727465722e636f6e666967656e746974795f61646d696e223b7d7d733a31323a225f61646d696e5f726f757465223b623a313b733a31343a225f6163636573735f636865636b73223b613a313a7b693a303b733a32333a226163636573735f636865636b2e7065726d697373696f6e223b7d7d733a373a22736368656d6573223b613a303a7b7d733a373a226d6574686f6473223b613a323a7b693a303b733a333a22474554223b693a313b733a343a22504f5354223b7d733a393a22636f6e646974696f6e223b733a303a22223b733a383a22636f6d70696c6564223b433a33333a2244727570616c5c436f72655c526f7574696e675c436f6d70696c6564526f757465223a3539373a7b613a31313a7b733a343a2276617273223b613a313a7b693a303b733a343a2274797065223b7d733a31313a22706174685f707265666978223b733a303a22223b733a31303a22706174685f7265676578223b733a36393a22235e2f61646d696e2f7265706f7274732f776562666f726d5c2d706c7567696e732f656c656d656e74732f283f503c747970653e5b5e2f5d2b2b292f746573742423734475223b733a31313a22706174685f746f6b656e73223b613a333a7b693a303b613a323a7b693a303b733a343a2274657874223b693a313b733a353a222f74657374223b7d693a313b613a353a7b693a303b733a383a227661726961626c65223b693a313b733a313a222f223b693a323b733a363a225b5e2f5d2b2b223b693a333b733a343a2274797065223b693a343b623a313b7d693a323b613a323a7b693a303b733a343a2274657874223b693a313b733a33393a222f61646d696e2f7265706f7274732f776562666f726d2d706c7567696e732f656c656d656e7473223b7d7d733a393a22706174685f76617273223b613a313a7b693a303b733a343a2274797065223b7d733a31303a22686f73745f7265676578223b4e3b733a31313a22686f73745f746f6b656e73223b613a303a7b7d733a393a22686f73745f76617273223b613a303a7b7d733a333a22666974223b693a36313b733a31343a227061747465726e4f75746c696e65223b733a34363a222f61646d696e2f7265706f7274732f776562666f726d2d706c7567696e732f656c656d656e74732f252f74657374223b733a383a226e756d5061727473223b693a363b7d7d7d7d, 6),
('webform.reports_plugins.exporters', '/admin/reports/webform-plugins/exporters', '/admin/reports/webform-plugins/exporters', 15, 0x433a33313a2253796d666f6e795c436f6d706f6e656e745c526f7574696e675c526f757465223a313037323a7b613a393a7b733a343a2270617468223b733a34303a222f61646d696e2f7265706f7274732f776562666f726d2d706c7567696e732f6578706f7274657273223b733a343a22686f7374223b733a303a22223b733a383a2264656661756c7473223b613a323a7b733a31313a225f636f6e74726f6c6c6572223b733a36353a225c44727570616c5c776562666f726d5c436f6e74726f6c6c65725c576562666f726d506c7567696e4578706f72746572436f6e74726f6c6c65723a3a696e646578223b733a363a225f7469746c65223b733a32363a22576562666f726d20706c7567696e733a204578706f7274657273223b7d733a31323a22726571756972656d656e7473223b613a313a7b733a31313a225f7065726d697373696f6e223b733a31383a2261646d696e697374657220776562666f726d223b7d733a373a226f7074696f6e73223b613a343a7b733a31343a22636f6d70696c65725f636c617373223b733a33333a2244727570616c5c436f72655c526f7574696e675c526f757465436f6d70696c6572223b733a343a2275746638223b623a313b733a31323a225f61646d696e5f726f757465223b623a313b733a31343a225f6163636573735f636865636b73223b613a313a7b693a303b733a32333a226163636573735f636865636b2e7065726d697373696f6e223b7d7d733a373a22736368656d6573223b613a303a7b7d733a373a226d6574686f6473223b613a323a7b693a303b733a333a22474554223b693a313b733a343a22504f5354223b7d733a393a22636f6e646974696f6e223b733a303a22223b733a383a22636f6d70696c6564223b433a33333a2244727570616c5c436f72655c526f7574696e675c436f6d70696c6564526f757465223a3431393a7b613a31313a7b733a343a2276617273223b613a303a7b7d733a31313a22706174685f707265666978223b733a303a22223b733a31303a22706174685f7265676578223b733a34383a22235e2f61646d696e2f7265706f7274732f776562666f726d5c2d706c7567696e732f6578706f72746572732423734475223b733a31313a22706174685f746f6b656e73223b613a313a7b693a303b613a323a7b693a303b733a343a2274657874223b693a313b733a34303a222f61646d696e2f7265706f7274732f776562666f726d2d706c7567696e732f6578706f7274657273223b7d7d733a393a22706174685f76617273223b613a303a7b7d733a31303a22686f73745f7265676578223b4e3b733a31313a22686f73745f746f6b656e73223b613a303a7b7d733a393a22686f73745f76617273223b613a303a7b7d733a333a22666974223b693a31353b733a31343a227061747465726e4f75746c696e65223b733a34303a222f61646d696e2f7265706f7274732f776562666f726d2d706c7567696e732f6578706f7274657273223b733a383a226e756d5061727473223b693a343b7d7d7d7d, 4),
('webform.reports_plugins.handlers', '/admin/reports/webform-plugins/handlers', '/admin/reports/webform-plugins/handlers', 15, 0x433a33313a2253796d666f6e795c436f6d706f6e656e745c526f7574696e675c526f757465223a313036363a7b613a393a7b733a343a2270617468223b733a33393a222f61646d696e2f7265706f7274732f776562666f726d2d706c7567696e732f68616e646c657273223b733a343a22686f7374223b733a303a22223b733a383a2264656661756c7473223b613a323a7b733a31313a225f636f6e74726f6c6c6572223b733a36343a225c44727570616c5c776562666f726d5c436f6e74726f6c6c65725c576562666f726d506c7567696e48616e646c6572436f6e74726f6c6c65723a3a696e646578223b733a363a225f7469746c65223b733a32353a22576562666f726d20706c7567696e733a2048616e646c657273223b7d733a31323a22726571756972656d656e7473223b613a313a7b733a31313a225f7065726d697373696f6e223b733a31383a2261646d696e697374657220776562666f726d223b7d733a373a226f7074696f6e73223b613a343a7b733a31343a22636f6d70696c65725f636c617373223b733a33333a2244727570616c5c436f72655c526f7574696e675c526f757465436f6d70696c6572223b733a343a2275746638223b623a313b733a31323a225f61646d696e5f726f757465223b623a313b733a31343a225f6163636573735f636865636b73223b613a313a7b693a303b733a32333a226163636573735f636865636b2e7065726d697373696f6e223b7d7d733a373a22736368656d6573223b613a303a7b7d733a373a226d6574686f6473223b613a323a7b693a303b733a333a22474554223b693a313b733a343a22504f5354223b7d733a393a22636f6e646974696f6e223b733a303a22223b733a383a22636f6d70696c6564223b433a33333a2244727570616c5c436f72655c526f7574696e675c436f6d70696c6564526f757465223a3431363a7b613a31313a7b733a343a2276617273223b613a303a7b7d733a31313a22706174685f707265666978223b733a303a22223b733a31303a22706174685f7265676578223b733a34373a22235e2f61646d696e2f7265706f7274732f776562666f726d5c2d706c7567696e732f68616e646c6572732423734475223b733a31313a22706174685f746f6b656e73223b613a313a7b693a303b613a323a7b693a303b733a343a2274657874223b693a313b733a33393a222f61646d696e2f7265706f7274732f776562666f726d2d706c7567696e732f68616e646c657273223b7d7d733a393a22706174685f76617273223b613a303a7b7d733a31303a22686f73745f7265676578223b4e3b733a31313a22686f73745f746f6b656e73223b613a303a7b7d733a393a22686f73745f76617273223b613a303a7b7d733a333a22666974223b693a31353b733a31343a227061747465726e4f75746c696e65223b733a33393a222f61646d696e2f7265706f7274732f776562666f726d2d706c7567696e732f68616e646c657273223b733a383a226e756d5061727473223b693a343b7d7d7d7d, 4);
INSERT INTO `router` (`name`, `path`, `pattern_outline`, `fit`, `route`, `number_parts`) VALUES
('webform.reports_plugins.variants', '/admin/reports/webform-plugins/variants', '/admin/reports/webform-plugins/variants', 15, 0x433a33313a2253796d666f6e795c436f6d706f6e656e745c526f7574696e675c526f757465223a313036363a7b613a393a7b733a343a2270617468223b733a33393a222f61646d696e2f7265706f7274732f776562666f726d2d706c7567696e732f76617269616e7473223b733a343a22686f7374223b733a303a22223b733a383a2264656661756c7473223b613a323a7b733a31313a225f636f6e74726f6c6c6572223b733a36343a225c44727570616c5c776562666f726d5c436f6e74726f6c6c65725c576562666f726d506c7567696e56617269616e74436f6e74726f6c6c65723a3a696e646578223b733a363a225f7469746c65223b733a32353a22576562666f726d20706c7567696e733a2056617269616e7473223b7d733a31323a22726571756972656d656e7473223b613a313a7b733a31313a225f7065726d697373696f6e223b733a31383a2261646d696e697374657220776562666f726d223b7d733a373a226f7074696f6e73223b613a343a7b733a31343a22636f6d70696c65725f636c617373223b733a33333a2244727570616c5c436f72655c526f7574696e675c526f757465436f6d70696c6572223b733a343a2275746638223b623a313b733a31323a225f61646d696e5f726f757465223b623a313b733a31343a225f6163636573735f636865636b73223b613a313a7b693a303b733a32333a226163636573735f636865636b2e7065726d697373696f6e223b7d7d733a373a22736368656d6573223b613a303a7b7d733a373a226d6574686f6473223b613a323a7b693a303b733a333a22474554223b693a313b733a343a22504f5354223b7d733a393a22636f6e646974696f6e223b733a303a22223b733a383a22636f6d70696c6564223b433a33333a2244727570616c5c436f72655c526f7574696e675c436f6d70696c6564526f757465223a3431363a7b613a31313a7b733a343a2276617273223b613a303a7b7d733a31313a22706174685f707265666978223b733a303a22223b733a31303a22706174685f7265676578223b733a34373a22235e2f61646d696e2f7265706f7274732f776562666f726d5c2d706c7567696e732f76617269616e74732423734475223b733a31313a22706174685f746f6b656e73223b613a313a7b693a303b613a323a7b693a303b733a343a2274657874223b693a313b733a33393a222f61646d696e2f7265706f7274732f776562666f726d2d706c7567696e732f76617269616e7473223b7d7d733a393a22706174685f76617273223b613a303a7b7d733a31303a22686f73745f7265676578223b4e3b733a31313a22686f73745f746f6b656e73223b613a303a7b7d733a393a22686f73745f76617273223b613a303a7b7d733a333a22666974223b693a31353b733a31343a227061747465726e4f75746c696e65223b733a33393a222f61646d696e2f7265706f7274732f776562666f726d2d706c7567696e732f76617269616e7473223b733a383a226e756d5061727473223b693a343b7d7d7d7d, 4),
('webform_submission.multiple_delete_confirm', '/admin/structure/webform/results/delete', '/admin/structure/webform/results/delete', 31, 0x433a33313a2253796d666f6e795c436f6d706f6e656e745c526f7574696e675c526f757465223a313037313a7b613a393a7b733a343a2270617468223b733a33393a222f61646d696e2f7374727563747572652f776562666f726d2f726573756c74732f64656c657465223b733a343a22686f7374223b733a303a22223b733a383a2264656661756c7473223b613a313a7b733a353a225f666f726d223b733a35323a225c44727570616c5c776562666f726d5c466f726d5c576562666f726d5375626d697373696f6e44656c6574654d756c7469706c65223b7d733a31323a22726571756972656d656e7473223b613a313a7b733a31313a225f7065726d697373696f6e223b733a38393a2261646d696e697374657220776562666f726d207375626d697373696f6e2b64656c65746520616e7920776562666f726d207375626d697373696f6e2b64656c657465206f776e20776562666f726d207375626d697373696f6e223b7d733a373a226f7074696f6e73223b613a343a7b733a31343a22636f6d70696c65725f636c617373223b733a33333a2244727570616c5c436f72655c526f7574696e675c526f757465436f6d70696c6572223b733a343a2275746638223b623a313b733a31323a225f61646d696e5f726f757465223b623a313b733a31343a225f6163636573735f636865636b73223b613a313a7b693a303b733a32333a226163636573735f636865636b2e7065726d697373696f6e223b7d7d733a373a22736368656d6573223b613a303a7b7d733a373a226d6574686f6473223b613a323a7b693a303b733a333a22474554223b693a313b733a343a22504f5354223b7d733a393a22636f6e646974696f6e223b733a303a22223b733a383a22636f6d70696c6564223b433a33333a2244727570616c5c436f72655c526f7574696e675c436f6d70696c6564526f757465223a3431353a7b613a31313a7b733a343a2276617273223b613a303a7b7d733a31313a22706174685f707265666978223b733a303a22223b733a31303a22706174685f7265676578223b733a34363a22235e2f61646d696e2f7374727563747572652f776562666f726d2f726573756c74732f64656c6574652423734475223b733a31313a22706174685f746f6b656e73223b613a313a7b693a303b613a323a7b693a303b733a343a2274657874223b693a313b733a33393a222f61646d696e2f7374727563747572652f776562666f726d2f726573756c74732f64656c657465223b7d7d733a393a22706174685f76617273223b613a303a7b7d733a31303a22686f73745f7265676578223b4e3b733a31313a22686f73745f746f6b656e73223b613a303a7b7d733a393a22686f73745f76617273223b613a303a7b7d733a333a22666974223b693a33313b733a31343a227061747465726e4f75746c696e65223b733a33393a222f61646d696e2f7374727563747572652f776562666f726d2f726573756c74732f64656c657465223b733a383a226e756d5061727473223b693a353b7d7d7d7d, 5);

-- --------------------------------------------------------

--
-- Estructura de tabla para la tabla `search_dataset`
--

CREATE TABLE IF NOT EXISTS `search_dataset` (
  `sid` int(10) UNSIGNED NOT NULL DEFAULT 0 COMMENT 'Search item ID, e.g. node ID for nodes.',
  `langcode` varchar(12) CHARACTER SET ascii NOT NULL DEFAULT '' COMMENT 'The languages.langcode of the item variant.',
  `type` varchar(64) CHARACTER SET ascii NOT NULL COMMENT 'Type of item, e.g. node.',
  `data` longtext NOT NULL COMMENT 'List of space-separated words from the item.',
  `reindex` int(10) UNSIGNED NOT NULL DEFAULT 0 COMMENT 'Set to force node reindexing.',
  PRIMARY KEY (`sid`,`langcode`,`type`)
) ENGINE=InnoDB DEFAULT CHARSET=utf8mb4 COMMENT='Stores items that will be searched.';

--
-- Volcado de datos para la tabla `search_dataset`
--

INSERT INTO `search_dataset` (`sid`, `langcode`, `type`, `data`, `reindex`) VALUES
(1, 'es', 'node_search', ' politica de uso de cookies politica de uso de cookies webadmin vie 1102021 737 1 que son las cookies  una cookie es una informacion enviada por un canal digital sitio web o aplicacion del editor colombiana de comercio sa almacenada en el navegador del usuario de manera que el sitio web o aplicacion del aquel puede consultar la actividad del navegador o dispositivo del usuario las cookies se utilizan principalmente para conocer si un usuario ha navegado un sitio web a fin de facilitarle la navegacion por contenidos de interes reconociendo sus habitos de navegacion y ayudando a recordar el comportamiento de este para proporcionarle una mejor experiencia en proximas oportunidades las cookies son utilizadas independientemente de si los usuarios son anonimos o se encuentra registrados en la web del editor para mayor claridad las cookies no son un spam gusanos informaticos ni ningun otro tipo de virus que pueda danar los navegadores o dispositivos del usuario 2 informacion general y autorizacion para el uso de cookies para mejorar la experiencia de usuario y la navegacion en sus canales digitales colombiana de comercio sa utiliza cookies propias y de terceros para el almacenamiento y recuperacion de datos el uso de cookies por parte de colombiana de comercio se informa al usuario al momento de su ingreso a los canales digitales de aquella poniendo a su disposicion la informacion completa sobre la politica de uso de cookies de colombiana de comercio sa tal como tipos de cookies finalidad con la que se almacenan vehiculos para deshabilitarlas y consecuencias de hacerlo para la navegacion por lo anterior si el usuario continua navegando a traves de los canales digitales de colombiana de comercio sa luego de que se le informa de manera completa sobre el uso de cookies se entiende por parte de esta la autorizacion inequivoca para el almacenamiento y utilizacion de cookies con las finalidades contenidas en la politica de uso de cookies de colombiana de comercio sa incluyendo la autorizacion para el tratamiento de datos personales en caso de haberlos en los terminos del articulo 2222524 del decreto 1074 de 2015 la autorizacion otorgada por el usuario para el uso de cookies se presta para los diferentes canales digitales de las diferentes unidades de negocio de colombiana de comercio sa enunciadas en su politica de privacidad a pesar de lo explicado el usuario se encuentra facultado para inhabilitar el uso de cookies a traves de su navegador tal y como se explica mas adelante asi como para eliminar las cookies que han sido almacenadas previamente en caso tal de haberse tratado datos personales por colombiana de comercio sa como se explica a continuacion contara con los canales habilitados para el ejercicio de su derecho de habeas data para mayor claridad se informa que el acceso por parte del usuario a los canales digitales de colombiana de comercio sa implica tambien el uso y o almacenamiento de los siguientes tipos de cookies i cookies tecnicas ii cookies de seguridad iii cookies para servicios expresamente solicitados como las de sesion o entrada de usuario iv cookies de personalizacion 3 tratamiento de datos personales en caso tal de realizarse labores de tratamiento de datos personales asociadas a la obtencion y almacenamiento de cookies por parte de colombiana de comercio sa el usuario en calidad de titular de los datos personales autoriza su tratamiento para las labores que se identifican en la presente politicas de cookies para cada tipo de estas de acuerdo con su finalidad dicho tratamiento podra encargarse a terceros ubicados dentro y fuera del pais al titular de datos personales le asistiran los siguientes derechos i conocer actualizar rectificar y acceder a su informacion y al tratamiento dado a esta ii solicitar prueba de esta autorizacion y revocarla en los terminos de ley ii y presentar quejas ante la superintendencia de industria y comercio dichos derechos podran ejercerse a traves de los siguientes canales i datospersonales corbetacomco ii calle 11 n 31 a 42 bogota para mas informacion puede consultarse la politica de privacidad y proteccion de datos personales de colombiana de comercio sa en el siguiente link  http wwwmidiacomco politicasprivacidad 4 tipos de cookies para la navegacion a traves de sus canales digitales colombiana de comercio sa utiliza cookies propias y de terceros a cookies propias son las que envian a los navegadores y dispositivos del usuario los sitios web y o aplicaciones gestionados por colombiana de comercio sa desde los cuales se presta el servicio solicitado por el usuario b cookies de terceros son las que se envian a los navegadores y dispositivos del usuario desde un equipo o dominio que no es gestionado por colombiana de comercio sa tambien son cookies de terceros aquellas que enviadas a traves de aplicaciones gestionadas a traves de colombiana de comercio sa la informacion que almacenan se procesa desde dispositivos o aplicaciones de terceros adicionalmente en cuanto a la finalidad con la que son tratadas las cookies colombiana de comercio sa utiliza los siguientes tipos a cookies tecnicas permiten al usuario navegar por los canales digitales de colombiana de comercio sa y hacer uso de las multiples opciones o servicios de dicho canal tales como la identificacion de la cesion el acceso a contenidos restringidos la garantia del no repudio y autenticidad la utilizacion de elementos de seguridad durante la navegacion la realizacion del proceso de compra de un producto de la solicitud de inscripcion o participacion en un evento y la autorizacion del trafico o acceso hacia un servicio especifico solicitado b cookies de seguridad permiten a colombiana de comercio sa autenticar a sus usuarios evitar el uso fraudulento de credenciales de inicio de sesion y proteger los datos frente a usos no autorizados por terceros c cookies de personalizacion permiten al usuario de los canales digitales de colombiana de comercio sa acceder al servicio con algunas caracteristicas generales predefinidas en funcion de criterios de su navegador o aplicativo tales como el idioma y la configuracion por zona del bien o servicio d cookies de analisis permiten a colombiana de comercio sa seguir y analizar el comportamiento de los usuarios de sus canales digitales sirviendo a la medicion de la actividad de los canales y a la elaboracion de perfiles de usuario para asi brindar una mejora en la experiencia de navegacion e cookies publicitarias permiten a colombiana de comercio sa mejorar la gestion de los espacios publicitarios de sus canales digitales asimismo si son cookies publicitarias comportamentales permiten almacenar informacion del comportamiento del usuario que se obtiene desde la observacion de sus habitos logrando desarrollar un perfil especifico para la publicidad orientada 5 como deshabilitar el uso de cookies y sus consecuencias los usuarios de los canales digitales de colombiana de comercio sa pueden inhabilitar en cualquier tiempo el uso de cookies desde sus navegadores asi como eliminar las cookies ya creadas para hacerlo deben dirigirse a las secciones de opciones o preferencias de los navegadores ubicadas en la barra de herramientas inhabilitar las cookies podria comprometer o deshabilitar algunas funcionalidades de los canales digitales de colombiana de comercio sa tales como a el ingreso a los sitios web sin necesidad de indicar en cada ingreso el usuario y contrasena b la publicacion de comentarios dentro de los sitios web c el acceso al contenido sin restriccion dentro de los sitios web d la seguridad en el uso de la informacion que se ingresa a los sitios web e la agilidad de los servicios de los sitios web de colombiana de comercio sa f la prestacion de servicios especificos por parte de colombiana de comercio sa 6 cambios en la politica de cookies para dar cumplimiento a las necesidades normativas al igual que con las finalidades de brindar una mejor experiencia de navegacion y un uso seguro de los datos de los usuarios colombiana de comercio sa se reserva la facultad de actualizar esta politica de tiempo en tiempo la cual podra consultarse a traves de sus canales digitales cada vez que los usuarios accedan a los mismos 7 ejercicio de derechos frente al editor los usuarios podran en cualquier tiempo ejercer su derecho de inhabilitar el uso de cookies o eliminar aquellas almacenadas en sus equipos y navegadores de acuerdo con la explicacion del numeral 5 de esta politica sin embargo los usuarios deberan tener presente que el solo ingreso a los canales digitales de colombiana de comercio sa con posterioridad a la eliminacion de las cookies almacenadas podra comprender el nuevo uso o almacenamiento de aquellas especificadas en el ultimo inciso del numeral 2 de esta politica colombiana de comercio sa informa a los usuarios de sus canales digitales que la inhabilitacion de cookies o la eliminacion de estas en sus equipos o navegadores no comporta la revocatoria de la autorizacion para el tratamiento de sus datos personales todo ejercicio del derecho de habeas data por parte del titular frente a colombiana de comercio sa debera ser canalizado a traves de los medios habilitados por esta tal y como se explica en el numera 3 de esta politica  ', 0),
(2, 'es', 'node_search', ' la pagina web que buscas no existe la pagina web que buscas no existe webadmin vie 1102021 821 senor usuario dia sin iva le informa que la pagina no existe o no fue encontrada por favor sugerimos ir a la pagina principal   ', 0);

-- --------------------------------------------------------

--
-- Estructura de tabla para la tabla `search_index`
--

CREATE TABLE IF NOT EXISTS `search_index` (
  `word` varchar(50) NOT NULL DEFAULT '' COMMENT 'The search_total.word that is associated with the search item.',
  `sid` int(10) UNSIGNED NOT NULL DEFAULT 0 COMMENT 'The search_dataset.sid of the searchable item to which the word belongs.',
  `langcode` varchar(12) CHARACTER SET ascii NOT NULL DEFAULT '' COMMENT 'The languages.langcode of the item variant.',
  `type` varchar(64) CHARACTER SET ascii NOT NULL COMMENT 'The search_dataset.type of the searchable item to which the word belongs.',
  `score` float DEFAULT NULL COMMENT 'The numeric score of the word, higher being more important.',
  PRIMARY KEY (`word`,`sid`,`langcode`,`type`),
  KEY `sid_type` (`sid`,`langcode`,`type`)
) ENGINE=InnoDB DEFAULT CHARSET=utf8mb4 COMMENT='Stores the search index, associating words, items and…';

--
-- Volcado de datos para la tabla `search_index`
--

INSERT INTO `search_index` (`word`, `sid`, `langcode`, `type`, `score`) VALUES
('1', 1, 'es', 'node_search', 19),
('1074', 1, 'es', 'node_search', 0.906287),
('11', 1, 'es', 'node_search', 0.683725),
('1102021', 1, 'es', 'node_search', 1),
('1102021', 2, 'es', 'node_search', 1),
('2', 1, 'es', 'node_search', 1.4745),
('2015', 1, 'es', 'node_search', 0.902857),
('2222524', 1, 'es', 'node_search', 0.913226),
('3', 1, 'es', 'node_search', 1.24303),
('31', 1, 'es', 'node_search', 0.681785),
('4', 1, 'es', 'node_search', 0.662985),
('42', 1, 'es', 'node_search', 0.679856),
('5', 1, 'es', 'node_search', 1.02003),
('6', 1, 'es', 'node_search', 0.504001),
('7', 1, 'es', 'node_search', 0.489781),
('737', 1, 'es', 'node_search', 1),
('821', 2, 'es', 'node_search', 1),
('accedan', 1, 'es', 'node_search', 0.491762),
('acceder', 1, 'es', 'node_search', 1.29715),
('acceso', 1, 'es', 'node_search', 2.53269),
('actividad', 1, 'es', 'node_search', 1.5573),
('actualizar', 1, 'es', 'node_search', 1.21659),
('acuerdo', 1, 'es', 'node_search', 1.23213),
('adelante', 1, 'es', 'node_search', 0.857458),
('adicionalmente', 1, 'es', 'node_search', 0.635),
('agilidad', 1, 'es', 'node_search', 0.507159),
('algunas', 1, 'es', 'node_search', 1.09663),
('almacenada', 1, 'es', 'node_search', 1),
('almacenadas', 1, 'es', 'node_search', 1.80933),
('almacenamiento', 1, 'es', 'node_search', 3.99395),
('almacenan', 1, 'es', 'node_search', 1.63668),
('almacenar', 1, 'es', 'node_search', 0.544759),
('analisis', 1, 'es', 'node_search', 0.563797),
('analizar', 1, 'es', 'node_search', 0.561181),
('anonimos', 1, 'es', 'node_search', 1),
('ante', 1, 'es', 'node_search', 0.7017),
('anterior', 1, 'es', 'node_search', 0.980874),
('aplicacion', 1, 'es', 'node_search', 2),
('aplicaciones', 1, 'es', 'node_search', 1.93091),
('aplicativo', 1, 'es', 'node_search', 0.570448),
('aquel', 1, 'es', 'node_search', 1),
('aquella', 1, 'es', 'node_search', 1),
('aquellas', 1, 'es', 'node_search', 1.60687),
('articulo', 1, 'es', 'node_search', 0.916736),
('asi', 1, 'es', 'node_search', 1.93843),
('asimismo', 1, 'es', 'node_search', 0.547222),
('asistiran', 1, 'es', 'node_search', 0.727213),
('asociadas', 1, 'es', 'node_search', 0.769219),
('autenticar', 1, 'es', 'node_search', 0.591395),
('autenticidad', 1, 'es', 'node_search', 0.61241),
('autoriza', 1, 'es', 'node_search', 0.759465),
('autorizacion', 1, 'es', 'node_search', 5.56507),
('autorizados', 1, 'es', 'node_search', 0.580033),
('ayudando', 1, 'es', 'node_search', 1),
('barra', 1, 'es', 'node_search', 0.522445),
('bien', 1, 'es', 'node_search', 0.565115),
('bogota', 1, 'es', 'node_search', 0.677939),
('brindar', 1, 'es', 'node_search', 1.05153),
('buscas', 2, 'es', 'node_search', 27),
('cada', 1, 'es', 'node_search', 1.75631),
('calidad', 1, 'es', 'node_search', 0.76431),
('calle', 1, 'es', 'node_search', 0.685676),
('cambios', 1, 'es', 'node_search', 0.502958),
('canal', 1, 'es', 'node_search', 1.62189),
('canales', 1, 'es', 'node_search', 12.206),
('canalizado', 1, 'es', 'node_search', 0.469016),
('caracteristicas', 1, 'es', 'node_search', 0.577261),
('caso', 1, 'es', 'node_search', 2.53807),
('cesion', 1, 'es', 'node_search', 0.618696),
('claridad', 1, 'es', 'node_search', 1.81092),
('colombiana', 1, 'es', 'node_search', 19.9773),
('comentarios', 1, 'es', 'node_search', 0.511433),
('comercio', 1, 'es', 'node_search', 20.6729),
('como', 1, 'es', 'node_search', 7.5667),
('completa', 1, 'es', 'node_search', 1.96109),
('comporta', 1, 'es', 'node_search', 0.473576),
('comportamentales', 1, 'es', 'node_search', 0.545988),
('comportamiento', 1, 'es', 'node_search', 2.10342),
('compra', 1, 'es', 'node_search', 0.604732),
('comprender', 1, 'es', 'node_search', 0.479169),
('comprometer', 1, 'es', 'node_search', 0.519091),
('con', 1, 'es', 'node_search', 6.18872),
('configuracion', 1, 'es', 'node_search', 0.567769),
('conocer', 1, 'es', 'node_search', 1.72283),
('consecuencias', 1, 'es', 'node_search', 1.5218),
('consultar', 1, 'es', 'node_search', 1),
('consultarse', 1, 'es', 'node_search', 1.16879),
('contara', 1, 'es', 'node_search', 0.827757),
('contenidas', 1, 'es', 'node_search', 0.942091),
('contenido', 1, 'es', 'node_search', 0.510357),
('contenidos', 1, 'es', 'node_search', 1.61711),
('continua', 1, 'es', 'node_search', 0.976851),
('continuacion', 1, 'es', 'node_search', 0.830633),
('contrasena', 1, 'es', 'node_search', 0.513597),
('cookie', 1, 'es', 'node_search', 1),
('cookies', 1, 'es', 'node_search', 76.3548),
('corbetacomco', 1, 'es', 'node_search', 0.687638),
('creadas', 1, 'es', 'node_search', 0.529288),
('credenciales', 1, 'es', 'node_search', 0.587082),
('criterios', 1, 'es', 'node_search', 0.571798),
('cual', 1, 'es', 'node_search', 0.49376),
('cuales', 1, 'es', 'node_search', 0.652202),
('cualquier', 1, 'es', 'node_search', 1.02041),
('cuanto', 1, 'es', 'node_search', 0.63333),
('cumplimiento', 1, 'es', 'node_search', 0.500884),
('dado', 1, 'es', 'node_search', 0.716357),
('danar', 1, 'es', 'node_search', 1),
('dar', 1, 'es', 'node_search', 0.501918),
('data', 1, 'es', 'node_search', 1.2845),
('datos', 1, 'es', 'node_search', 8.01437),
('datospersonales', 1, 'es', 'node_search', 0.689612),
('deben', 1, 'es', 'node_search', 0.528135),
('debera', 1, 'es', 'node_search', 0.470829),
('deberan', 1, 'es', 'node_search', 0.483934),
('decreto', 1, 'es', 'node_search', 0.909743),
('del', 1, 'es', 'node_search', 17.0406),
('dentro', 1, 'es', 'node_search', 1.75247),
('derecho', 1, 'es', 'node_search', 1.77789),
('derechos', 1, 'es', 'node_search', 1.90741),
('desarrollar', 1, 'es', 'node_search', 0.539902),
('desde', 1, 'es', 'node_search', 3.00752),
('deshabilitar', 1, 'es', 'node_search', 1.05193),
('deshabilitarlas', 1, 'es', 'node_search', 0.993146),
('dia', 2, 'es', 'node_search', 1),
('dicho', 1, 'es', 'node_search', 1.36487),
('dichos', 1, 'es', 'node_search', 0.695602),
('diferentes', 1, 'es', 'node_search', 1.78212),
('digital', 1, 'es', 'node_search', 1),
('digitales', 1, 'es', 'node_search', 10.1342),
('dirigirse', 1, 'es', 'node_search', 0.526987),
('disposicion', 1, 'es', 'node_search', 1),
('dispositivo', 1, 'es', 'node_search', 1),
('dispositivos', 1, 'es', 'node_search', 2.94129),
('dominio', 1, 'es', 'node_search', 0.645209),
('durante', 1, 'es', 'node_search', 0.609315),
('editor', 1, 'es', 'node_search', 2.4888),
('ejercer', 1, 'es', 'node_search', 0.488796),
('ejercerse', 1, 'es', 'node_search', 0.691597),
('ejercicio', 1, 'es', 'node_search', 1.78169),
('elaboracion', 1, 'es', 'node_search', 0.557303),
('elementos', 1, 'es', 'node_search', 0.610858),
('eliminacion', 1, 'es', 'node_search', 0.95369),
('eliminar', 1, 'es', 'node_search', 1.86845),
('embargo', 1, 'es', 'node_search', 0.484898),
('encargarse', 1, 'es', 'node_search', 0.738408),
('encontrada', 2, 'es', 'node_search', 1),
('encuentra', 1, 'es', 'node_search', 1.86995),
('entiende', 1, 'es', 'node_search', 0.961087),
('entrada', 1, 'es', 'node_search', 0.781775),
('enunciadas', 1, 'es', 'node_search', 0.882818),
('enviada', 1, 'es', 'node_search', 1),
('enviadas', 1, 'es', 'node_search', 0.640063),
('envian', 1, 'es', 'node_search', 1.30811),
('equipo', 1, 'es', 'node_search', 0.646943),
('equipos', 1, 'es', 'node_search', 0.961392),
('espacios', 1, 'es', 'node_search', 0.549707),
('especificadas', 1, 'es', 'node_search', 0.47729),
('especifico', 1, 'es', 'node_search', 1.13035),
('especificos', 1, 'es', 'node_search', 0.50505),
('esta', 1, 'es', 'node_search', 4.76815),
('estas', 1, 'es', 'node_search', 1.22119),
('este', 1, 'es', 'node_search', 1),
('evento', 1, 'es', 'node_search', 0.597248),
('evitar', 1, 'es', 'node_search', 0.58995),
('existe', 2, 'es', 'node_search', 28),
('experiencia', 1, 'es', 'node_search', 3.049),
('explica', 1, 'es', 'node_search', 2.16151),
('explicacion', 1, 'es', 'node_search', 0.486839),
('explicado', 1, 'es', 'node_search', 0.873132),
('expresamente', 1, 'es', 'node_search', 0.78951),
('facilitarle', 1, 'es', 'node_search', 1),
('facultad', 1, 'es', 'node_search', 0.494765),
('facultado', 1, 'es', 'node_search', 0.869951),
('favor', 2, 'es', 'node_search', 1),
('fin', 1, 'es', 'node_search', 1),
('finalidad', 1, 'es', 'node_search', 2.37465),
('finalidades', 1, 'es', 'node_search', 1.44262),
('fraudulento', 1, 'es', 'node_search', 0.588512),
('frente', 1, 'es', 'node_search', 1.54246),
('fue', 2, 'es', 'node_search', 1),
('fuera', 1, 'es', 'node_search', 0.731649),
('funcion', 1, 'es', 'node_search', 0.573154),
('funcionalidades', 1, 'es', 'node_search', 0.517983),
('garantia', 1, 'es', 'node_search', 0.615536),
('general', 1, 'es', 'node_search', 1),
('generales', 1, 'es', 'node_search', 0.575885),
('gestion', 1, 'es', 'node_search', 0.550958),
('gestionadas', 1, 'es', 'node_search', 0.638366),
('gestionado', 1, 'es', 'node_search', 0.643484),
('gestionados', 1, 'es', 'node_search', 0.655756),
('gusanos', 1, 'es', 'node_search', 1),
('habeas', 1, 'es', 'node_search', 1.28728),
('haberlos', 1, 'es', 'node_search', 0.923838),
('haberse', 1, 'es', 'node_search', 0.836446),
('habilitados', 1, 'es', 'node_search', 1.29212),
('habitos', 1, 'es', 'node_search', 1.54111),
('hacer', 1, 'es', 'node_search', 0.62674),
('hacerlo', 1, 'es', 'node_search', 1.51307),
('hacia', 1, 'es', 'node_search', 0.594307),
('han', 1, 'es', 'node_search', 0.848323),
('herramientas', 1, 'es', 'node_search', 0.521322),
('http', 1, 'es', 'node_search', 7.35365),
('identificacion', 1, 'es', 'node_search', 0.620288),
('identifican', 1, 'es', 'node_search', 0.757065),
('idioma', 1, 'es', 'node_search', 0.569105),
('igual', 1, 'es', 'node_search', 0.497805),
('iii', 1, 'es', 'node_search', 0.794753),
('implica', 1, 'es', 'node_search', 0.808176),
('inciso', 1, 'es', 'node_search', 0.475426),
('incluyendo', 1, 'es', 'node_search', 0.938382),
('independientemente', 1, 'es', 'node_search', 1),
('indicar', 1, 'es', 'node_search', 0.514686),
('industria', 1, 'es', 'node_search', 0.697623),
('inequivoca', 1, 'es', 'node_search', 0.953396),
('informa', 1, 'es', 'node_search', 3.2465),
('informa', 2, 'es', 'node_search', 1),
('informacion', 1, 'es', 'node_search', 6.08083),
('informaticos', 1, 'es', 'node_search', 1),
('ingresa', 1, 'es', 'node_search', 0.508221),
('ingreso', 1, 'es', 'node_search', 2.51154),
('inhabilitacion', 1, 'es', 'node_search', 0.474499),
('inhabilitar', 1, 'es', 'node_search', 2.40642),
('inicio', 1, 'es', 'node_search', 0.585658),
('inscripcion', 1, 'es', 'node_search', 0.600219),
('interes', 1, 'es', 'node_search', 1),
('iva', 2, 'es', 'node_search', 1),
('labores', 1, 'es', 'node_search', 1.52876),
('las', 1, 'es', 'node_search', 31.8393),
('ley', 1, 'es', 'node_search', 0.707906),
('link', 1, 'es', 'node_search', 0.670377),
('logrando', 1, 'es', 'node_search', 0.541108),
('los', 1, 'es', 'node_search', 27.3301),
('luego', 1, 'es', 'node_search', 0.96498),
('manera', 1, 'es', 'node_search', 1.96109),
('mas', 1, 'es', 'node_search', 1.53658),
('mayor', 1, 'es', 'node_search', 1.81092),
('medicion', 1, 'es', 'node_search', 0.558589),
('medios', 1, 'es', 'node_search', 0.468115),
('mejor', 1, 'es', 'node_search', 1.49679),
('mejora', 1, 'es', 'node_search', 0.553478),
('mejorar', 1, 'es', 'node_search', 1.55096),
('mismos', 1, 'es', 'node_search', 0.490769),
('momento', 1, 'es', 'node_search', 1),
('multiples', 1, 'es', 'node_search', 0.625114),
('navegacion', 1, 'es', 'node_search', 6.29882),
('navegado', 1, 'es', 'node_search', 1),
('navegador', 1, 'es', 'node_search', 3.43411),
('navegadores', 1, 'es', 'node_search', 4.31957),
('navegando', 1, 'es', 'node_search', 0.972861),
('navegar', 1, 'es', 'node_search', 0.628375),
('necesidad', 1, 'es', 'node_search', 0.51578),
('necesidades', 1, 'es', 'node_search', 0.499853),
('negocio', 1, 'es', 'node_search', 0.886095),
('ningun', 1, 'es', 'node_search', 1),
('normativas', 1, 'es', 'node_search', 0.498827),
('nuevo', 1, 'es', 'node_search', 0.478227),
('numera', 1, 'es', 'node_search', 0.467218),
('numeral', 1, 'es', 'node_search', 0.960366),
('observacion', 1, 'es', 'node_search', 0.542319),
('obtencion', 1, 'es', 'node_search', 0.766757),
('obtiene', 1, 'es', 'node_search', 0.543537),
('opciones', 1, 'es', 'node_search', 1.1482),
('oportunidades', 1, 'es', 'node_search', 1),
('orientada', 1, 'es', 'node_search', 0.536316),
('otorgada', 1, 'es', 'node_search', 0.899454),
('otro', 1, 'es', 'node_search', 1),
('pagina', 2, 'es', 'node_search', 39),
('pais', 1, 'es', 'node_search', 0.729424),
('para', 1, 'es', 'node_search', 21.2286),
('parte', 1, 'es', 'node_search', 4.50454),
('participacion', 1, 'es', 'node_search', 0.59873),
('perfil', 1, 'es', 'node_search', 0.538701),
('perfiles', 1, 'es', 'node_search', 0.556022),
('permiten', 1, 'es', 'node_search', 3.45826),
('personales', 1, 'es', 'node_search', 5.93577),
('personalizacion', 1, 'es', 'node_search', 1.35787),
('pesar', 1, 'es', 'node_search', 0.876337),
('podra', 1, 'es', 'node_search', 1.71262),
('podran', 1, 'es', 'node_search', 1.18239),
('podria', 1, 'es', 'node_search', 0.520204),
('politica', 1, 'es', 'node_search', 32.9135),
('politicas', 1, 'es', 'node_search', 0.752312),
('politicasprivacidad', 1, 'es', 'node_search', 7.31299),
('poniendo', 1, 'es', 'node_search', 1),
('por', 1, 'es', 'node_search', 13.3939),
('por', 2, 'es', 'node_search', 1),
('posterioridad', 1, 'es', 'node_search', 0.481063),
('predefinidas', 1, 'es', 'node_search', 0.574516),
('preferencias', 1, 'es', 'node_search', 0.524706),
('presentar', 1, 'es', 'node_search', 0.705825),
('presente', 1, 'es', 'node_search', 1.2367),
('presta', 1, 'es', 'node_search', 1.54652),
('prestacion', 1, 'es', 'node_search', 0.506102),
('previamente', 1, 'es', 'node_search', 0.839384),
('principal', 2, 'es', 'node_search', 11),
('principalmente', 1, 'es', 'node_search', 1),
('privacidad', 1, 'es', 'node_search', 1.5537),
('procesa', 1, 'es', 'node_search', 0.636679),
('proceso', 1, 'es', 'node_search', 0.606252),
('producto', 1, 'es', 'node_search', 0.60322),
('propias', 1, 'es', 'node_search', 2.32233),
('proporcionarle', 1, 'es', 'node_search', 1),
('proteccion', 1, 'es', 'node_search', 0.674137),
('proteger', 1, 'es', 'node_search', 0.584241),
('proximas', 1, 'es', 'node_search', 1),
('prueba', 1, 'es', 'node_search', 0.712106),
('publicacion', 1, 'es', 'node_search', 0.512513),
('publicidad', 1, 'es', 'node_search', 0.537506),
('publicitarias', 1, 'es', 'node_search', 1.0982),
('publicitarios', 1, 'es', 'node_search', 0.548462),
('pueda', 1, 'es', 'node_search', 1),
('puede', 1, 'es', 'node_search', 1.67603),
('pueden', 1, 'es', 'node_search', 0.532778),
('que', 1, 'es', 'node_search', 32.2342),
('que', 2, 'es', 'node_search', 28),
('quejas', 1, 'es', 'node_search', 0.703756),
('realizacion', 1, 'es', 'node_search', 0.60778),
('realizarse', 1, 'es', 'node_search', 0.774192),
('reconociendo', 1, 'es', 'node_search', 1),
('recordar', 1, 'es', 'node_search', 1),
('rectificar', 1, 'es', 'node_search', 0.72066),
('recuperacion', 1, 'es', 'node_search', 1),
('registrados', 1, 'es', 'node_search', 1),
('repudio', 1, 'es', 'node_search', 0.613969),
('reserva', 1, 'es', 'node_search', 0.495774),
('restriccion', 1, 'es', 'node_search', 0.509287),
('restringidos', 1, 'es', 'node_search', 0.617112),
('revocarla', 1, 'es', 'node_search', 0.71),
('revocatoria', 1, 'es', 'node_search', 0.472657),
('secciones', 1, 'es', 'node_search', 0.525844),
('seguir', 1, 'es', 'node_search', 0.562486),
('seguridad', 1, 'es', 'node_search', 2.50633),
('seguro', 1, 'es', 'node_search', 0.496787),
('senor', 2, 'es', 'node_search', 1),
('ser', 1, 'es', 'node_search', 0.469921),
('servicio', 1, 'es', 'node_search', 2.38573),
('servicios', 1, 'es', 'node_search', 2.42516),
('sesion', 1, 'es', 'node_search', 1.36858),
('sido', 1, 'es', 'node_search', 0.845322),
('siguiente', 1, 'es', 'node_search', 0.672252),
('siguientes', 1, 'es', 'node_search', 2.8474),
('sin', 1, 'es', 'node_search', 1.51106),
('sin', 2, 'es', 'node_search', 1),
('sirviendo', 1, 'es', 'node_search', 0.559882),
('sitio', 1, 'es', 'node_search', 3),
('sitios', 1, 'es', 'node_search', 3.20807),
('sobre', 1, 'es', 'node_search', 1.96109),
('solicitado', 1, 'es', 'node_search', 1.24008),
('solicitados', 1, 'es', 'node_search', 0.786915),
('solicitar', 1, 'es', 'node_search', 0.714225),
('solicitud', 1, 'es', 'node_search', 0.601716),
('solo', 1, 'es', 'node_search', 0.482016),
('son', 1, 'es', 'node_search', 25.1275),
('spam', 1, 'es', 'node_search', 1),
('sugerimos', 2, 'es', 'node_search', 1),
('superintendencia', 1, 'es', 'node_search', 0.699655),
('sus', 1, 'es', 'node_search', 8.36178),
('tal', 1, 'es', 'node_search', 3.94151),
('tales', 1, 'es', 'node_search', 1.70787),
('tambien', 1, 'es', 'node_search', 1.44722),
('tecnicas', 1, 'es', 'node_search', 1.43009),
('tener', 1, 'es', 'node_search', 0.482973),
('terceros', 1, 'es', 'node_search', 4.89966),
('terminos', 1, 'es', 'node_search', 1.62818),
('tiempo', 1, 'es', 'node_search', 2.00676),
('tipo', 1, 'es', 'node_search', 1.74762),
('tipos', 1, 'es', 'node_search', 3.09125),
('titular', 1, 'es', 'node_search', 1.95992),
('todo', 1, 'es', 'node_search', 0.471741),
('trafico', 1, 'es', 'node_search', 0.595774),
('tratadas', 1, 'es', 'node_search', 0.63167),
('tratado', 1, 'es', 'node_search', 0.833529),
('tratamiento', 1, 'es', 'node_search', 5.16397),
('traves', 1, 'es', 'node_search', 5.41926),
('ubicadas', 1, 'es', 'node_search', 0.523573),
('ubicados', 1, 'es', 'node_search', 0.736141),
('ultimo', 1, 'es', 'node_search', 0.476356),
('una', 1, 'es', 'node_search', 4.05027),
('unidades', 1, 'es', 'node_search', 0.889397),
('uso', 1, 'es', 'node_search', 38.7078),
('usos', 1, 'es', 'node_search', 0.581429),
('usuario', 1, 'es', 'node_search', 15.8667),
('usuario', 2, 'es', 'node_search', 1),
('usuarios', 1, 'es', 'node_search', 5.11737),
('utiliza', 1, 'es', 'node_search', 2.29118),
('utilizacion', 1, 'es', 'node_search', 1.56046),
('utilizadas', 1, 'es', 'node_search', 1),
('utilizan', 1, 'es', 'node_search', 1),
('vehiculos', 1, 'es', 'node_search', 0.997306),
('vez', 1, 'es', 'node_search', 0.492759),
('vie', 1, 'es', 'node_search', 1),
('vie', 2, 'es', 'node_search', 1),
('virus', 1, 'es', 'node_search', 1),
('web', 1, 'es', 'node_search', 7.20627),
('web', 2, 'es', 'node_search', 27),
('webadmin', 1, 'es', 'node_search', 1),
('webadmin', 2, 'es', 'node_search', 1),
('wwwmidiacomco', 1, 'es', 'node_search', 7.33326),
('zona', 1, 'es', 'node_search', 0.566439);

-- --------------------------------------------------------

--
-- Estructura de tabla para la tabla `search_total`
--

CREATE TABLE IF NOT EXISTS `search_total` (
  `word` varchar(50) NOT NULL DEFAULT '' COMMENT 'Primary Key: Unique word in the search index.',
  `count` float DEFAULT NULL COMMENT 'The count of the word in the index using Zipf''s law to equalize the probability distribution.',
  PRIMARY KEY (`word`)
) ENGINE=InnoDB DEFAULT CHARSET=utf8mb4 COMMENT='Stores search totals for words.';

--
-- Volcado de datos para la tabla `search_total`
--

INSERT INTO `search_total` (`word`, `count`) VALUES
('1', 0.0222764),
('1074', 0.30103),
('11', 0.30103),
('1102021', 0.176091),
('2', 0.224843),
('2015', 0.30103),
('2222524', 0.30103),
('3', 0.256354),
('31', 0.30103),
('4', 0.30103),
('42', 0.30103),
('5', 0.296745),
('6', 0.30103),
('7', 0.30103),
('737', 0.30103),
('821', 0.30103),
('accedan', 0.30103),
('acceder', 0.2482),
('acceso', 0.144523),
('actividad', 0.215409),
('actualizar', 0.260541),
('acuerdo', 0.258062),
('adelante', 0.30103),
('adicionalmente', 0.30103),
('agilidad', 0.30103),
('algunas', 0.281462),
('almacenada', 0.30103),
('almacenadas', 0.191085),
('almacenamiento', 0.0970416),
('almacenan', 0.207094),
('almacenar', 0.30103),
('analisis', 0.30103),
('analizar', 0.30103),
('anonimos', 0.30103),
('ante', 0.30103),
('anterior', 0.30103),
('aplicacion', 0.176091),
('aplicaciones', 0.18124),
('aplicativo', 0.30103),
('aquel', 0.30103),
('aquella', 0.30103),
('aquellas', 0.210138),
('articulo', 0.30103),
('asi', 0.180666),
('asimismo', 0.30103),
('asistiran', 0.30103),
('asociadas', 0.30103),
('autenticar', 0.30103),
('autenticidad', 0.30103),
('autoriza', 0.30103),
('autorizacion', 0.0717688),
('autorizados', 0.30103),
('ayudando', 0.30103),
('barra', 0.30103),
('bien', 0.30103),
('bogota', 0.30103),
('brindar', 0.290255),
('buscas', 0.0157943),
('cada', 0.195727),
('calidad', 0.30103),
('calle', 0.30103),
('cambios', 0.30103),
('canal', 0.208593),
('canales', 0.0341979),
('canalizado', 0.30103),
('caracteristicas', 0.30103),
('caso', 0.144263),
('cesion', 0.30103),
('claridad', 0.19095),
('colombiana', 0.0212128),
('comentarios', 0.30103),
('comercio', 0.0205156),
('como', 0.053907),
('completa', 0.178954),
('comporta', 0.30103),
('comportamentales', 0.30103),
('comportamiento', 0.168915),
('compra', 0.30103),
('comprender', 0.30103),
('comprometer', 0.30103),
('con', 0.0650508),
('configuracion', 0.30103),
('conocer', 0.198778),
('consecuencias', 0.219353),
('consultar', 0.30103),
('consultarse', 0.268481),
('contara', 0.30103),
('contenidas', 0.30103),
('contenido', 0.30103),
('contenidos', 0.209082),
('continua', 0.30103),
('continuacion', 0.30103),
('contrasena', 0.30103),
('cookie', 0.30103),
('cookies', 0.00565092),
('corbetacomco', 0.30103),
('creadas', 0.30103),
('credenciales', 0.30103),
('criterios', 0.30103),
('cual', 0.30103),
('cuales', 0.30103),
('cualquier', 0.296666),
('cuanto', 0.30103),
('cumplimiento', 0.30103),
('dado', 0.30103),
('danar', 0.30103),
('dar', 0.30103),
('data', 0.250057),
('datos', 0.051066),
('datospersonales', 0.30103),
('deben', 0.30103),
('debera', 0.30103),
('deberan', 0.30103),
('decreto', 0.30103),
('del', 0.0247661),
('dentro', 0.196072),
('derecho', 0.19381),
('derechos', 0.183063),
('desarrollar', 0.30103),
('desde', 0.124667),
('deshabilitar', 0.290175),
('deshabilitarlas', 0.30103),
('dia', 0.30103),
('dicho', 0.238716),
('dichos', 0.30103),
('diferentes', 0.193439),
('digital', 0.30103),
('digitales', 0.0408696),
('dirigirse', 0.30103),
('disposicion', 0.30103),
('dispositivo', 0.30103),
('dispositivos', 0.1271),
('dominio', 0.30103),
('durante', 0.30103),
('editor', 0.146686),
('ejercer', 0.30103),
('ejercerse', 0.30103),
('ejercicio', 0.193477),
('elaboracion', 0.30103),
('elementos', 0.30103),
('eliminacion', 0.30103),
('eliminar', 0.186166),
('embargo', 0.30103),
('encargarse', 0.30103),
('encontrada', 0.30103),
('encuentra', 0.186044),
('entiende', 0.30103),
('entrada', 0.30103),
('enunciadas', 0.30103),
('enviada', 0.30103),
('enviadas', 0.30103),
('envian', 0.246613),
('equipo', 0.30103),
('equipos', 0.30103),
('espacios', 0.30103),
('especificadas', 0.30103),
('especifico', 0.275237),
('especificos', 0.30103),
('esta', 0.0826867),
('estas', 0.259802),
('este', 0.30103),
('evento', 0.30103),
('evitar', 0.30103),
('existe', 0.01524),
('experiencia', 0.12319),
('explica', 0.165137),
('explicacion', 0.30103),
('explicado', 0.30103),
('expresamente', 0.30103),
('facilitarle', 0.30103),
('facultad', 0.30103),
('facultado', 0.30103),
('favor', 0.30103),
('fin', 0.30103),
('finalidad', 0.152629),
('finalidades', 0.228704),
('fraudulento', 0.30103),
('frente', 0.217041),
('fue', 0.30103),
('fuera', 0.30103),
('funcion', 0.30103),
('funcionalidades', 0.30103),
('garantia', 0.30103),
('general', 0.30103),
('generales', 0.30103),
('gestion', 0.30103),
('gestionadas', 0.30103),
('gestionado', 0.30103),
('gestionados', 0.30103),
('gusanos', 0.30103),
('habeas', 0.249646),
('haberlos', 0.30103),
('haberse', 0.30103),
('habilitados', 0.248935),
('habitos', 0.21719),
('hacer', 0.30103),
('hacerlo', 0.220346),
('hacia', 0.30103),
('han', 0.30103),
('herramientas', 0.30103),
('http', 0.0553733),
('identificacion', 0.30103),
('identifican', 0.30103),
('idioma', 0.30103),
('igual', 0.30103),
('iii', 0.30103),
('implica', 0.30103),
('inciso', 0.30103),
('incluyendo', 0.30103),
('independientemente', 0.30103),
('indicar', 0.30103),
('industria', 0.30103),
('inequivoca', 0.30103),
('informa', 0.0918385),
('informacion', 0.0661214),
('informaticos', 0.30103),
('ingresa', 0.30103),
('ingreso', 0.145558),
('inhabilitacion', 0.30103),
('inhabilitar', 0.150927),
('inicio', 0.30103),
('inscripcion', 0.30103),
('interes', 0.30103),
('iva', 0.30103),
('labores', 0.218568),
('las', 0.0134304),
('ley', 0.30103),
('link', 0.30103),
('logrando', 0.30103),
('los', 0.0156069),
('luego', 0.30103),
('manera', 0.178954),
('mas', 0.217693),
('mayor', 0.19095),
('medicion', 0.30103),
('medios', 0.30103),
('mejor', 0.222221),
('mejora', 0.30103),
('mejorar', 0.216103),
('mismos', 0.30103),
('momento', 0.30103),
('multiples', 0.30103),
('navegacion', 0.0639935),
('navegado', 0.30103),
('navegador', 0.110992),
('navegadores', 0.090436),
('navegando', 0.30103),
('navegar', 0.30103),
('necesidad', 0.30103),
('necesidades', 0.30103),
('negocio', 0.30103),
('ningun', 0.30103),
('normativas', 0.30103),
('nuevo', 0.30103),
('numera', 0.30103),
('numeral', 0.30103),
('observacion', 0.30103),
('obtencion', 0.30103),
('obtiene', 0.30103),
('opciones', 0.272057),
('oportunidades', 0.30103),
('orientada', 0.30103),
('otorgada', 0.30103),
('otro', 0.30103),
('pagina', 0.0109954),
('pais', 0.30103),
('para', 0.0199907),
('parte', 0.0870705),
('participacion', 0.30103),
('perfil', 0.30103),
('perfiles', 0.30103),
('permiten', 0.110308),
('personales', 0.0676176),
('personalizacion', 0.239661),
('pesar', 0.30103),
('podra', 0.199728),
('podran', 0.266172),
('podria', 0.30103),
('politica', 0.0129986),
('politicas', 0.30103),
('politicasprivacidad', 0.0556623),
('poniendo', 0.30103),
('por', 0.0291703),
('posterioridad', 0.30103),
('predefinidas', 0.30103),
('preferencias', 0.30103),
('presentar', 0.30103),
('presente', 0.257344),
('presta', 0.216592),
('prestacion', 0.30103),
('previamente', 0.30103),
('principal', 0.0377886),
('principalmente', 0.30103),
('privacidad', 0.215803),
('procesa', 0.30103),
('proceso', 0.30103),
('producto', 0.30103),
('propias', 0.155519),
('proporcionarle', 0.30103),
('proteccion', 0.30103),
('proteger', 0.30103),
('proximas', 0.30103),
('prueba', 0.30103),
('publicacion', 0.30103),
('publicidad', 0.30103),
('publicitarias', 0.281165),
('publicitarios', 0.30103),
('pueda', 0.30103),
('puede', 0.203209),
('pueden', 0.30103),
('que', 0.0071509),
('quejas', 0.30103),
('realizacion', 0.30103),
('realizarse', 0.30103),
('reconociendo', 0.30103),
('recordar', 0.30103),
('rectificar', 0.30103),
('recuperacion', 0.30103),
('registrados', 0.30103),
('repudio', 0.30103),
('reserva', 0.30103),
('restriccion', 0.30103),
('restringidos', 0.30103),
('revocarla', 0.30103),
('revocatoria', 0.30103),
('secciones', 0.30103),
('seguir', 0.30103),
('seguridad', 0.145814),
('seguro', 0.30103),
('senor', 0.30103),
('ser', 0.30103),
('servicio', 0.152031),
('servicios', 0.14994),
('sesion', 0.238218),
('sido', 0.30103),
('siguiente', 0.30103),
('siguientes', 0.130719),
('sin', 0.145581),
('sirviendo', 0.30103),
('sitio', 0.124939),
('sitios', 0.117839),
('sobre', 0.178954),
('solicitado', 0.256814),
('solicitados', 0.30103),
('solicitar', 0.30103),
('solicitud', 0.30103),
('solo', 0.30103),
('son', 0.0169486),
('spam', 0.30103),
('sugerimos', 0.30103),
('superintendencia', 0.30103),
('sus', 0.0490597),
('tal', 0.0981969),
('tales', 0.200173),
('tambien', 0.228138),
('tecnicas', 0.23026),
('tener', 0.30103),
('terceros', 0.0806611),
('terminos', 0.207953),
('tiempo', 0.175603),
('tipo', 0.19651),
('tipos', 0.121722),
('titular', 0.179041),
('todo', 0.30103),
('trafico', 0.30103),
('tratadas', 0.30103),
('tratado', 0.30103),
('tratamiento', 0.0768768),
('traves', 0.073545),
('ubicadas', 0.30103),
('ubicados', 0.30103),
('ultimo', 0.30103),
('una', 0.0958307),
('unidades', 0.30103),
('uso', 0.0110773),
('usos', 0.30103),
('usuario', 0.0250142),
('usuarios', 0.0775179),
('utiliza', 0.157292),
('utilizacion', 0.215066),
('utilizadas', 0.30103),
('utilizan', 0.30103),
('vehiculos', 0.30103),
('vez', 0.30103),
('vie', 0.176091),
('virus', 0.30103),
('web', 0.0125143),
('webadmin', 0.176091),
('wwwmidiacomco', 0.0555178),
('zona', 0.30103);

-- --------------------------------------------------------

--
-- Estructura de tabla para la tabla `semaphore`
--

CREATE TABLE IF NOT EXISTS `semaphore` (
  `name` varchar(255) CHARACTER SET ascii NOT NULL DEFAULT '' COMMENT 'Primary Key: Unique name.',
  `value` varchar(255) CHARACTER SET ascii NOT NULL DEFAULT '' COMMENT 'A value for the semaphore.',
  `expire` double NOT NULL COMMENT 'A Unix timestamp with microseconds indicating when the semaphore should expire.',
  PRIMARY KEY (`name`),
  KEY `value` (`value`),
  KEY `expire` (`expire`)
) ENGINE=InnoDB DEFAULT CHARSET=utf8mb4 COMMENT='Table for holding semaphores, locks, flags, etc. that…';

-- --------------------------------------------------------

--
-- Estructura de tabla para la tabla `sequences`
--

CREATE TABLE IF NOT EXISTS `sequences` (
  `value` int(10) UNSIGNED NOT NULL AUTO_INCREMENT COMMENT 'The value of the sequence.',
  PRIMARY KEY (`value`)
) ENGINE=InnoDB AUTO_INCREMENT=24 DEFAULT CHARSET=utf8mb4 COMMENT='Stores IDs.';

--
-- Volcado de datos para la tabla `sequences`
--

INSERT INTO `sequences` (`value`) VALUES
(23);

-- --------------------------------------------------------

--
-- Estructura de tabla para la tabla `sessions`
--

CREATE TABLE IF NOT EXISTS `sessions` (
  `uid` int(10) UNSIGNED NOT NULL COMMENT 'The users.uid corresponding to a session, or 0 for anonymous user.',
  `sid` varchar(128) CHARACTER SET ascii NOT NULL COMMENT 'A session ID (hashed). The value is generated by Drupal''s session handlers.',
  `hostname` varchar(128) CHARACTER SET ascii NOT NULL DEFAULT '' COMMENT 'The IP address that last used this session ID (sid).',
  `timestamp` int(11) NOT NULL DEFAULT 0 COMMENT 'The Unix timestamp when this session last requested a page. Old records are purged by PHP automatically.',
  `session` longblob DEFAULT NULL COMMENT 'The serialized contents of $_SESSION, an array of name/value pairs that persists across page requests by this session ID. Drupal loads $_SESSION from here at the start of each request and saves it at the end.',
  PRIMARY KEY (`sid`),
  KEY `timestamp` (`timestamp`),
  KEY `uid` (`uid`)
) ENGINE=InnoDB DEFAULT CHARSET=utf8mb4 COMMENT='Drupal''s session handlers read and write into the sessions…';

--
-- Volcado de datos para la tabla `sessions`
--

INSERT INTO `sessions` (`uid`, `sid`, `hostname`, `timestamp`, `session`) VALUES
(20, 'cmuXzX4cIvR_vXk45qTRAaw6IOhOqMvnEsRtTApMhrE', '::1', 1633991026, 0x5f7366325f617474726962757465737c613a313a7b733a333a22756964223b733a323a223230223b7d5f7366325f6d6574617c613a343a7b733a313a2275223b693a313633333939303938353b733a313a2263223b693a313633333936303139313b733a313a226c223b733a373a2232303030303030223b733a313a2273223b733a34333a226774543845543545656f3355546e6d316a6a4371577763674f6e772d6b3871536f46797936484b2d494630223b7d6175746f6c6f676f75745f6c6173747c693a313633333939313032363b);

-- --------------------------------------------------------

--
-- Estructura de tabla para la tabla `shortcut`
--

CREATE TABLE IF NOT EXISTS `shortcut` (
  `id` int(10) UNSIGNED NOT NULL AUTO_INCREMENT,
  `shortcut_set` varchar(32) CHARACTER SET ascii NOT NULL COMMENT 'The ID of the target entity.',
  `uuid` varchar(128) CHARACTER SET ascii NOT NULL,
  `langcode` varchar(12) CHARACTER SET ascii NOT NULL,
  PRIMARY KEY (`id`),
  UNIQUE KEY `shortcut_field__uuid__value` (`uuid`),
  KEY `shortcut_field__shortcut_set__target_id` (`shortcut_set`)
) ENGINE=InnoDB AUTO_INCREMENT=3 DEFAULT CHARSET=utf8mb4 COMMENT='The base table for shortcut entities.';

--
-- Volcado de datos para la tabla `shortcut`
--

INSERT INTO `shortcut` (`id`, `shortcut_set`, `uuid`, `langcode`) VALUES
(1, 'default', 'e1957e3e-c67f-496d-a122-19a6080c3ce1', 'es'),
(2, 'default', 'dba3903a-4979-4b02-8604-83554db2acd3', 'es');

-- --------------------------------------------------------

--
-- Estructura de tabla para la tabla `shortcut_field_data`
--

CREATE TABLE IF NOT EXISTS `shortcut_field_data` (
  `id` int(10) UNSIGNED NOT NULL,
  `shortcut_set` varchar(32) CHARACTER SET ascii NOT NULL COMMENT 'The ID of the target entity.',
  `langcode` varchar(12) CHARACTER SET ascii NOT NULL,
  `title` varchar(255) DEFAULT NULL,
  `weight` int(11) DEFAULT NULL,
  `link__uri` varchar(2048) DEFAULT NULL COMMENT 'The URI of the link.',
  `link__title` varchar(255) DEFAULT NULL COMMENT 'The link text.',
  `link__options` longblob DEFAULT NULL COMMENT 'Serialized array of options for the link.',
  `default_langcode` tinyint(4) NOT NULL,
  PRIMARY KEY (`id`,`langcode`),
  KEY `shortcut__id__default_langcode__langcode` (`id`,`default_langcode`,`langcode`),
  KEY `shortcut_field__shortcut_set__target_id` (`shortcut_set`),
  KEY `shortcut_field__link__uri` (`link__uri`(30))
) ENGINE=InnoDB DEFAULT CHARSET=utf8mb4 COMMENT='The data table for shortcut entities.';

--
-- Volcado de datos para la tabla `shortcut_field_data`
--

INSERT INTO `shortcut_field_data` (`id`, `shortcut_set`, `langcode`, `title`, `weight`, `link__uri`, `link__title`, `link__options`, `default_langcode`) VALUES
(1, 'default', 'es', 'Add content', -20, 'internal:/node/add', NULL, 0x613a303a7b7d, 1),
(2, 'default', 'es', 'All content', -19, 'internal:/admin/content', NULL, 0x613a303a7b7d, 1);

-- --------------------------------------------------------

--
-- Estructura de tabla para la tabla `shortcut_set_users`
--

CREATE TABLE IF NOT EXISTS `shortcut_set_users` (
  `uid` int(10) UNSIGNED NOT NULL DEFAULT 0 COMMENT 'The users.uid for this set.',
  `set_name` varchar(32) CHARACTER SET ascii NOT NULL DEFAULT '' COMMENT 'The shortcut_set.set_name that will be displayed for this user.',
  PRIMARY KEY (`uid`),
  KEY `set_name` (`set_name`)
) ENGINE=InnoDB DEFAULT CHARSET=utf8mb4 COMMENT='Maps users to shortcut sets.';

-- --------------------------------------------------------

--
-- Estructura de tabla para la tabla `taxonomy_index`
--

CREATE TABLE IF NOT EXISTS `taxonomy_index` (
  `nid` int(10) UNSIGNED NOT NULL DEFAULT 0 COMMENT 'The node.nid this record tracks.',
  `tid` int(10) UNSIGNED NOT NULL DEFAULT 0 COMMENT 'The term ID.',
  `status` int(11) NOT NULL DEFAULT 1 COMMENT 'Boolean indicating whether the node is published (visible to non-administrators).',
  `sticky` tinyint(4) DEFAULT 0 COMMENT 'Boolean indicating whether the node is sticky.',
  `created` int(11) NOT NULL DEFAULT 0 COMMENT 'The Unix timestamp when the node was created.',
  PRIMARY KEY (`nid`,`tid`),
  KEY `term_node` (`tid`,`status`,`sticky`,`created`)
) ENGINE=InnoDB DEFAULT CHARSET=utf8mb4 COMMENT='Maintains denormalized information about node/term…';

-- --------------------------------------------------------

--
-- Estructura de tabla para la tabla `taxonomy_term_data`
--

CREATE TABLE IF NOT EXISTS `taxonomy_term_data` (
  `tid` int(10) UNSIGNED NOT NULL AUTO_INCREMENT,
  `revision_id` int(10) UNSIGNED DEFAULT NULL,
  `vid` varchar(32) CHARACTER SET ascii NOT NULL COMMENT 'The ID of the target entity.',
  `uuid` varchar(128) CHARACTER SET ascii NOT NULL,
  `langcode` varchar(12) CHARACTER SET ascii NOT NULL,
  PRIMARY KEY (`tid`),
  UNIQUE KEY `taxonomy_term_field__uuid__value` (`uuid`),
  UNIQUE KEY `taxonomy_term__revision_id` (`revision_id`),
  KEY `taxonomy_term_field__vid__target_id` (`vid`)
) ENGINE=InnoDB DEFAULT CHARSET=utf8mb4 COMMENT='The base table for taxonomy_term entities.';

-- --------------------------------------------------------

--
-- Estructura de tabla para la tabla `taxonomy_term_field_data`
--

CREATE TABLE IF NOT EXISTS `taxonomy_term_field_data` (
  `tid` int(10) UNSIGNED NOT NULL,
  `revision_id` int(10) UNSIGNED NOT NULL,
  `vid` varchar(32) CHARACTER SET ascii NOT NULL COMMENT 'The ID of the target entity.',
  `langcode` varchar(12) CHARACTER SET ascii NOT NULL,
  `status` tinyint(4) NOT NULL,
  `name` varchar(255) NOT NULL,
  `description__value` longtext DEFAULT NULL,
  `description__format` varchar(255) CHARACTER SET ascii DEFAULT NULL,
  `weight` int(11) NOT NULL,
  `changed` int(11) DEFAULT NULL,
  `default_langcode` tinyint(4) NOT NULL,
  `revision_translation_affected` tinyint(4) DEFAULT NULL,
  PRIMARY KEY (`tid`,`langcode`),
  KEY `taxonomy_term__id__default_langcode__langcode` (`tid`,`default_langcode`,`langcode`),
  KEY `taxonomy_term__revision_id` (`revision_id`),
  KEY `taxonomy_term_field__name` (`name`(191)),
  KEY `taxonomy_term__status_vid` (`status`,`vid`,`tid`),
  KEY `taxonomy_term__tree` (`vid`,`weight`,`name`(191)),
  KEY `taxonomy_term__vid_name` (`vid`,`name`(191))
) ENGINE=InnoDB DEFAULT CHARSET=utf8mb4 COMMENT='The data table for taxonomy_term entities.';

-- --------------------------------------------------------

--
-- Estructura de tabla para la tabla `taxonomy_term_field_revision`
--

CREATE TABLE IF NOT EXISTS `taxonomy_term_field_revision` (
  `tid` int(10) UNSIGNED NOT NULL,
  `revision_id` int(10) UNSIGNED NOT NULL,
  `langcode` varchar(12) CHARACTER SET ascii NOT NULL,
  `status` tinyint(4) NOT NULL,
  `name` varchar(255) DEFAULT NULL,
  `description__value` longtext DEFAULT NULL,
  `description__format` varchar(255) CHARACTER SET ascii DEFAULT NULL,
  `changed` int(11) DEFAULT NULL,
  `default_langcode` tinyint(4) NOT NULL,
  `revision_translation_affected` tinyint(4) DEFAULT NULL,
  PRIMARY KEY (`revision_id`,`langcode`),
  KEY `taxonomy_term__id__default_langcode__langcode` (`tid`,`default_langcode`,`langcode`),
  KEY `taxonomy_term_field__description__format` (`description__format`)
) ENGINE=InnoDB DEFAULT CHARSET=utf8mb4 COMMENT='The revision data table for taxonomy_term entities.';

-- --------------------------------------------------------

--
-- Estructura de tabla para la tabla `taxonomy_term_revision`
--

CREATE TABLE IF NOT EXISTS `taxonomy_term_revision` (
  `tid` int(10) UNSIGNED NOT NULL,
  `revision_id` int(10) UNSIGNED NOT NULL AUTO_INCREMENT,
  `langcode` varchar(12) CHARACTER SET ascii NOT NULL,
  `revision_user` int(10) UNSIGNED DEFAULT NULL COMMENT 'The ID of the target entity.',
  `revision_created` int(11) DEFAULT NULL,
  `revision_log_message` longtext DEFAULT NULL,
  `revision_default` tinyint(4) DEFAULT NULL,
  PRIMARY KEY (`revision_id`),
  KEY `taxonomy_term__tid` (`tid`),
  KEY `taxonomy_term_field__revision_user__target_id` (`revision_user`)
) ENGINE=InnoDB DEFAULT CHARSET=utf8mb4 COMMENT='The revision table for taxonomy_term entities.';

-- --------------------------------------------------------

--
-- Estructura de tabla para la tabla `taxonomy_term_revision__parent`
--

CREATE TABLE IF NOT EXISTS `taxonomy_term_revision__parent` (
  `bundle` varchar(128) CHARACTER SET ascii NOT NULL DEFAULT '' COMMENT 'The field instance bundle to which this row belongs, used when deleting a field instance',
  `deleted` tinyint(4) NOT NULL DEFAULT 0 COMMENT 'A boolean indicating whether this data item has been deleted',
  `entity_id` int(10) UNSIGNED NOT NULL COMMENT 'The entity id this data is attached to',
  `revision_id` int(10) UNSIGNED NOT NULL COMMENT 'The entity revision id this data is attached to',
  `langcode` varchar(32) CHARACTER SET ascii NOT NULL DEFAULT '' COMMENT 'The language code for this data item.',
  `delta` int(10) UNSIGNED NOT NULL COMMENT 'The sequence number for this data item, used for multi-value fields',
  `parent_target_id` int(10) UNSIGNED NOT NULL COMMENT 'The ID of the target entity.',
  PRIMARY KEY (`entity_id`,`revision_id`,`deleted`,`delta`,`langcode`),
  KEY `bundle` (`bundle`),
  KEY `revision_id` (`revision_id`),
  KEY `parent_target_id` (`parent_target_id`)
) ENGINE=InnoDB DEFAULT CHARSET=utf8mb4 COMMENT='Revision archive storage for taxonomy_term field parent.';

-- --------------------------------------------------------

--
-- Estructura de tabla para la tabla `taxonomy_term__parent`
--

CREATE TABLE IF NOT EXISTS `taxonomy_term__parent` (
  `bundle` varchar(128) CHARACTER SET ascii NOT NULL DEFAULT '' COMMENT 'The field instance bundle to which this row belongs, used when deleting a field instance',
  `deleted` tinyint(4) NOT NULL DEFAULT 0 COMMENT 'A boolean indicating whether this data item has been deleted',
  `entity_id` int(10) UNSIGNED NOT NULL COMMENT 'The entity id this data is attached to',
  `revision_id` int(10) UNSIGNED NOT NULL COMMENT 'The entity revision id this data is attached to',
  `langcode` varchar(32) CHARACTER SET ascii NOT NULL DEFAULT '' COMMENT 'The language code for this data item.',
  `delta` int(10) UNSIGNED NOT NULL COMMENT 'The sequence number for this data item, used for multi-value fields',
  `parent_target_id` int(10) UNSIGNED NOT NULL COMMENT 'The ID of the target entity.',
  PRIMARY KEY (`entity_id`,`deleted`,`delta`,`langcode`),
  KEY `revision_id` (`revision_id`),
  KEY `parent_target_id` (`parent_target_id`),
  KEY `bundle_delta_target_id` (`bundle`,`delta`,`parent_target_id`)
) ENGINE=InnoDB DEFAULT CHARSET=utf8mb4 COMMENT='Data storage for taxonomy_term field parent.';

-- --------------------------------------------------------

--
-- Estructura de tabla para la tabla `users`
--

CREATE TABLE IF NOT EXISTS `users` (
  `uid` int(10) UNSIGNED NOT NULL,
  `uuid` varchar(128) CHARACTER SET ascii NOT NULL,
  `langcode` varchar(12) CHARACTER SET ascii NOT NULL,
  PRIMARY KEY (`uid`),
  UNIQUE KEY `user_field__uuid__value` (`uuid`)
) ENGINE=InnoDB DEFAULT CHARSET=utf8mb4 COMMENT='The base table for user entities.';

--
-- Volcado de datos para la tabla `users`
--

INSERT INTO `users` (`uid`, `uuid`, `langcode`) VALUES
(0, '48965128-a5b4-4776-ab8c-379d3095f231', 'es'),
(1, 'b7e48840-45f0-416e-b0e5-e6f89fa0c07b', 'es'),
(14, 'e7bdceec-6e61-41f4-bc92-8ea1bc8ef7e1', 'es'),
(15, 'e02c3681-3a59-4d59-a8a0-ce8be62435e9', 'es'),
(16, 'd64edb6a-d34a-4d1e-9af6-01e62b47937d', 'es'),
(17, '57a49684-08cb-46d9-b8b1-d492cfb1809d', 'es'),
(18, '8a8a26a2-a5b9-490d-b94b-d6111961f347', 'es'),
(19, '183551ab-9b2a-4bc5-9e9a-f931d68c3c56', 'es'),
(20, 'c083824a-5d91-4b03-a585-f7555510fdbf', 'es');

-- --------------------------------------------------------

--
-- Estructura de tabla para la tabla `users_data`
--

CREATE TABLE IF NOT EXISTS `users_data` (
  `uid` int(10) UNSIGNED NOT NULL DEFAULT 0 COMMENT 'The users.uid this record affects.',
  `module` varchar(50) CHARACTER SET ascii NOT NULL DEFAULT '' COMMENT 'The name of the module declaring the variable.',
  `name` varchar(128) CHARACTER SET ascii NOT NULL DEFAULT '' COMMENT 'The identifier of the data.',
  `value` longblob DEFAULT NULL COMMENT 'The value.',
  `serialized` tinyint(3) UNSIGNED DEFAULT 0 COMMENT 'Whether value is serialized.',
  PRIMARY KEY (`uid`,`module`,`name`),
  KEY `module` (`module`),
  KEY `name` (`name`)
) ENGINE=InnoDB DEFAULT CHARSET=utf8mb4 COMMENT='Stores module data as key/value pairs per user.';

--
-- Volcado de datos para la tabla `users_data`
--

INSERT INTO `users_data` (`uid`, `module`, `name`, `value`, `serialized`) VALUES
(1, 'autologout', 'timeout', '', 0),
(1, 'contact', 'enabled', 0x31, 0),
(20, 'autologout', 'timeout', '', 0),
(20, 'contact', 'enabled', 0x31, 0);

-- --------------------------------------------------------

--
-- Estructura de tabla para la tabla `user__roles`
--

CREATE TABLE IF NOT EXISTS `user__roles` (
  `bundle` varchar(128) CHARACTER SET ascii NOT NULL DEFAULT '' COMMENT 'The field instance bundle to which this row belongs, used when deleting a field instance',
  `deleted` tinyint(4) NOT NULL DEFAULT 0 COMMENT 'A boolean indicating whether this data item has been deleted',
  `entity_id` int(10) UNSIGNED NOT NULL COMMENT 'The entity id this data is attached to',
  `revision_id` int(10) UNSIGNED NOT NULL COMMENT 'The entity revision id this data is attached to, which for an unversioned entity type is the same as the entity id',
  `langcode` varchar(32) CHARACTER SET ascii NOT NULL DEFAULT '' COMMENT 'The language code for this data item.',
  `delta` int(10) UNSIGNED NOT NULL COMMENT 'The sequence number for this data item, used for multi-value fields',
  `roles_target_id` varchar(255) CHARACTER SET ascii NOT NULL COMMENT 'The ID of the target entity.',
  PRIMARY KEY (`entity_id`,`deleted`,`delta`,`langcode`),
  KEY `bundle` (`bundle`),
  KEY `revision_id` (`revision_id`),
  KEY `roles_target_id` (`roles_target_id`)
) ENGINE=InnoDB DEFAULT CHARSET=utf8mb4 COMMENT='Data storage for user field roles.';

--
-- Volcado de datos para la tabla `user__roles`
--

INSERT INTO `user__roles` (`bundle`, `deleted`, `entity_id`, `revision_id`, `langcode`, `delta`, `roles_target_id`) VALUES
('user', 0, 1, 1, 'es', 0, 'administrator'),
('user', 0, 14, 14, 'es', 0, 'administrator'),
('user', 0, 15, 15, 'es', 0, 'administrator'),
('user', 0, 16, 16, 'es', 0, 'administrator'),
('user', 0, 17, 17, 'es', 0, 'administrator'),
('user', 0, 18, 18, 'es', 0, 'administrator'),
('user', 0, 19, 19, 'es', 0, 'administrator'),
('user', 0, 20, 20, 'es', 0, 'administrator');

-- --------------------------------------------------------

--
-- Estructura de tabla para la tabla `user__user_picture`
--

CREATE TABLE IF NOT EXISTS `user__user_picture` (
  `bundle` varchar(128) CHARACTER SET ascii NOT NULL DEFAULT '' COMMENT 'The field instance bundle to which this row belongs, used when deleting a field instance',
  `deleted` tinyint(4) NOT NULL DEFAULT 0 COMMENT 'A boolean indicating whether this data item has been deleted',
  `entity_id` int(10) UNSIGNED NOT NULL COMMENT 'The entity id this data is attached to',
  `revision_id` int(10) UNSIGNED NOT NULL COMMENT 'The entity revision id this data is attached to, which for an unversioned entity type is the same as the entity id',
  `langcode` varchar(32) CHARACTER SET ascii NOT NULL DEFAULT '' COMMENT 'The language code for this data item.',
  `delta` int(10) UNSIGNED NOT NULL COMMENT 'The sequence number for this data item, used for multi-value fields',
  `user_picture_target_id` int(10) UNSIGNED NOT NULL COMMENT 'The ID of the file entity.',
  `user_picture_alt` varchar(512) DEFAULT NULL COMMENT 'Alternative image text, for the image''s ''alt'' attribute.',
  `user_picture_title` varchar(1024) DEFAULT NULL COMMENT 'Image title text, for the image''s ''title'' attribute.',
  `user_picture_width` int(10) UNSIGNED DEFAULT NULL COMMENT 'The width of the image in pixels.',
  `user_picture_height` int(10) UNSIGNED DEFAULT NULL COMMENT 'The height of the image in pixels.',
  PRIMARY KEY (`entity_id`,`deleted`,`delta`,`langcode`),
  KEY `bundle` (`bundle`),
  KEY `revision_id` (`revision_id`),
  KEY `user_picture_target_id` (`user_picture_target_id`)
) ENGINE=InnoDB DEFAULT CHARSET=utf8mb4 COMMENT='Data storage for user field user_picture.';

-- --------------------------------------------------------

--
-- Estructura de tabla para la tabla `watchdog`
--

CREATE TABLE IF NOT EXISTS `watchdog` (
  `wid` int(11) NOT NULL AUTO_INCREMENT COMMENT 'Primary Key: Unique watchdog event ID.',
  `uid` int(10) UNSIGNED NOT NULL DEFAULT 0 COMMENT 'The users.uid of the user who triggered the event.',
  `type` varchar(64) CHARACTER SET ascii NOT NULL DEFAULT '' COMMENT 'Type of log message, for example "user" or "page not found."',
  `message` longtext NOT NULL COMMENT 'Text of log message to be passed into the t() function.',
  `variables` longblob NOT NULL COMMENT 'Serialized array of variables that match the message string and that is passed into the t() function.',
  `severity` tinyint(3) UNSIGNED NOT NULL DEFAULT 0 COMMENT 'The severity level of the event. ranges from 0 (Emergency) to 7 (Debug)',
  `link` text DEFAULT NULL COMMENT 'Link to view the result of the event.',
  `location` text NOT NULL COMMENT 'URL of the origin of the event.',
  `referer` text DEFAULT NULL COMMENT 'URL of referring page.',
  `hostname` varchar(128) CHARACTER SET ascii NOT NULL DEFAULT '' COMMENT 'Hostname of the user who triggered the event.',
  `timestamp` int(11) NOT NULL DEFAULT 0 COMMENT 'Unix timestamp of when event occurred.',
  PRIMARY KEY (`wid`),
  KEY `type` (`type`),
  KEY `uid` (`uid`),
  KEY `severity` (`severity`)
) ENGINE=InnoDB AUTO_INCREMENT=4868 DEFAULT CHARSET=utf8mb4 COMMENT='Table that contains logs of all system events.';

--
-- Volcado de datos para la tabla `watchdog`
--

INSERT INTO `watchdog` (`wid`, `uid`, `type`, `message`, `variables`, `severity`, `link`, `location`, `referer`, `hostname`, `timestamp`) VALUES
(3711, 0, 'php', '%type: @message in %function (line %line of %file) @backtrace_string.', 0x[encoded data, 18982 characters], 4, '', 'http://137.116.50.209/', '', '40.122.167.171', 1633488542),
(3712, 0, 'php', '%type: @message in %function (line %line of %file) @backtrace_string.', 0x[encoded data, 16296 characters], 4, '', 'http://137.116.50.209/', '', '40.122.167.171', 1633488542);
INSERT INTO `watchdog` (`wid`, `uid`, `type`, `message`, `variables`, `severity`, `link`, `location`, `referer`, `hostname`, `timestamp`) VALUES
(3713, 0, 'php', '%type: @message in %function (line %line of %file) @backtrace_string.', 0x[encoded data, 16052 characters], 4, '', 'http://137.116.50.209/', '', '40.122.167.171', 1633488542),
(3714, 0, 'php', '%type: @message in %function (line %line of %file) @backtrace_string.', 0x[encoded data, 16040 characters], 4, '', 'http://137.116.50.209/', '', '40.122.167.171', 1633488542),
(3715, 0, 'php', '%type: @message in %function (line %line of %file) @backtrace_string.', 0x[encoded data, 13100 characters], 4, '', 'http://137.116.50.209/', '', '40.122.167.171', 1633488542);
INSERT INTO `watchdog` (`wid`, `uid`, `type`, `message`, `variables`, `severity`, `link`, `location`, `referer`, `hostname`, `timestamp`) VALUES
(3716, 0, 'php', '%type: @message in %function (line %line of %file) @backtrace_string.', 0x[encoded data, 12560 characters], 4, '', 'http://137.116.50.209/', '', '40.122.167.171', 1633488542),
(3717, 0, 'php', '%type: @message in %function (line %line of %file) @backtrace_string.', 0x[encoded data, 15204 characters], 4, '', 'http://137.116.50.209/', '', '40.122.167.171', 1633488542),
(3718, 0, 'php', '%type: @message in %function (line %line of %file) @backtrace_string.', 0x[encoded data, 18116 characters], 4, '', 'http://137.116.50.209/', '', '40.122.167.171', 1633488542);
INSERT INTO `watchdog` (`wid`, `uid`, `type`, `message`, `variables`, `severity`, `link`, `location`, `referer`, `hostname`, `timestamp`) VALUES
(3719, 0, 'php', '%type: @message in %function (line %line of %file) @backtrace_string.', 0x[encoded data, 21464 characters], 4, '', 'http://137.116.50.209/', '', '40.122.167.171', 1633488542),
(3720, 0, 'php', '%type: @message in %function (line %line of %file) @backtrace_string.', 0x[encoded data, 18116 characters], 4, '', 'http://137.116.50.209/', '', '40.122.167.171', 1633488542);
INSERT INTO `watchdog` (`wid`, `uid`, `type`, `message`, `variables`, `severity`, `link`, `location`, `referer`, `hostname`, `timestamp`) VALUES
(3721, 0, 'php', '%type: @message in %function (line %line of %file) @backtrace_string.', 0x[encoded data, 21480 characters], 4, '', 'http://137.116.50.209/', '', '40.122.167.171', 1633488542),
(3722, 0, 'php', '%type: @message in %function (line %line of %file) @backtrace_string.', 0x[encoded data, 17854 characters], 4, '', 'http://137.116.50.209/', '', '40.122.167.171', 1633488542);
INSERT INTO `watchdog` (`wid`, `uid`, `type`, `message`, `variables`, `severity`, `link`, `location`, `referer`, `hostname`, `timestamp`) VALUES
(3723, 0, 'php', '%type: @message in %function (line %line of %file) @backtrace_string.', 0x[encoded data, 15232 characters], 4, '', 'http://137.116.50.209/', '', '40.122.167.171', 1633488542),
(3724, 0, 'php', '%type: @message in %function (line %line of %file) @backtrace_string.', 0x[encoded data, 13122 characters], 4, '', 'http://137.116.50.209/', '', '135.125.217.54', 1633489606),
(3725, 0, 'php', '%type: @message in %function (line %line of %file) @backtrace_string.', 0x[encoded data, 16298 characters], 4, '', 'http://137.116.50.209/', '', '135.125.217.54', 1633489606);
