{"id":326,"date":"2023-05-04T18:22:53","date_gmt":"2023-05-04T18:22:53","guid":{"rendered":"https:\/\/dev.smk.agency\/hatsu-shop\/?page_id=326"},"modified":"2024-05-29T13:33:23","modified_gmt":"2024-05-29T13:33:23","slug":"politicas-de-cookies","status":"publish","type":"page","link":"https:\/\/dev.smk.agency\/hatsu\/politicas-de-cookies\/","title":{"rendered":"Pol\u00edticas de cookies"},"content":{"rendered":"<p align=\"CENTER\"><span style=\"font-size: medium;\"><b>POL\u00cdTICA DE COOKIES Y OTROS DATOS DE NAVEGACI\u00d3N<\/b><\/span><\/p>\n<p align=\"CENTER\"><span style=\"font-size: medium;\"><b>POSTOB\u00d3N S.A.<\/b><\/span><\/p>\n<p align=\"JUSTIFY\"><span style=\"font-size: medium;\">Postob\u00f3n S.A., identificada con el NIT 890903939 &#8211; 5, en adelante Postob\u00f3n o la Compa\u00f1\u00eda, le informa acerca del uso de las cookies en su p\u00e1gina web: <a href=\"https:\/\/hatsu.co\/\" target=\"_blank\" rel=\"noopener\">https:\/\/hatsu.co\/<\/a> y dem\u00e1s aplicaciones m\u00f3viles, en adelante denominadas de forma com\u00fan como el Portal.<\/span><\/p>\n<ol>\n<li>\n<p align=\"JUSTIFY\"><span style=\"font-size: medium;\"><b>\u00bfQU\u00c9 SON LAS COOKIES?<\/b><\/span><\/p>\n<\/li>\n<\/ol>\n<p align=\"JUSTIFY\"><span style=\"font-size: medium;\">Una cookie es un archivo que crea un sitio web para obtener peque\u00f1as cantidades de datos (nombre, correo electr\u00f3nico, fecha de nacimiento, n\u00famero de tel\u00e9fono, entre otros) del usuario que est\u00e1 navegando. La cookie se instala en el navegador del usuario habilitando al administrador del sitio web la consulta de informaci\u00f3n almacenada por la cookie.<\/span><\/p>\n<p align=\"JUSTIFY\"><span style=\"font-size: medium;\">Sus principales funciones son:<\/span><\/p>\n<ol type=\"a\">\n<li>\n<p align=\"JUSTIFY\"><span style=\"font-size: medium;\">Ayudar al usuario donde las credenciales de acceso del usuario son almacenadas, con el objetivo de hacer m\u00e1s \u00e1gil el acceso en caso de ingresar nuevamente al Portal. <\/span><\/p>\n<\/li>\n<li>\n<p align=\"JUSTIFY\"><span style=\"font-size: medium;\">Recopilar informaci\u00f3n sobre la navegaci\u00f3n realizada por el usuario y diagnosticar posibles fallos en el Portal, mejorando as\u00ed la usabilidad.<\/span><\/p>\n<\/li>\n<\/ol>\n<p align=\"JUSTIFY\"><span style=\"font-size: medium;\">La informaci\u00f3n recopilada y almacenada por las cookies corresponde a informaci\u00f3n de la navegaci\u00f3n y como tal no pueden leer ni acceder a ning\u00fan tipo de informaci\u00f3n del ordenador del usuario. Solo guardan informaci\u00f3n sobre la navegaci\u00f3n.<\/span><\/p>\n<ol start=\"2\">\n<li>\n<p align=\"JUSTIFY\"><span style=\"font-size: medium;\"><b>TIPOS DE COOKIES:<\/b><\/span><\/p>\n<\/li>\n<\/ol>\n<p align=\"JUSTIFY\"><span style=\"font-size: medium;\">Existen m\u00faltiples clasificaciones para las cookies seg\u00fan diversos criterios de funcionalidad o aplicabilidad seg\u00fan se describe a continuaci\u00f3n<\/span><\/p>\n<ol type=\"a\">\n<li>\n<p align=\"JUSTIFY\"><span style=\"font-size: medium;\">Seg\u00fan su relaci\u00f3n con la informaci\u00f3n del usuario<\/span><\/p>\n<\/li>\n<\/ol>\n<ul>\n<li style=\"list-style-type: none;\">\n<ul>\n<li>\n<p align=\"JUSTIFY\"><span style=\"font-size: medium;\">Cookies de entrada de usuario.<\/span><\/p>\n<\/li>\n<li>\n<p align=\"JUSTIFY\"><span style=\"font-size: medium;\">Cookies de identificaci\u00f3n o autenticaci\u00f3n del usuario. (\u00fanicamente de sesi\u00f3n).<\/span><\/p>\n<\/li>\n<li>\n<p align=\"JUSTIFY\"><span style=\"font-size: medium;\">Cookies de seguridad del usuario.<\/span><\/p>\n<\/li>\n<li>\n<p align=\"JUSTIFY\"><span style=\"font-size: medium;\">Cookies de reproductor multimedia.<\/span><\/p>\n<\/li>\n<li>\n<p align=\"JUSTIFY\"><span style=\"font-size: medium;\">Cookies de sesi\u00f3n para equilibrar la carga.<\/span><\/p>\n<\/li>\n<li>\n<p align=\"JUSTIFY\"><span style=\"font-size: medium;\">Cookies de personalizaci\u00f3n de la interfaz de usuario.<\/span><\/p>\n<\/li>\n<li>\n<p align=\"JUSTIFY\"><span style=\"font-size: medium;\">Cookies de complemento (plug-in) para intercambiar contenidos sociales<\/span><\/p>\n<\/li>\n<\/ul>\n<\/li>\n<\/ul>\n<ol start=\"2\" type=\"a\">\n<li>\n<p align=\"JUSTIFY\"><span style=\"font-size: medium;\">Seg\u00fan el tiempo en que permanecen activadas:<\/span><\/p>\n<\/li>\n<\/ol>\n<ul>\n<li style=\"list-style-type: none;\">\n<ul>\n<li>\n<p align=\"JUSTIFY\"><span style=\"font-size: medium;\">Cookies de sesi\u00f3n: esta permanece activa \u00fanicamente el tiempo que dura la sesi\u00f3n del usuario, no almacena ning\u00fan dato en su navegador ni disco duro. Es utilizada para analizar la navegaci\u00f3n del usuario y ofrecer mejor experiencia.<\/span><\/p>\n<\/li>\n<\/ul>\n<\/li>\n<\/ul>\n<ul>\n<li style=\"list-style-type: none;\">\n<ul>\n<li>\n<p align=\"JUSTIFY\"><span style=\"font-size: medium;\">Cookies permanentes: estas se almacenan en el navegador y se activan cada vez que se realiza una nueva visita al sitio web. Tienen una fecha de expiraci\u00f3n concreta y despu\u00e9s de esta fecha expiran a no ser que se muestre de nuevo el aviso al usuario y este acepte.<\/span><\/p>\n<\/li>\n<\/ul>\n<\/li>\n<\/ul>\n<ol start=\"3\" type=\"a\">\n<li>\n<p align=\"JUSTIFY\"><span style=\"font-size: medium;\">Seg\u00fan su finalidad:<\/span><\/p>\n<\/li>\n<\/ol>\n<ul>\n<li style=\"list-style-type: none;\">\n<ul>\n<li>\n<p align=\"JUSTIFY\"><span style=\"font-size: medium;\">T\u00e9cnicas: son las m\u00e1s necesarias para que el usuario pueda hacer un uso normal de la p\u00e1gina web. Por ejemplo, son las que permiten que un usuario inicie sesi\u00f3n, compartir contenido en redes sociales, entre otras.<\/span><\/p>\n<\/li>\n<li>\n<p align=\"JUSTIFY\"><span style=\"font-size: medium;\">De Personalizaci\u00f3n: estas cookies permiten que los usuarios elijan algunas de las caracter\u00edsticas de la web por la que est\u00e1n navegando, como por ejemplo elegir el idioma del sitio.<\/span><\/p>\n<\/li>\n<li>\n<p align=\"JUSTIFY\"><span style=\"font-size: medium;\">De An\u00e1lisis: son las que permiten al nuestro sitio web conocer las preferencias de los usuarios y estudiar la navegaci\u00f3n de los mismos.<\/span><\/p>\n<\/li>\n<li>\n<p align=\"JUSTIFY\"><span style=\"font-size: medium;\">Publicitarias: estudian el comportamiento de los usuarios para poder ofrecerles despu\u00e9s publicidad relacionada con lo que se supone que interesa a su perfil.<\/span><\/p>\n<\/li>\n<\/ul>\n<\/li>\n<\/ul>\n<ol start=\"4\" type=\"a\">\n<li>\n<p align=\"JUSTIFY\"><span style=\"font-size: medium;\">Seg\u00fan la entidad que las gestione:<\/span><\/p>\n<\/li>\n<\/ol>\n<ul>\n<li style=\"list-style-type: none;\">\n<ul>\n<li>\n<p align=\"JUSTIFY\"><span style=\"font-size: medium;\">Propias: Son aqu\u00e9llas que se env\u00edan al equipo terminal del usuario desde un equipo o dominio gestionado por el propio editor y desde el que se presta el servicio solicitado por el usuario.<\/span><\/p>\n<\/li>\n<li>\n<p align=\"JUSTIFY\"><span style=\"font-size: medium;\">De terceros: son las cookies que se instalan por otra entidad que no es el editor del sitio, sino por otra entidad que trata los datos a trav\u00e9s de las cookies, por ejemplo, Google Analytics.<\/span><\/p>\n<\/li>\n<\/ul>\n<\/li>\n<\/ul>\n<ol start=\"5\" type=\"a\">\n<li>\n<p align=\"JUSTIFY\"><span style=\"font-size: medium;\">Cookies gestionadas en el sitio web<\/span><\/p>\n<\/li>\n<\/ol>\n<p>&nbsp;<\/p>\n<ol start=\"3\">\n<li>\n<p align=\"JUSTIFY\"><span style=\"font-size: medium;\"><b>\u00bfC\u00d3MO DESHABILITAR LAS COOKIES?<\/b><\/span><\/p>\n<\/li>\n<\/ol>\n<p align=\"JUSTIFY\"><span style=\"font-size: medium;\">Puede permitir, bloquear o eliminar las cookies instaladas en su equipo mediante la configuraci\u00f3n de las opciones de su navegador de internet. En el caso en que las bloquee, es posible que ciertos servicios que necesitan su uso no est\u00e9n disponibles para usted.<\/span><\/p>\n<p align=\"JUSTIFY\"><span style=\"font-size: medium;\">A continuaci\u00f3n, le ofrecemos enlaces en los que encontrar\u00e1 informaci\u00f3n sobre c\u00f3mo puede activar sus preferencias en los principales navegadores:<\/span><\/p>\n<div class=\"scroll-table\">\n<dl>\n<dd>\n<table border=\"1\" width=\"741\" cellspacing=\"0\" cellpadding=\"10\">\n<tbody>\n<tr valign=\"TOP\">\n<td bgcolor=\"#f2f2f2\" width=\"141\">\n<p align=\"CENTER\"><span style=\"font-size: medium;\"><b>NAVEGADOR<\/b><\/span><\/p>\n<\/td>\n<td bgcolor=\"#f2f2f2\" width=\"558\">\n<p align=\"CENTER\"><span style=\"font-size: medium;\"><b>DIRECCI\u00d3N URL<\/b><\/span><\/p>\n<\/td>\n<\/tr>\n<tr valign=\"TOP\">\n<td width=\"141\">\n<p align=\"JUSTIFY\"><span style=\"font-size: medium;\">Google Chrome<\/span><\/p>\n<\/td>\n<td width=\"558\">\n<p align=\"JUSTIFY\"><a href=\"https:\/\/support.google.com\/chrome\/answer\/95647?hl=es\" target=\"_blank\" rel=\"noopener\"><span style=\"font-size: medium;\">https:\/\/support.google.com\/chrome\/answer\/95647?hl=es<\/span><\/a><\/p>\n<\/td>\n<\/tr>\n<tr valign=\"TOP\">\n<td width=\"141\">\n<p align=\"JUSTIFY\"><span style=\"font-size: medium;\">Mozilla Firefox<\/span><\/p>\n<\/td>\n<td width=\"558\">\n<p align=\"JUSTIFY\"><a href=\"https:\/\/support.mozilla.org\/es\/kb\/cookies-informacion-que-los-sitios-web-guardan-en-?redirectlocale=en-US&amp;redirectslug=Cookies\" target=\"_blank\" rel=\"noopener\"><span style=\"font-size: medium;\">https:\/\/support.mozilla.org\/es\/kb\/cookies-informacion-que-los-sitios-web-guardan-en-?redirectlocale=en-US&amp;redirectslug=Cookies<\/span><\/a><\/p>\n<\/td>\n<\/tr>\n<tr valign=\"TOP\">\n<td width=\"141\">\n<p align=\"JUSTIFY\"><span style=\"font-size: medium;\">Internet Explorer<\/span><\/p>\n<\/td>\n<td width=\"558\">\n<p align=\"JUSTIFY\"><a href=\"https:\/\/support.microsoft.com\/es-es\/help\/196955\" target=\"_blank\" rel=\"noopener\"><span style=\"font-size: medium;\">https:\/\/support.microsoft.com\/es-es\/help\/196955<\/span><\/a><\/p>\n<\/td>\n<\/tr>\n<tr valign=\"TOP\">\n<td width=\"141\">\n<p align=\"JUSTIFY\"><span style=\"font-size: medium;\">Safari para IOS<\/span><\/p>\n<\/td>\n<td width=\"558\">\n<p align=\"JUSTIFY\"><a href=\"https:\/\/support.apple.com\/es-es\/HT201265\" target=\"_blank\" rel=\"noopener\"><span style=\"font-size: medium;\">https:\/\/support.apple.com\/es-es\/HT201265<\/span><\/a><\/p>\n<\/td>\n<\/tr>\n<tr valign=\"TOP\">\n<td width=\"141\">\n<p align=\"JUSTIFY\"><span style=\"font-size: medium;\">Cookies Flash<\/span><\/p>\n<\/td>\n<td width=\"558\">\n<p align=\"JUSTIFY\"><a href=\"http:\/\/www.macromedia.com\/support\/documentation\/es\/flashplayer\/help\/settings_manager07.html\" target=\"_blank\" rel=\"noopener\"><span style=\"font-size: medium;\">http:\/\/www.macromedia.com\/support\/documentation\/es\/flashplayer\/help\/settings_manager07.html<\/span><\/a><\/p>\n<\/td>\n<\/tr>\n<\/tbody>\n<\/table>\n<\/dd>\n<\/dl>\n<\/div>\n<p align=\"JUSTIFY\"><span style=\"font-size: medium;\">Postob\u00f3n recomienda no aceptar cookies de terceros no validadas previamente en la presente pol\u00edtica<\/span><\/p>\n<ol start=\"4\">\n<li>\n<p align=\"JUSTIFY\"><span style=\"font-size: medium;\"><b>OTROS DATOS DE NAVEGACI\u00d3N:<\/b><\/span><\/p>\n<\/li>\n<\/ol>\n<ul>\n<li style=\"list-style-type: none;\">\n<ul>\n<li>\n<p align=\"JUSTIFY\"><span style=\"font-size: medium;\">Respecto al uso de balizas web:<\/span><\/p>\n<\/li>\n<\/ul>\n<\/li>\n<\/ul>\n<p align=\"JUSTIFY\"><span style=\"font-size: medium;\">Eventualmente, Postob\u00f3n podr\u00e1 hacer uso en sus aplicaciones de \u201cbalizas web\u201d (tambi\u00e9n conocidas como \u201cetiquetas de internet\u201d, \u201cetiquetas de p\u00edxeles\u201d o \u201cGIF transparentes\u201d). Estas balizas web permiten a terceros obtener informaci\u00f3n como la direcci\u00f3n de IP del ordenador que haya descargado el Portal en la que se encuentre la baliza, la URL de la p\u00e1gina en la que est\u00e9 la baliza, la hora en que se visualiz\u00f3 el Portal donde est\u00e9 la baliza, el tipo de navegador utilizado y la informaci\u00f3n de las cookies establecidas por dicho tercero. <\/span><\/p>\n<ul>\n<li style=\"list-style-type: none;\">\n<ul>\n<li>\n<p align=\"JUSTIFY\"><span style=\"font-size: medium;\">Respecto al uso de direcciones IP (Internet Protocol)<\/span><\/p>\n<\/li>\n<\/ul>\n<\/li>\n<\/ul>\n<p align=\"JUSTIFY\"><span style=\"font-size: medium;\">Una direcci\u00f3n de IP es un identificador \u00fanico que algunos dispositivos electr\u00f3nicos emplean para detectarse y comunicarse a trav\u00e9s de internet. Eventualmente al visitar, usar o acceder el Portal, sea est\u00e1 gestionada directamente o trav\u00e9s de un tercero, se podr\u00e1 visualizar la direcci\u00f3n de IP del dispositivo que emplee el usuario o titular de informaci\u00f3n para conectarse a internet. Esta informaci\u00f3n ser utilizada para determinar la ubicaci\u00f3n f\u00edsica general del dispositivo y saber de qu\u00e9 regiones geogr\u00e1ficas proceden los visitantes o usuarios del Portal con miras a facilitar o permitir la prestaci\u00f3n de un servicio, por ejemplo, para la georreferenciaci\u00f3n del usuario o titular de la informaci\u00f3n.<\/span><\/p>\n<ol start=\"5\">\n<li>\n<p align=\"JUSTIFY\"><span style=\"font-size: medium;\"><b>ACEPTACI\u00d3N DE LA PRESENTE POL\u00cdTICA<\/b><\/span><\/p>\n<\/li>\n<\/ol>\n<p align=\"JUSTIFY\"><span style=\"font-size: medium;\">Con su manifestaci\u00f3n expresa de la aceptaci\u00f3n del mensaje de informaci\u00f3n y autorizaci\u00f3n que se despliega al inicio de su navegaci\u00f3n en el Portal, as\u00ed como con su navegaci\u00f3n a trav\u00e9s de la misma, Postob\u00f3n asume que usted acepta de previa, expresa e informada el uso de cookies. Sin embargo, la solicitud de aceptaci\u00f3n de la presente pol\u00edtica se desplegar\u00e1 en la parte inferior o superior del Portal y en cada inicio de sesi\u00f3n o navegaci\u00f3n con el objeto de que usted tenga un conocimiento claro e informado del presente contenido.<\/span><\/p>\n<ol start=\"6\">\n<li>\n<p align=\"JUSTIFY\"><span style=\"font-size: medium;\"><b>ACTUALIZACIONES Y CAMBIOS DE LA PRESENTE POL\u00cdTICA<\/b><\/span><\/p>\n<\/li>\n<\/ol>\n<p align=\"JUSTIFY\"><span style=\"font-size: medium;\">El Portal puede modificar esta Pol\u00edtica de Cookies en funci\u00f3n de exigencias legislativas, reglamentarias, funcionales o con la finalidad de adaptar dicha pol\u00edtica a las instrucciones dictadas por la legislaci\u00f3n de Protecci\u00f3n de Datos personales consagradas en la ley 1581 de 2012 y dem\u00e1s normas reglamentarias y complementarias, por ello se aconseja a los usuarios que la visiten peri\u00f3dicamente.<\/span><\/p>\n<ol start=\"7\">\n<li>\n<p align=\"JUSTIFY\"><span style=\"font-size: medium;\"><b>VIGENCIA<\/b><\/span><\/p>\n<\/li>\n<\/ol>\n<p align=\"JUSTIFY\"><span style=\"font-size: medium;\">La presente pol\u00edtica entra en vigencia el d\u00eda (__) del mes (___) del a\u00f1o 2023<\/span><\/p>\n","protected":false},"excerpt":{"rendered":"<p>POL\u00cdTICA DE COOKIES Y OTROS DATOS DE NAVEGACI\u00d3N POSTOB\u00d3N S.A. Postob\u00f3n S.A., identificada con el NIT 890903939 &#8211; 5, en adelante Postob\u00f3n o la Compa\u00f1\u00eda, le informa acerca del uso de las cookies en su p\u00e1gina web: https:\/\/hatsu.co\/ y dem\u00e1s aplicaciones m\u00f3viles, en adelante denominadas de forma com\u00fan como el Portal. \u00bfQU\u00c9 SON LAS COOKIES? [&hellip;]<\/p>\n","protected":false},"author":1,"featured_media":0,"parent":0,"menu_order":0,"comment_status":"closed","ping_status":"closed","template":"templates\/general-policies-template.php","meta":{"footnotes":""},"class_list":["post-326","page","type-page","status-publish","hentry"],"acf":[],"_links":{"self":[{"href":"https:\/\/dev.smk.agency\/hatsu\/wp-json\/wp\/v2\/pages\/326","targetHints":{"allow":["GET"]}}],"collection":[{"href":"https:\/\/dev.smk.agency\/hatsu\/wp-json\/wp\/v2\/pages"}],"about":[{"href":"https:\/\/dev.smk.agency\/hatsu\/wp-json\/wp\/v2\/types\/page"}],"author":[{"embeddable":true,"href":"https:\/\/dev.smk.agency\/hatsu\/wp-json\/wp\/v2\/users\/1"}],"replies":[{"embeddable":true,"href":"https:\/\/dev.smk.agency\/hatsu\/wp-json\/wp\/v2\/comments?post=326"}],"version-history":[{"count":17,"href":"https:\/\/dev.smk.agency\/hatsu\/wp-json\/wp\/v2\/pages\/326\/revisions"}],"predecessor-version":[{"id":1986,"href":"https:\/\/dev.smk.agency\/hatsu\/wp-json\/wp\/v2\/pages\/326\/revisions\/1986"}],"wp:attachment":[{"href":"https:\/\/dev.smk.agency\/hatsu\/wp-json\/wp\/v2\/media?parent=326"}],"curies":[{"name":"wp","href":"https:\/\/api.w.org\/{rel}","templated":true}]}}